000
CXAK56 PAFC 251257 RRA
CF6BET

PRELIMINARY LOCAL CLIMATOLOGICAL DATA (WS FORM: F-6)

                                          STATION:   BETHEL
                                          MONTH:     APRIL
                                          YEAR:      2018
                                          LATITUDE:   60 46 N
                                          LONGITUDE: 161 48 W

  TEMPERATURE IN F:       :PCPN:    SNOW:  WIND      :SUNSHINE: SKY     :PK WND
================================================================================
1   2   3   4   5  6A  6B    7    8   9   10  11  12  13   14  15   16   17  18
                                     12Z  AVG MX 2MIN
DY MAX MIN AVG DEP HDD CDD  WTR  SNW DPTH SPD SPD DIR MIN PSBL S-S WX    SPD DR
================================================================================

 1  36  28  32  13  33   0 0.00  0.0    5 14.6 25  20   M    M   5 12     30  20
 2  33  22  28   8  37   0 0.00  0.0    5 17.7 25  20   M    M   0        32  20
 3  30  15  23   3  42   0    T    T    5 14.7 27  20   M    M   0        37  20
 4  23   9  16  -4  49   0 0.00  0.0    5 20.4 29  20   M    M   3        33  20
 5  26  11  19  -2  46   0 0.00  0.0    5  8.0 14 210   M    M   6         M  M
 6  28   6  17  -5  48   0 0.00  0.0    5  5.8  9 170   M    M   4         M  M
 7  28   8  18  -4  47   0 0.00  0.0    5 13.6 25  20   M    M   0        28  20
 8  34  17  26   3  39   0 0.00  0.0    4 10.2 16  30   M    M   0 1      20  30
 9  46  18  32   9  33   0 0.00  0.0    4  9.4 16  60   M    M   6 1       M  M
10  37  30  34  10  31   0 0.01  0.1    4 14.4 22  10   M    M   6        26  20
11  38  27  33   9  32   0 0.00  0.0    3  8.8 16 340   M    M   5        19 340
12  49  32  41  16  24   0    T  0.0    3  7.5 15  90   M    M   5        19  80
13  44  31  38  13  27   0 0.00  0.0    2  5.3 10 320   M    M   7        12 270
14  38  31  35   9  30   0 0.01  0.1    1  5.8 17 160   M    M  10 12     21 160
15  41  33  37  11  28   0 0.34  0.0    T 10.2 21 170   M    M  10 1      25 160
16  39  30  35   8  30   0 0.06  0.0    T  7.8 14 180   M    M  10 1       M  M
17  45  28  37   9  28   0 0.00  0.0    T 11.3 22 110   M    M   5        29 100
18  49  35  42  14  23   0 0.00  0.0    T 14.9 24  60   M    M   3        29  60
19  50  30  40  11  25   0 0.00  0.0    T  9.6 17 360   M    M   2        20  10
20  42  29  36   7  29   0 0.00  0.0    T  6.9 13  10   M    M   5         M  M
21  46  29  38   8  27   0 0.04  0.4    0  8.5 13 110   M    M   9 1       M  M
22  52  32  42  11  23   0    T    T    T 16.3 26  80   M    M   5 1      35  90
23  42  30  36   5  29   0 0.02    T    T 11.5 16 150   M    M   7 1      23 100
24  43  33  38   6  27   0 0.26    T    T 24.5 37 170   M    M  10 1      45 170
================================================================================
SM  939  594       787   0  0.74     0.6 277.7          M      123
================================================================================
AV 39.1 24.8                              11.6 FASTST   M    M   5    MAX(MPH)
                                 MISC ---->  # 37 170               # 45  170
================================================================================
NOTES:
# LAST OF SEVERAL OCCURRENCES

COLUMN 17 PEAK WIND IN M.P.H.

PRELIMINARY LOCAL CLIMATOLOGICAL DATA (WS FORM: F-6) , PAGE 2

                                          STATION:  BETHEL
                                          MONTH:    APRIL
                                          YEAR:     2018
                                          LATITUDE:   60 46 N
                                          LONGITUDE: 161 48 W

[TEMPERATURE DATA]      [PRECIPITATION DATA]       SYMBOLS USED IN COLUMN 16

AVERAGE MONTHLY: 31.9   TOTAL FOR MONTH:   0.74    1 = FOG OR MIST
DPTR FM NORMAL:   6.7   DPTR FM NORMAL:    0.17    2 = FOG REDUCING VISIBILITY
HIGHEST:    52 ON 22    GRTST 24HR  0.34 ON 15-15      TO 1/4 MILE OR LESS
LOWEST:      6 ON  6                               3 = THUNDER
                        SNOW, ICE PELLETS, HAIL    4 = ICE PELLETS
                        TOTAL MONTH:   0.6 INCH    5 = HAIL
                        GRTST 24HR   0.4 ON 21-21  6 = FREEZING RAIN OR DRIZZLE
                        GRTST DEPTH:   5 ON  7, 6  7 = DUSTSTORM OR SANDSTORM:
                                                       VSBY 1/2 MILE OR LESS
                                                   8 = SMOKE OR HAZE
[NO. OF DAYS WITH]      [WEATHER - DAYS WITH]      9 = BLOWING SNOW
                                                   X = TORNADO
MAX 32 OR BELOW:   5    0.01 INCH OR MORE:   7
MAX 90 OR ABOVE:   0    0.10 INCH OR MORE:   2
MIN 32 OR BELOW:  21    0.50 INCH OR MORE:   0
MIN  0 OR BELOW:   0    1.00 INCH OR MORE:   0

[HDD (BASE 65) ]
TOTAL THIS MO.   787    CLEAR  (SCALE 0-3)   7
DPTR FM NORMAL  -166    PTCLDY (SCALE 4-7)  12
TOTAL FM JUL 1  9350    CLOUDY (SCALE 8-10)  5
DPTR FM NORMAL -1885

[CDD (BASE 65) ]
TOTAL THIS MO.     0
DPTR FM NORMAL     0    [PRESSURE DATA]
TOTAL FM JAN 1     0    HIGHEST SLP M ON M
DPTR FM NORMAL     0    LOWEST  SLP 28.82 ON 24

[REMARKS]
