000
CXUS55 KLIX 191000
CF6BTR
PRELIMINARY LOCAL CLIMATOLOGICAL DATA (WS FORM: F-6)

                                          STATION:   BATON ROUGE  ASOS
                                          MONTH:     APRIL
                                          YEAR:      2018
                                          LATITUDE:   30 31 N
                                          LONGITUDE:  91  9 W

  TEMPERATURE IN F:       :PCPN:    SNOW:  WIND      :SUNSHINE: SKY     :PK WND
================================================================================
1   2   3   4   5  6A  6B    7    8   9   10  11  12  13   14  15   16   17  18
                                     12Z  AVG MX 2MIN
DY MAX MIN AVG DEP HDD CDD  WTR  SNW DPTH SPD SPD DIR MIN PSBL S-S WX    SPD DR
================================================================================

 1  78  50  64  -1   1   0 0.00  0.0    0  5.7 14 200   M    M   2 12     19 150
 2  83  57  70   5   0   5 0.00  0.0    0  6.6 17 170   M    M   3 18     24 190
 3  85  65  75  10   0  10 0.28  0.0    0 13.4 25 180   M    M   7 13     33 180
 4  72  50  61  -4   4   0 0.21  0.0    0  9.7 22  40   M    M   2 13     27  40
 5  73  44  59  -7   6   0    T    M    0  7.3 15 150   M    M   1        19  70
 6  78  56  67   1   0   2    T  0.0    0 11.1 23 190   M    M   6        30 190
 7  72  44  58  -8   7   0 2.28    M    0  8.1 30  50   M    M  10 138    35  50
 8  57  42  50 -16  15   0    T    M    0  5.6 14  10   M    M  10 18     17 360
 9  71  54  63  -3   2   0 0.00  0.0    0  5.4 14 350   M    M  10 1      20 360
10  75  52  64  -3   1   0    T  0.0    0  8.0 17  30   M    M   3        23 320
11  77  44  61  -6   4   0 0.00  0.0    0  5.1 13 170   M    M   0        19  60
12  81  49  65  -2   0   0    T    M    0  8.7 18 180   M    M   0 18     27 160
13  82  64  73   6   0   8    T  0.0    0 13.1 24 150   M    M   9        29 130
14  75  51  63  -5   2   0 2.04  0.0    0  9.4 31 310   M    M  10 138    42 320
15  61  46  54 -14  11   0 0.00  0.0    0 10.2 23 280   M    M   0        31 280
16  71  42  57 -11   8   0 0.00  0.0    0  4.9 15 270   M    M   0        18 270
17  80  47  64  -4   1   0 0.00  0.0    0  9.4 22 170   M    M   0        26 190
18  82  60  71   2   0   6 0.00  0.0    0  9.6 18 220   M    M   4        22 230
================================================================================
SM 1353  917        62  31  4.81     0.0 151.3          M       77
================================================================================
AV 75.2 50.9                               8.4 FASTST   M    M   4    MAX(MPH)
                                 MISC ---->  # 31 310               # 42  320
================================================================================
NOTES:
# LAST OF SEVERAL OCCURRENCES

COLUMN 17 PEAK WIND IN M.P.H.

PRELIMINARY LOCAL CLIMATOLOGICAL DATA (WS FORM: F-6) , PAGE 2

                                          STATION:  BATON ROUGE  ASOS
                                          MONTH:    APRIL
                                          YEAR:     2018
                                          LATITUDE:   30 31 N
                                          LONGITUDE:  91  9 W

[TEMPERATURE DATA]      [PRECIPITATION DATA]       SYMBOLS USED IN COLUMN 16

AVERAGE MONTHLY: 63.1   TOTAL FOR MONTH:   4.81    1 = FOG OR MIST
DPTR FM NORMAL:  -3.6   DPTR FM NORMAL:    2.04    2 = FOG REDUCING VISIBILITY
HIGHEST:    85 ON  3    GRTST 24HR  2.28 ON  7- 7      TO 1/4 MILE OR LESS
LOWEST:     42 ON 16, 8                            3 = THUNDER
                        SNOW, ICE PELLETS, HAIL    4 = ICE PELLETS
                        TOTAL MONTH:   0.0 INCH    5 = HAIL
                        GRTST 24HR     0.0         6 = FREEZING RAIN OR DRIZZLE
                        GRTST DEPTH:   0           7 = DUSTSTORM OR SANDSTORM:
                                                       VSBY 1/2 MILE OR LESS
                                                   8 = SMOKE OR HAZE
[NO. OF DAYS WITH]      [WEATHER - DAYS WITH]      9 = BLOWING SNOW
                                                   X = TORNADO
MAX 32 OR BELOW:   0    0.01 INCH OR MORE:   4
MAX 90 OR ABOVE:   0    0.10 INCH OR MORE:   4
MIN 32 OR BELOW:   0    0.50 INCH OR MORE:   2
MIN  0 OR BELOW:   0    1.00 INCH OR MORE:   2

[HDD (BASE 65) ]
TOTAL THIS MO.    62    CLEAR  (SCALE 0-3)  10
DPTR FM NORMAL    20    PTCLDY (SCALE 4-7)   3
TOTAL FM JUL 1  1477    CLOUDY (SCALE 8-10)  5
DPTR FM NORMAL   -67

[CDD (BASE 65) ]
TOTAL THIS MO.    31
DPTR FM NORMAL   -39    [PRESSURE DATA]
TOTAL FM JAN 1   231    HIGHEST SLP M ON M
DPTR FM NORMAL    72    LOWEST  SLP 29.67 ON  7

[REMARKS]
