000
CXUS55 KBOU 200900
CF6CCU
PRELIMINARY LOCAL CLIMATOLOGICAL DATA (WS FORM: F-6)

                                          STATION:   COPPER MTN/RED CLIFF
                                          MONTH:     MAY
                                          YEAR:      2018
                                          LATITUDE:   39 28 N
                                          LONGITUDE: 106  9 W

  TEMPERATURE IN F:       :PCPN:    SNOW:  WIND      :SUNSHINE: SKY     :PK WND
================================================================================
1   2   3   4   5  6A  6B    7    8   9   10  11  12  13   14  15   16   17  18
                                     12Z  AVG MX 2MIN
DY MAX MIN AVG DEP HDD CDD  WTR  SNW DPTH SPD SPD DIR MIN PSBL S-S WX    SPD DR
================================================================================

 1  37  32  35   M  30   0    M    M    M 14.3 22 110   M    M   5 3      31 170
 2  37  28  33   M  32   0    M    M    M 11.2 24 130   M    M   9 1238   29 130
 3  34  25  30   M  35   0    M    M    M 14.7 23 280   M    M  10 12     30 300
 4  41  28  35   M  30   0    M    M    M  6.4 12 250   M    M   6 12     16 310
 5  48  34  41   M  24   0    M    M    M  6.2 13 260   M    M   2        22 330
 6  52  37  45   M  20   0    M    M    M  9.6 15 290   M    M   3        32 300
 7  52  43  48   M  17   0    M    M    M 15.8 24 240   M    M   3        41 260
 8  54  37  46   M  19   0    M    M    M 16.3 30 290   M    M   0        39 290
 9  54  41  48   M  17   0    M    M    M 11.8 22 260   M    M   3        31 300
10  54  45  50   M  15   0    M    M    M 14.1 25 250   M    M   3        33 250
11  52  45  49   M  16   0    M    M    M 13.2 30 250   M    M   2        39 250
12  54  41  48   M  17   0    M    M    M 16.8 24 150   M    M   3 3      38 160
13  52  39  46   M  19   0    M    M    M 11.2 25 140   M    M   6        30 140
14  48  37  43   M  22   0    M    M    M  7.8 17 270   M    M   3 3      25 260
15  54  36  45   M  20   0    M    M    M 10.8 20 260   M    M   2 3      25 260
16  55  37  46   M  19   0    M    M    M  7.9 13 240   M    M   2        21 240
17  54  45  50   M  15   0    M    M    M 11.0 18 250   M    M   2        27 140
18  54  36  45   M  20   0    M    M    M  8.3 24 140   M    M   4 3      36 120
19  45  34  40   M  25   0    M    M    M  6.8 16 170   M    M   5 138     M  M
================================================================================
SM  931  700       412   0    M     M    214.2          M       73
================================================================================
AV 49.0 36.8                              11.3 FASTST   M    M   4    MAX(MPH)
                                 MISC ---->  # 30 290               # 41  260
================================================================================
NOTES:
# LAST OF SEVERAL OCCURRENCES

COLUMN 17 PEAK WIND IN M.P.H.

PRELIMINARY LOCAL CLIMATOLOGICAL DATA (WS FORM: F-6) , PAGE 2

                                          STATION:  COPPER MTN/RED CLIFF
                                          MONTH:    MAY
                                          YEAR:     2018
                                          LATITUDE:   39 28 N
                                          LONGITUDE: 106  9 W

[TEMPERATURE DATA]      [PRECIPITATION DATA]       SYMBOLS USED IN COLUMN 16

AVERAGE MONTHLY: 42.9   TOTAL FOR MONTH:      M    1 = FOG OR MIST
DPTR FM NORMAL:     M   DPTR FM NORMAL:       M    2 = FOG REDUCING VISIBILITY
HIGHEST:    55 ON 16    GRTST 24HR    M  ON   M        TO 1/4 MILE OR LESS
LOWEST:     25 ON  3                               3 = THUNDER
                        SNOW, ICE PELLETS, HAIL    4 = ICE PELLETS
                        TOTAL MONTH:    M          5 = HAIL
                        GRTST 24HR    M  ON   M    6 = FREEZING RAIN OR DRIZZLE
                        GRTST DEPTH:  M  ON   M    7 = DUSTSTORM OR SANDSTORM:
                                                       VSBY 1/2 MILE OR LESS
                                                   8 = SMOKE OR HAZE
[NO. OF DAYS WITH]      [WEATHER - DAYS WITH]      9 = BLOWING SNOW
                                                   X = TORNADO
MAX 32 OR BELOW:   0    0.01 INCH OR MORE:   0
MAX 90 OR ABOVE:   0    0.10 INCH OR MORE:   0
MIN 32 OR BELOW:   4    0.50 INCH OR MORE:   0
MIN  0 OR BELOW:   0    1.00 INCH OR MORE:   0

[HDD (BASE 65) ]
TOTAL THIS MO.   412    CLEAR  (SCALE 0-3)   8
DPTR FM NORMAL     M    PTCLDY (SCALE 4-7)   9
TOTAL FM JUL 1  6831    CLOUDY (SCALE 8-10)  2
DPTR FM NORMAL     M

[CDD (BASE 65) ]
TOTAL THIS MO.     0
DPTR FM NORMAL     M    [PRESSURE DATA]
TOTAL FM JAN 1     0    HIGHEST SLP M ON M
DPTR FM NORMAL     M    LOWEST  SLP M ON M

[REMARKS]
