000
CXUS53 KARX 210930
CF6CMY
PRELIMINARY LOCAL CLIMATOLOGICAL DATA (WS FORM: F-6)

                                          STATION:   SPARTA - FORT MCCOY WI
                                          MONTH:     APRIL
                                          YEAR:      2018
                                          LATITUDE:   43 58 N
                                          LONGITUDE:  90 44 W

  TEMPERATURE IN F:       :PCPN:    SNOW:  WIND      :SUNSHINE: SKY     :PK WND
================================================================================
1   2   3   4   5  6A  6B    7    8   9   10  11  12  13   14  15   16   17  18
                                     12Z  AVG MX 2MIN
DY MAX MIN AVG DEP HDD CDD  WTR  SNW DPTH SPD SPD DIR MIN PSBL S-S WX    SPD DR
================================================================================

 1  35  11  23   M  42   0 0.00  0.0    0  7.0 14 290   M    M   0        22 290
 2  38  10  24   M  41   0 0.00  0.0    0  4.0 10 170   M    M   5        16  70
 3  32  26  29   M  36   0 0.05    M    M  9.2 14  60   M    M   9 1      22  70
 4  30  10  20   M  45   0    M    M    M  9.8 16 300   M    M   0        21 310
 5  42   0  21   M  44   0 0.00    M    M  2.0  7 250   M    M   4         M  M
 6  35  15  25   M  40   0 0.00  0.0    M 12.9 21 300   M    M   4        30 300
 7  33  12  23   M  42   0 0.00  0.0    M  7.3 16 310   M    M   3        21 310
 8  37   5  21   M  44   0    M    M    M  1.2  7 150   M    M   4         M  M
 9  41  19  30   M  35   0    M    M    M  2.4  9 310   M    M   6         M  M
10  39  19  29   M  36   0 0.00  0.0    M  4.5  9 270   M    M   9         M  M
11  54  20  37   M  28   0 0.14    M    0  4.3 10 140   M    M   4         M  M
12  55  39  47   M  18   0 0.01    M    0  5.8 10 300   M    M   6 1      18 310
13  42  32  37   M  28   0 1.34    M    0 13.4 22  50   M    M  10 3      29  50
14  32  23  28   M  37   0    M  0.0    0 19.8 30  70   M    M  10 18     43  70
15  26  23  25   M  40   0    M    M    M  9.6 15  10   M    M   5 1      22  60
16  32  24  28   M  37   0    M    M    M 11.0 18 310   M    M   3        27 320
17  41  26  34   M  31   0 0.63    M    M  8.0 14  30   M    M   7        21 330
18  34  21  28   M  37   0    M    M    M  6.1 13  40   M    M   8 1      20  40
19  49   8  29   M  36   0 0.00  0.0    M  2.4  9 300   M    M   0 1       M  M
20  55  16  36   M  29   0 0.00  0.0    M  1.4  7 250   M    M   0         M  M
================================================================================
SM  782  359       726   0  2.17     0.0 142.1          M       97
================================================================================
AV 39.1 18.0                               7.1 FASTST   M    M   5    MAX(MPH)
                                 MISC ---->  # 30  70               # 43   70
================================================================================
NOTES:
# LAST OF SEVERAL OCCURRENCES

COLUMN 17 PEAK WIND IN M.P.H.

PRELIMINARY LOCAL CLIMATOLOGICAL DATA (WS FORM: F-6) , PAGE 2

                                          STATION:  SPARTA - FORT MCCOY WI
                                          MONTH:    APRIL
                                          YEAR:     2018
                                          LATITUDE:   43 58 N
                                          LONGITUDE:  90 44 W

[TEMPERATURE DATA]      [PRECIPITATION DATA]       SYMBOLS USED IN COLUMN 16

AVERAGE MONTHLY: 28.5   TOTAL FOR MONTH:   2.17    1 = FOG OR MIST
DPTR FM NORMAL:     M   DPTR FM NORMAL:       M    2 = FOG REDUCING VISIBILITY
HIGHEST:    55 ON 20,12 GRTST 24HR  1.34 ON 13-13      TO 1/4 MILE OR LESS
LOWEST:      0 ON  5                               3 = THUNDER
                        SNOW, ICE PELLETS, HAIL    4 = ICE PELLETS
                        TOTAL MONTH:   0.0 INCH    5 = HAIL
                        GRTST 24HR     0.0         6 = FREEZING RAIN OR DRIZZLE
                        GRTST DEPTH:   0           7 = DUSTSTORM OR SANDSTORM:
                                                       VSBY 1/2 MILE OR LESS
                                                   8 = SMOKE OR HAZE
[NO. OF DAYS WITH]      [WEATHER - DAYS WITH]      9 = BLOWING SNOW
                                                   X = TORNADO
MAX 32 OR BELOW:   5    0.01 INCH OR MORE:   5
MAX 90 OR ABOVE:   0    0.10 INCH OR MORE:   3
MIN 32 OR BELOW:  19    0.50 INCH OR MORE:   2
MIN  0 OR BELOW:   1    1.00 INCH OR MORE:   1

[HDD (BASE 65) ]
TOTAL THIS MO.   726    CLEAR  (SCALE 0-3)   6
DPTR FM NORMAL     M    PTCLDY (SCALE 4-7)   9
TOTAL FM JUL 1  7691    CLOUDY (SCALE 8-10)  5
DPTR FM NORMAL     M

[CDD (BASE 65) ]
TOTAL THIS MO.     0
DPTR FM NORMAL     M    [PRESSURE DATA]
TOTAL FM JAN 1     0    HIGHEST SLP M ON M
DPTR FM NORMAL     M    LOWEST  SLP M ON M

[REMARKS]
