000
CXUS55 KOHX 251010
CF6CSV
PRELIMINARY LOCAL CLIMATOLOGICAL DATA (WS FORM: F-6)

                                          STATION:   CROSSVILLE
                                          MONTH:     APRIL
                                          YEAR:      2018
                                          LATITUDE:   35 57 N
                                          LONGITUDE:  85  5 W

  TEMPERATURE IN F:       :PCPN:    SNOW:  WIND      :SUNSHINE: SKY     :PK WND
================================================================================
1   2   3   4   5  6A  6B    7    8   9   10  11  12  13   14  15   16   17  18
                                     12Z  AVG MX 2MIN
DY MAX MIN AVG DEP HDD CDD  WTR  SNW DPTH SPD SPD DIR MIN PSBL S-S WX    SPD DR
================================================================================

 1  66  46  56   4   9   0    T    M    M  3.8 14 270   M    M   9        19 270
 2  64  47  56   4   9   0 0.00    M    M  3.8 13 270   M    M   7 12     19 260
 3  75  56  66  14   0   1 0.71    M    M  9.4 31 280   M    M   4 138    39 310
 4  56  32  44  -9  21   0 0.06    M    M 10.4 24 300   M    M   2 1      38 280
 5  57  28  43 -10  22   0 0.00    M    M  4.5 10  70   M    M   1        13  40
 6  54  42  48  -5  17   0 0.49    M    M  4.2 14 180   M    M   7 18     21 180
 7  47  27  37 -17  28   0 0.03    M    M 10.1 18  20   M    M   8 18     26  20
 8  47  25  36 -18  29   0 0.00    M    M  6.0 12  90   M    M   3 1      16  70
 9  57  37  47  -7  18   0 0.01    M    M  4.8 16 260   M    M   6 18     20 260
10  58  33  46  -8  19   0 0.00  0.0    0  5.1 16 330   M    M   2        22 310
11  63  30  47  -8  18   0 0.00  0.0    0  3.7 15 260   M    M   0 1      20 260
12  75  48  62   7   3   0 0.00  0.0    0  7.4 16 180   M    M   0        30 170
13  75  57  66  11   0   1 0.00  0.0    0  9.2 22 200   M    M   0        38 200
14  68  57  63   7   2   0 1.83  0.0    0  8.1 21 170   M    M   6 1      31 160
15  60  35  48  -8  17   0 1.52    M    0 11.4 31 270   M    M  10 1      40 270
16  35  29  32 -24  33   0 0.02    M    0 10.7 22 270   M    M  10 1      28 290
17  68  27  48  -8  17   0 0.00  0.0    0  7.6 21 270   M    M   0        31 250
18  74  52  63   6   2   0 0.01  0.0    0 10.9 28 260   M    M   3        36 270
19  60  35  48  -9  17   0 0.00  0.0    0 11.3 18 320   M    M   5        36 330
20  65  32  49  -8  16   0 0.00  0.0    0  7.4 14  70   M    M   0         M  M
21  69  39  54  -3  11   0 0.00  0.0    0  4.2 13 140   M    M   0        22 150
22  58  52  55  -3  10   0 0.50  0.0    0  8.0 18 110   0    0   8 1      34 120
23  56  52  54  -4  11   0 1.91    M    M  8.4 17 120   M    M  10 1      27 110
24  61  52  57  -1   8   0 0.21    M    M  6.5 18 270   M    M  10 1      26 210
================================================================================
SM 1468  970       337   2  7.30     0.0 176.9            0    111
================================================================================
AV 61.2 40.4                               7.4 FASTST    0   0   5    MAX(MPH)
                                 MISC ---->  # 31 280               # 40  270
================================================================================
NOTES:
# LAST OF SEVERAL OCCURRENCES

COLUMN 17 PEAK WIND IN M.P.H.

PRELIMINARY LOCAL CLIMATOLOGICAL DATA (WS FORM: F-6) , PAGE 2

                                          STATION:  CROSSVILLE
                                          MONTH:    APRIL
                                          YEAR:     2018
                                          LATITUDE:   35 57 N
                                          LONGITUDE:  85  5 W

[TEMPERATURE DATA]      [PRECIPITATION DATA]       SYMBOLS USED IN COLUMN 16

AVERAGE MONTHLY: 50.8   TOTAL FOR MONTH:   7.30    1 = FOG OR MIST
DPTR FM NORMAL:  -4.3   DPTR FM NORMAL:    3.44    2 = FOG REDUCING VISIBILITY
HIGHEST:    75 ON 13,12 GRTST 24HR  1.91 ON 23-23      TO 1/4 MILE OR LESS
LOWEST:     25 ON  8                               3 = THUNDER
                        SNOW, ICE PELLETS, HAIL    4 = ICE PELLETS
                        TOTAL MONTH:   0.0 INCH    5 = HAIL
                        GRTST 24HR     0.0         6 = FREEZING RAIN OR DRIZZLE
                        GRTST DEPTH:   0           7 = DUSTSTORM OR SANDSTORM:
                                                       VSBY 1/2 MILE OR LESS
                                                   8 = SMOKE OR HAZE
[NO. OF DAYS WITH]      [WEATHER - DAYS WITH]      9 = BLOWING SNOW
                                                   X = TORNADO
MAX 32 OR BELOW:   0    0.01 INCH OR MORE:  12
MAX 90 OR ABOVE:   0    0.10 INCH OR MORE:   7
MIN 32 OR BELOW:   8    0.50 INCH OR MORE:   5
MIN  0 OR BELOW:   0    1.00 INCH OR MORE:   3

[HDD (BASE 65) ]
TOTAL THIS MO.   337    CLEAR  (SCALE 0-3)  11
DPTR FM NORMAL    88    PTCLDY (SCALE 4-7)   6
TOTAL FM JUL 1  4131    CLOUDY (SCALE 8-10)  7
DPTR FM NORMAL    30

[CDD (BASE 65) ]
TOTAL THIS MO.     2
DPTR FM NORMAL    -6    [PRESSURE DATA]
TOTAL FM JAN 1     9    HIGHEST SLP  0.00 ON 22
DPTR FM NORMAL    -1    LOWEST  SLP 29.65 ON 15

[REMARKS]
