601
CXUS56 KSGX 191445
CF6CZZ
PRELIMINARY LOCAL CLIMATOLOGICAL DATA (WS FORM: F-6)

                                          STATION:   CAMPO ASOS CA
                                          MONTH:     MAY
                                          YEAR:      2018
                                          LATITUDE:   32 37 N
                                          LONGITUDE: 116 28 W

  TEMPERATURE IN F:       :PCPN:    SNOW:  WIND      :SUNSHINE: SKY     :PK WND
================================================================================
1   2   3   4   5  6A  6B    7    8   9   10  11  12  13   14  15   16   17  18
                                     12Z  AVG MX 2MIN
DY MAX MIN AVG DEP HDD CDD  WTR  SNW DPTH SPD SPD DIR MIN PSBL S-S WX    SPD DR
================================================================================

 1  50  42  46 -12  19   0 0.00  0.0    0 11.5 21 230   M    M   0        25 230
 2  50  42  46 -12  19   0 0.05    M    0  7.4 15 240   M    M   0        18 220
 3  76  41  59   0   6   0 0.00  0.0    0  8.3 22  50   M    M   0        27  50
 4  86  42  64   5   1   0 0.00  0.0    0 10.3 23  70   M    M   0        30  50
 5  93  43  68   9   0   3 0.00  0.0    0  8.1 22 230   M    M   0        27 240
 6  91  43  67   8   0   2 0.00  0.0    0  8.1 20 230   M    M   0        24 230
 7  84  46  65   6   0   0 0.00  0.0    0  8.1 22 230   M    M   0        25 240
 8  85  43  64   4   1   0 0.00  0.0    0  8.9 22 220   M    M   0        27 210
 9  93  46  70  10   0   5 0.00  0.0    0  7.9 21 210   M    M   0        24 230
10  86  46  66   6   0   1 0.00  0.0    0  9.2 22 220   M    M   0        27 220
11  66  46  56  -4   9   0 0.00  0.0    0 11.6 24 220   M    M   0        29 230
12  62  48  55  -5  10   0 0.00  0.0    0 10.3 20 230   M    M   0        24 230
13  70  39  55  -5  10   0 0.00  0.0    0  8.9 21 210   M    M   0        24 230
14  73  32  53  -8  12   0 0.00  0.0    0  7.6 20 230   M    M   0        25 230
15  76  41  59  -2   6   0 0.00  0.0    0  7.2 21 220   M    M   0        26 230
16  78  37  58  -3   7   0 0.00  0.0    0  8.8 21 220   M    M   0        25 220
17  69  48  59  -2   6   0 0.00  0.0    0  9.5 22 220   M    M   0        28 200
18  70  45  58  -3   7   0 0.00  0.0    0  9.7 22 210   M    M   0        28 230
================================================================================
SM 1358  770       113  11  0.05     0.0 161.4          M        0
================================================================================
AV 75.4 42.8                               9.0 FASTST   M    M   0    MAX(MPH)
                                 MISC ---->  # 24 220               # 30   50
================================================================================
NOTES:
# LAST OF SEVERAL OCCURRENCES

COLUMN 17 PEAK WIND IN M.P.H.

PRELIMINARY LOCAL CLIMATOLOGICAL DATA (WS FORM: F-6) , PAGE 2

                                          STATION:  CAMPO ASOS CA
                                          MONTH:    MAY
                                          YEAR:     2018
                                          LATITUDE:   32 37 N
                                          LONGITUDE: 116 28 W

[TEMPERATURE DATA]      [PRECIPITATION DATA]       SYMBOLS USED IN COLUMN 16

AVERAGE MONTHLY: 59.1   TOTAL FOR MONTH:   0.05    1 = FOG OR MIST
DPTR FM NORMAL:  -0.7   DPTR FM NORMAL:   -0.09    2 = FOG REDUCING VISIBILITY
HIGHEST:    93 ON  9, 5 GRTST 24HR  0.05 ON  2- 2      TO 1/4 MILE OR LESS
LOWEST:     32 ON 14                               3 = THUNDER
                        SNOW, ICE PELLETS, HAIL    4 = ICE PELLETS
                        TOTAL MONTH:   0.0 INCH    5 = HAIL
                        GRTST 24HR     0.0         6 = FREEZING RAIN OR DRIZZLE
                        GRTST DEPTH:   0           7 = DUSTSTORM OR SANDSTORM:
                                                       VSBY 1/2 MILE OR LESS
                                                   8 = SMOKE OR HAZE
[NO. OF DAYS WITH]      [WEATHER - DAYS WITH]      9 = BLOWING SNOW
                                                   X = TORNADO
MAX 32 OR BELOW:   0    0.01 INCH OR MORE:   1
MAX 90 OR ABOVE:   3    0.10 INCH OR MORE:   0
MIN 32 OR BELOW:   1    0.50 INCH OR MORE:   0
MIN  0 OR BELOW:   0    1.00 INCH OR MORE:   0

[HDD (BASE 65) ]
TOTAL THIS MO.   113    CLEAR  (SCALE 0-3)  18
DPTR FM NORMAL     8    PTCLDY (SCALE 4-7)   0
TOTAL FM JUL 1  2405    CLOUDY (SCALE 8-10)  0
DPTR FM NORMAL  -468

[CDD (BASE 65) ]
TOTAL THIS MO.    11
DPTR FM NORMAL    -2    [PRESSURE DATA]
TOTAL FM JAN 1    11    HIGHEST SLP M ON M
DPTR FM NORMAL    -5    LOWEST  SLP 29.74 ON M

[REMARKS]
