000
CXUS54 KFWD 270730
CF6DFW
PRELIMINARY LOCAL CLIMATOLOGICAL DATA (WS FORM: F-6)

                                          STATION:   DALLAS FORT WORTH
                                          MONTH:     MAY
                                          YEAR:      2018
                                          LATITUDE:   32 54 N
                                          LONGITUDE:  97  2 W

  TEMPERATURE IN F:       :PCPN:    SNOW:  WIND      :SUNSHINE: SKY     :PK WND
================================================================================
1   2   3   4   5  6A  6B    7    8   9   10  11  12  13   14  15   16   17  18
                                     12Z  AVG MX 2MIN
DY MAX MIN AVG DEP HDD CDD  WTR  SNW DPTH SPD SPD DIR MIN PSBL S-S WX    SPD DR
================================================================================

 1  80  68  74   4   0   9    T  0.0    0 17.7 26 150   M    M  10        32 150
 2  87  71  79   9   0  14 0.01  0.0    0 18.0 30 190   M    M  10 1      38 160
 3  78  66  72   2   0   7 0.64  0.0    0 13.6 40 250   M    M   8 13     50 250
 4  73  62  68  -2   0   3 0.73  0.0    0  7.8 20 110   M    M   8 13     25 320
 5  82  58  70  -1   0   5 0.00  0.0    0  8.1 18  20   M    M   1 1      25 340
 6  88  58  73   2   0   8 0.00  0.0    0  4.9 10 180   M    M   2        14 170
 7  92  62  77   6   0  12 0.00  0.0    0  7.7 15 170   M    M   4        20 160
 8  90  67  79   7   0  14 0.00  0.0    0 14.6 26 170   M    M   6        33 160
 9  88  67  78   6   0  13 0.00  0.0    0 14.9 25 190   M    M   4        31 190
10  87  65  76   4   0  11 0.00  0.0    0 16.5 25 180   M    M   4        31 170
11  89  70  80   8   0  15 0.00  0.0    0 20.6 31 190   M    M   3        37 170
12  90  73  82   9   0  17 0.00  0.0    0 17.0 26 200   M    M   4        33 190
13  90  72  81   8   0  16 0.00  0.0    0 14.8 22 170   M    M   6        28 130
14  89  73  81   8   0  16 0.00  0.0    0 13.9 24 190   M    M   8        30 190
15  88  72  80   6   0  15    T  0.0    0  9.2 17 130   M    M   8        21 130
16  91  69  80   6   0  15 0.00  0.0    0  8.2 18 340   M    M   6        25 300
17  93  67  80   6   0  15 0.00  0.0    0  5.5 14 120   M    M   4        17 120
18  95  71  83   9   0  18    T  0.0    0 12.7 35 320   M    M   4 13     43 320
19  92  72  82   7   0  17 0.00  0.0    0 15.6 26 170   M    M   6        33 160
20  80  66  73  -2   0   8 0.48  0.0    0  8.8 20 270   M    M   9 13     25 170
21  89  66  78   3   0  13 0.00  0.0    0  3.9 13 140   M    M   7        16 140
22  89  68  79   3   0  14 0.00  0.0    0  7.5 18 180   M    M   6        22 150
23  91  70  81   5   0  16 0.00  0.0    0  7.0 16 180   M    M   4        20 150
24  90  69  80   4   0  15 0.00  0.0    0  7.5 15 190   M    M   4        19 200
25  91  74  83   7   0  18 0.01  0.0    0 10.1 26  30   M    M   4 3      33  30
26  97  68  83   6   0  18 0.00  0.0    0  7.4 15 120   M    M   3 3      17 130
================================================================================
SM 2289 1764         0 342  1.87     0.0 293.5          M      143
================================================================================
AV 88.0 67.9                              11.3 FASTST   M    M   6    MAX(MPH)
                                 MISC ---->  # 40 250               # 50  250
================================================================================
NOTES:
# LAST OF SEVERAL OCCURRENCES

COLUMN 17 PEAK WIND IN M.P.H.

PRELIMINARY LOCAL CLIMATOLOGICAL DATA (WS FORM: F-6) , PAGE 2

                                          STATION:  DALLAS FORT WORTH
                                          MONTH:    MAY
                                          YEAR:     2018
                                          LATITUDE:   32 54 N
                                          LONGITUDE:  97  2 W

[TEMPERATURE DATA]      [PRECIPITATION DATA]       SYMBOLS USED IN COLUMN 16

AVERAGE MONTHLY: 77.9   TOTAL FOR MONTH:   1.87    1 = FOG OR MIST
DPTR FM NORMAL:   4.8   DPTR FM NORMAL:   -2.24    2 = FOG REDUCING VISIBILITY
HIGHEST:    97 ON 26    GRTST 24HR  0.73 ON  4- 4      TO 1/4 MILE OR LESS
LOWEST:     58 ON  6, 5                            3 = THUNDER
                        SNOW, ICE PELLETS, HAIL    4 = ICE PELLETS
                        TOTAL MONTH:   0.0 INCH    5 = HAIL
                        GRTST 24HR     0.0         6 = FREEZING RAIN OR DRIZZLE
                        GRTST DEPTH:   0           7 = DUSTSTORM OR SANDSTORM:
                                                       VSBY 1/2 MILE OR LESS
                                                   8 = SMOKE OR HAZE
[NO. OF DAYS WITH]      [WEATHER - DAYS WITH]      9 = BLOWING SNOW
                                                   X = TORNADO
MAX 32 OR BELOW:   0    0.01 INCH OR MORE:   5
MAX 90 OR ABOVE:  12    0.10 INCH OR MORE:   3
MIN 32 OR BELOW:   0    0.50 INCH OR MORE:   2
MIN  0 OR BELOW:   0    1.00 INCH OR MORE:   0

[HDD (BASE 65) ]
TOTAL THIS MO.     0    CLEAR  (SCALE 0-3)   3
DPTR FM NORMAL    -6    PTCLDY (SCALE 4-7)  19
TOTAL FM JUL 1  1931    CLOUDY (SCALE 8-10)  4
DPTR FM NORMAL  -351

[CDD (BASE 65) ]
TOTAL THIS MO.   342
DPTR FM NORMAL   120    [PRESSURE DATA]
TOTAL FM JAN 1   491    HIGHEST SLP M ON M
DPTR FM NORMAL   131    LOWEST  SLP 29.65 ON 18

[REMARKS]
