000
CXUS55 KVEF 260940
CF6EED
PRELIMINARY LOCAL CLIMATOLOGICAL DATA (WS FORM: F-6)

                                          STATION:   NEEDLES CA
                                          MONTH:     APRIL
                                          YEAR:      2018
                                          LATITUDE:   34 46 N
                                          LONGITUDE: 114 37 W

  TEMPERATURE IN F:       :PCPN:    SNOW:  WIND      :SUNSHINE: SKY     :PK WND
================================================================================
1   2   3   4   5  6A  6B    7    8   9   10  11  12  13   14  15   16   17  18
                                     12Z  AVG MX 2MIN
DY MAX MIN AVG DEP HDD CDD  WTR  SNW DPTH SPD SPD DIR MIN PSBL S-S WX    SPD DR
================================================================================

 1  94  71  83  15   0  18 0.00  0.0    0  5.9 17 200   M    M   0        21 200
 2  91  64  78  10   0  13 0.00  0.0    0  6.3 17 240   M    M   0        24 200
 3  86  65  76   8   0  11 0.00  0.0    0 14.6 35  20   M    M   0        42  10
 4  92  57  75   7   0  10 0.00  0.0    0  4.8 13 250   M    M   0        17 120
 5  95  68  82  13   0  17 0.00  0.0    0  5.3 15 260   M    M   0        19 260
 6  97  76  87  18   0  22 0.00  0.0    0 11.1 24 270   M    M   0        28 250
 7 101  74  88  19   0  23 0.00  0.0    0 11.3 28 260   M    M   1        39 240
 8  95  69  82  12   0  17 0.00  0.0    0  7.6 20 250   M    M   0        23  40
 9  94  65  80  10   0  15 0.00  0.0    0 12.0 28  20   M    M   0        34  20
10 100  67  84  14   0  19 0.00  0.0    0  6.8 15 250   M    M   0        20 220
11 101  70  86  16   0  21 0.00  0.0    0  9.8 26 240   M    M   0        35 200
12  83  65  74   3   0   9 0.00  0.0    0 18.6 39 300   M    M   0        49 300
13  78  57  68  -3   0   3 0.00  0.0    0 15.8 33  30   M    M   0        42  30
14  87  59  73   2   0   8 0.00  0.0    0  7.6 22  30   M    M   0        27  40
15  91  57  74   2   0   9 0.00  0.0    0  7.7 20 200   M    M   0        26 180
16  89  59  74   2   0   9 0.00  0.0    0 18.8 35 190   M    M   0        45 180
17  79  54  67  -5   0   2 0.00  0.0    0 13.5 31 300   M    M   0        39 300
18  85  55  70  -2   0   5 0.00  0.0    0  9.2 20 220   M    M   0        24 210
19  78  63  71  -2   0   6 0.00  0.0    0 14.6 30 250   M    M   1        39 300
20  87  59  73   0   0   8 0.00  0.0    0  6.9 17 290   M    M   1        21 290
21  95  62  79   5   0  14 0.00  0.0    0  4.3 16  10   M    M   0        24 350
22  99  67  83   9   0  18 0.00  0.0    0  3.8 14 250   M    M   0        15 240
23 101  69  85  11   0  20 0.00  0.0    0  7.3 18 280   M    M   0        24 280
24 102  71  87  12   0  22 0.00  0.0    0  6.4 20 200   M    M   0        24 200
25 103  71  87  12   0  22 0.00  0.0    0  6.8 15 250   M    M   0        19  30
================================================================================
SM 2303 1614         0 341  0.00     0.0 236.8          M        3
================================================================================
AV 92.1 64.6                               9.5 FASTST   M    M   0    MAX(MPH)
                                 MISC ---->  # 39 300               # 49  300
================================================================================
NOTES:
# LAST OF SEVERAL OCCURRENCES

COLUMN 17 PEAK WIND IN M.P.H.

PRELIMINARY LOCAL CLIMATOLOGICAL DATA (WS FORM: F-6) , PAGE 2

                                          STATION:  NEEDLES CA
                                          MONTH:    APRIL
                                          YEAR:     2018
                                          LATITUDE:   34 46 N
                                          LONGITUDE: 114 37 W

[TEMPERATURE DATA]      [PRECIPITATION DATA]       SYMBOLS USED IN COLUMN 16

AVERAGE MONTHLY: 78.3   TOTAL FOR MONTH:   0.00    1 = FOG OR MIST
DPTR FM NORMAL:   7.2   DPTR FM NORMAL:   -0.19    2 = FOG REDUCING VISIBILITY
HIGHEST:   103 ON 25    GRTST 24HR  0.00 ON 25-25      TO 1/4 MILE OR LESS
LOWEST:     54 ON 17                               3 = THUNDER
                        SNOW, ICE PELLETS, HAIL    4 = ICE PELLETS
                        TOTAL MONTH:   0.0 INCH    5 = HAIL
                        GRTST 24HR     0.0         6 = FREEZING RAIN OR DRIZZLE
                        GRTST DEPTH:   0           7 = DUSTSTORM OR SANDSTORM:
                                                       VSBY 1/2 MILE OR LESS
                                                   8 = SMOKE OR HAZE
[NO. OF DAYS WITH]      [WEATHER - DAYS WITH]      9 = BLOWING SNOW
                                                   X = TORNADO
MAX 32 OR BELOW:   0    0.01 INCH OR MORE:   0
MAX 90 OR ABOVE:  16    0.10 INCH OR MORE:   0
MIN 32 OR BELOW:   0    0.50 INCH OR MORE:   0
MIN  0 OR BELOW:   0    1.00 INCH OR MORE:   0

[HDD (BASE 65) ]
TOTAL THIS MO.     0    CLEAR  (SCALE 0-3)  25
DPTR FM NORMAL   -19    PTCLDY (SCALE 4-7)   0
TOTAL FM JUL 1   549    CLOUDY (SCALE 8-10)  0
DPTR FM NORMAL  -618

[CDD (BASE 65) ]
TOTAL THIS MO.   341
DPTR FM NORMAL   167    [PRESSURE DATA]
TOTAL FM JAN 1   480    HIGHEST SLP M ON M
DPTR FM NORMAL   223    LOWEST  SLP 29.51 ON  2

[REMARKS]
