000
CXUS56 KOTX 240900
CF6EPH
PRELIMINARY LOCAL CLIMATOLOGICAL DATA (WS FORM: F-6)

                                          STATION:   EPHRATA WA AIRPORT
                                          MONTH:     APRIL
                                          YEAR:      2018
                                          LATITUDE:   47 18 N
                                          LONGITUDE: 119 31 W

  TEMPERATURE IN F:       :PCPN:    SNOW:  WIND      :SUNSHINE: SKY     :PK WND
================================================================================
1   2   3   4   5  6A  6B    7    8   9   10  11  12  13   14  15   16   17  18
                                     12Z  AVG MX 2MIN
DY MAX MIN AVG DEP HDD CDD  WTR  SNW DPTH SPD SPD DIR MIN PSBL S-S WX    SPD DR
================================================================================

 1  58  33  46  -1  19   0 0.00    M    M 13.5 32 260   M    M   3        39 240
 2  54  28  41  -7  24   0 0.00    M    M 11.0 23 320   M    M   2        30 310
 3  51  31  41  -7  24   0 0.00    M    M  4.6 15 300   M    M   2        18 290
 4  53  39  46  -2  19   0 0.01    M    M  3.9 10 190   M    M   6        18  20
 5  51  44  48   0  17   0 0.26    M    M  6.2 12  10   M    M  10 1      15 360
 6  52  45  49   1  16   0 0.03    M    M 10.2 17  50   M    M  10 1      20  40
 7  57  43  50   2  15   0 0.40    M    M 10.0 23 210   M    M   8 1      30 210
 8  61  41  51   2  14   0 0.00    M    M 12.2 26 270   M    M   4        32 270
 9  61  30  46  -3  19   0 0.00    M    M  6.1 13 270   M    M   0        19 120
10  66  45  56   7   9   0    T    M    M 10.0 24 290   M    M   5        31 300
11  60  35  48  -1  17   0 0.08    M    M  6.9 23 200   M    M   5 1      30 160
12  60  41  51   2  14   0 0.10    M    M 14.3 26 250   M    M   4 1      33 240
13  56  36  46  -4  19   0    T    M    M 10.6 21 170   M    M   7        24 170
14  63  45  54   4  11   0 0.00    M    M 11.7 21 180   M    M   5        28 200
15  58  42  50   0  15   0 0.09    M    M  5.2 13 200   M    M   7 1      15 200
16  55  38  47  -3  18   0 0.09    M    M 11.4 25 200   M    M   7 1      29 200
17  58  37  48  -2  17   0 0.00    M    M 12.7 25 270   M    M   3        34 270
18  59  33  46  -5  19   0 0.00    M    M  8.5 17  30   M    M   2        26 360
19  67  41  54   3  11   0 0.00    M    M 10.7 21 310   M    M   0        25 310
20  69  39  54   3  11   0 0.00    M    M  6.0 14 150   M    M   2        18 250
21  62  44  53   1  12   0    T    M    M 13.4 24 290   M    M   3        32 310
22  63  36  50  -2  15   0 0.00    M    M  8.1 18  10   M    M   1        23 330
23  68  35  52   0  13   0 0.00    M    M  8.4 17  20   M    M   0        21  40
================================================================================
SM 1362  881       368   0  1.06    M    215.6          M       96
================================================================================
AV 59.2 38.3                               9.4 FASTST   M    M   4    MAX(MPH)
                                 MISC ---->  # 32 260               # 39  240
================================================================================
NOTES:
# LAST OF SEVERAL OCCURRENCES

COLUMN 17 PEAK WIND IN M.P.H.

PRELIMINARY LOCAL CLIMATOLOGICAL DATA (WS FORM: F-6) , PAGE 2

                                          STATION:  EPHRATA WA AIRPORT
                                          MONTH:    APRIL
                                          YEAR:     2018
                                          LATITUDE:   47 18 N
                                          LONGITUDE: 119 31 W

[TEMPERATURE DATA]      [PRECIPITATION DATA]       SYMBOLS USED IN COLUMN 16

AVERAGE MONTHLY: 48.8   TOTAL FOR MONTH:   1.06    1 = FOG OR MIST
DPTR FM NORMAL:  -0.8   DPTR FM NORMAL:    0.67    2 = FOG REDUCING VISIBILITY
HIGHEST:    69 ON 20    GRTST 24HR  0.40 ON  7- 7      TO 1/4 MILE OR LESS
LOWEST:     28 ON  2                               3 = THUNDER
                        SNOW, ICE PELLETS, HAIL    4 = ICE PELLETS
                        TOTAL MONTH:    M          5 = HAIL
                        GRTST 24HR    M  ON   M    6 = FREEZING RAIN OR DRIZZLE
                        GRTST DEPTH:  M  ON   M    7 = DUSTSTORM OR SANDSTORM:
                                                       VSBY 1/2 MILE OR LESS
                                                   8 = SMOKE OR HAZE
[NO. OF DAYS WITH]      [WEATHER - DAYS WITH]      9 = BLOWING SNOW
                                                   X = TORNADO
MAX 32 OR BELOW:   0    0.01 INCH OR MORE:   8
MAX 90 OR ABOVE:   0    0.10 INCH OR MORE:   3
MIN 32 OR BELOW:   3    0.50 INCH OR MORE:   0
MIN  0 OR BELOW:   0    1.00 INCH OR MORE:   0

[HDD (BASE 65) ]
TOTAL THIS MO.   368    CLEAR  (SCALE 0-3)  11
DPTR FM NORMAL    12    PTCLDY (SCALE 4-7)  10
TOTAL FM JUL 1  5275    CLOUDY (SCALE 8-10)  2
DPTR FM NORMAL  -338

[CDD (BASE 65) ]
TOTAL THIS MO.     0
DPTR FM NORMAL     0    [PRESSURE DATA]
TOTAL FM JAN 1     0    HIGHEST SLP M ON M
DPTR FM NORMAL     0    LOWEST  SLP 29.36 ON  7

[REMARKS]
