000
CXUS53 KARX 200930
CF6FKA
PRELIMINARY LOCAL CLIMATOLOGICAL DATA (WS FORM: F-6)

                                          STATION:   PRESTON MN
                                          MONTH:     MAY
                                          YEAR:      2018
                                          LATITUDE:   43 40 N
                                          LONGITUDE:  92 11 W

  TEMPERATURE IN F:       :PCPN:    SNOW:  WIND      :SUNSHINE: SKY     :PK WND
================================================================================
1   2   3   4   5  6A  6B    7    8   9   10  11  12  13   14  15   16   17  18
                                     12Z  AVG MX 2MIN
DY MAX MIN AVG DEP HDD CDD  WTR  SNW DPTH SPD SPD DIR MIN PSBL S-S WX    SPD DR
================================================================================

 1  71  56  64   M   1   0 1.09  0.0    0 12.4 20 180   M    M   6 3      33 180
 2  64  53  59   M   6   0 0.13  0.0    0  6.5 15 340   M    M   6 18      M  M
 3  69  49  59   M   6   0 1.06  0.0    0  3.9 13  30   M    M   6 3      18  30
 4  72  50  61   M   4   0 0.08  0.0    0 11.9 18 310   M    M   2        27 310
 5  77  51  64   M   1   0 0.01  0.0    0  6.8 12 250   M    M   1 3       M  M
 6  71  48  60   M   5   0 0.00  0.0    0  6.0 15 360   M    M   1 12     25 360
 7  80  51  66   M   0   1 0.00  0.0    0  9.8 17 270   M    M   0        23 270
 8  76  57  67   M   0   2 0.02  0.0    0  9.5 17 170   M    M   3 3      25 190
 9  64  53  59   M   6   0 0.26  0.0    0  8.1 14 290   M    M   6 13     17 300
10  60  46  53   M  12   0 0.04  0.0    0  6.9 14 360   M    M   5        21 350
11  49  37  43   M  22   0 0.77  0.0    0 10.3 17  80   M    M  10 1      22 100
12  57  42  50   M  15   0 0.43  0.0    0  7.6 17  80   M    M   9 3      23  80
13  58  44  51   M  14   0 0.00  0.0    0  3.8  9  60   M    M  10 18      M  M
14  65  52  59   M   6   0 0.05  0.0    0  4.3 13  30   M    M   9 12     18  30
15  75  53  64   M   1   0 0.00  0.0    0  4.8  8 360   M    M   3 128     M  M
16  80  51  66   M   0   1 0.00  0.0    0  4.0  8 200   M    M   0 8       M  M
17  82  55  69   M   0   4 0.00  0.0    0  6.3 13 100   M    M   0        16 100
18  78  51  65   M   0   0 0.00  0.0    0  8.8 13 130   M    M   2        21 140
19  70  50  60   M   5   0 0.00  0.0    0  6.9 15  10   M    M   6 38     24  30
================================================================================
SM 1318  949       104   8  3.94     0.0 138.6          M       85
================================================================================
AV 69.4 50.0                               7.3 FASTST   M    M   4    MAX(MPH)
                                 MISC ---->  # 20 180               # 33  180
================================================================================
NOTES:
# LAST OF SEVERAL OCCURRENCES

COLUMN 17 PEAK WIND IN M.P.H.

PRELIMINARY LOCAL CLIMATOLOGICAL DATA (WS FORM: F-6) , PAGE 2

                                          STATION:  PRESTON MN
                                          MONTH:    MAY
                                          YEAR:     2018
                                          LATITUDE:   43 40 N
                                          LONGITUDE:  92 11 W

[TEMPERATURE DATA]      [PRECIPITATION DATA]       SYMBOLS USED IN COLUMN 16

AVERAGE MONTHLY: 59.7   TOTAL FOR MONTH:   3.94    1 = FOG OR MIST
DPTR FM NORMAL:     M   DPTR FM NORMAL:       M    2 = FOG REDUCING VISIBILITY
HIGHEST:    82 ON 17    GRTST 24HR  1.09 ON  1- 1      TO 1/4 MILE OR LESS
LOWEST:     37 ON 11                               3 = THUNDER
                        SNOW, ICE PELLETS, HAIL    4 = ICE PELLETS
                        TOTAL MONTH:   0.0 INCH    5 = HAIL
                        GRTST 24HR     0.0         6 = FREEZING RAIN OR DRIZZLE
                        GRTST DEPTH:   0           7 = DUSTSTORM OR SANDSTORM:
                                                       VSBY 1/2 MILE OR LESS
                                                   8 = SMOKE OR HAZE
[NO. OF DAYS WITH]      [WEATHER - DAYS WITH]      9 = BLOWING SNOW
                                                   X = TORNADO
MAX 32 OR BELOW:   0    0.01 INCH OR MORE:  11
MAX 90 OR ABOVE:   0    0.10 INCH OR MORE:   6
MIN 32 OR BELOW:   0    0.50 INCH OR MORE:   3
MIN  0 OR BELOW:   0    1.00 INCH OR MORE:   2

[HDD (BASE 65) ]
TOTAL THIS MO.   104    CLEAR  (SCALE 0-3)   8
DPTR FM NORMAL     M    PTCLDY (SCALE 4-7)   7
TOTAL FM JUL 1  7924    CLOUDY (SCALE 8-10)  4
DPTR FM NORMAL     M

[CDD (BASE 65) ]
TOTAL THIS MO.     8
DPTR FM NORMAL     M    [PRESSURE DATA]
TOTAL FM JAN 1     8    HIGHEST SLP M ON M
DPTR FM NORMAL     M    LOWEST  SLP M ON M

[REMARKS]
