000
CXUS55 KBOU 231255
CF6FNL
PRELIMINARY LOCAL CLIMATOLOGICAL DATA (WS FORM: F-6)

                                          STATION:   FT COLLINS/LOVELAND CO
                                          MONTH:     APRIL
                                          YEAR:      2018
                                          LATITUDE:   40 27 N
                                          LONGITUDE: 105  1 W

  TEMPERATURE IN F:       :PCPN:    SNOW:  WIND      :SUNSHINE: SKY     :PK WND
================================================================================
1   2   3   4   5  6A  6B    7    8   9   10  11  12  13   14  15   16   17  18
                                     12Z  AVG MX 2MIN
DY MAX MIN AVG DEP HDD CDD  WTR  SNW DPTH SPD SPD DIR MIN PSBL S-S WX    SPD DR
================================================================================

 1  48  24  36   M  29   0    M    M    M  6.4 14 160   M    M   6 1      16 240
 2  72  27  50   M  15   0    M    M    M  9.4 25 280   M    M   1        41 280
 3  51  30  41   M  24   0    M    M    M 21.5 36 350   M    M   0        46 350
 4  60  23  42   M  23   0    M    M    M  9.4 23 280   M    M   0        38 270
 5  66  30  48   M  17   0    M    M    M  6.0 16 100   M    M   3        30 130
 6  45  22  34   M  31   0    M    M    M 10.2 20  30   M    M   9 1       M  M
 7  47  21  34   M  31   0    M    M    M  5.5 13 190   M    M   6 1       M  M
 8  63  40  52   M  13   0    M    M    M 17.3 33 320   M    M   4        45 320
 9  56  32  44   M  21   0    M    M    M  6.8 12 140   M    M   6 1       M  M
10  73  28  51   M  14   0    M    M    M  5.7 18 320   M    M   0        22 320
11  79  45  62   M   3   0    M    M    M 10.1 24 290   M    M   0        44 260
12  78  39  59   M   6   0    M    M    M 12.1 32  10   M    M   2 3      45 330
13  46  35  41   M  24   0    M    M    M 25.6 36 360   M    M   8        50 340
14  61  33  47   M  18   0    M    M    M 20.1 32 350   M    M   5        43 350
15  63  31  47   M  18   0    M    M    M  6.2 21 120   M    M   3        24 120
16  66  28  47   M  18   0    M    M    M  5.6 10 360   M    M   0         M  M
17  68  29  49   M  16   0    M    M    M 14.5 35 290   M    M   1        52 320
18  60  32  46   M  19   0    M    M    M  8.6 23  10   M    M   0        32  10
19  63  24  44   M  21   0    M    M    M  7.0 20 100   M    M   0         M  M
20  54  32  43   M  22   0    M    M    M 12.2 25 130   M    M   5 1      40 120
21  44  32  38   M  27   0    M    M    M  6.5 13 130   M    M   8 1       M  M
22  68  30  49   M  16   0    M    M    M  5.2  9  70   M    M   3 12      M  M
================================================================================
SM 1331  667       426   0    M     M    231.9          M       70
================================================================================
AV 60.5 30.3                              10.5 FASTST   M    M   3    MAX(MPH)
                                 MISC ---->  # 36 350               # 52  320
================================================================================
NOTES:
# LAST OF SEVERAL OCCURRENCES

COLUMN 17 PEAK WIND IN M.P.H.

PRELIMINARY LOCAL CLIMATOLOGICAL DATA (WS FORM: F-6) , PAGE 2

                                          STATION:  FT COLLINS/LOVELAND CO
                                          MONTH:    APRIL
                                          YEAR:     2018
                                          LATITUDE:   40 27 N
                                          LONGITUDE: 105  1 W

[TEMPERATURE DATA]      [PRECIPITATION DATA]       SYMBOLS USED IN COLUMN 16

AVERAGE MONTHLY: 45.4   TOTAL FOR MONTH:      M    1 = FOG OR MIST
DPTR FM NORMAL:     M   DPTR FM NORMAL:       M    2 = FOG REDUCING VISIBILITY
HIGHEST:    79 ON 11    GRTST 24HR    T  ON 31- 1      TO 1/4 MILE OR LESS
LOWEST:     21 ON  7                               3 = THUNDER
                        SNOW, ICE PELLETS, HAIL    4 = ICE PELLETS
                        TOTAL MONTH:    M          5 = HAIL
                        GRTST 24HR    M  ON   M    6 = FREEZING RAIN OR DRIZZLE
                        GRTST DEPTH:  M  ON   M    7 = DUSTSTORM OR SANDSTORM:
                                                       VSBY 1/2 MILE OR LESS
                                                   8 = SMOKE OR HAZE
[NO. OF DAYS WITH]      [WEATHER - DAYS WITH]      9 = BLOWING SNOW
                                                   X = TORNADO
MAX 32 OR BELOW:   0    0.01 INCH OR MORE:   0
MAX 90 OR ABOVE:   0    0.10 INCH OR MORE:   0
MIN 32 OR BELOW:  17    0.50 INCH OR MORE:   0
MIN  0 OR BELOW:   0    1.00 INCH OR MORE:   0

[HDD (BASE 65) ]
TOTAL THIS MO.   426    CLEAR  (SCALE 0-3)  13
DPTR FM NORMAL     M    PTCLDY (SCALE 4-7)   7
TOTAL FM JUL 1  5459    CLOUDY (SCALE 8-10)  2
DPTR FM NORMAL     M

[CDD (BASE 65) ]
TOTAL THIS MO.     0
DPTR FM NORMAL     M    [PRESSURE DATA]
TOTAL FM JAN 1     0    HIGHEST SLP M ON M
DPTR FM NORMAL     M    LOWEST  SLP 29.14 ON 12

[REMARKS]
