000
CXUS54 KFWD 220730
CF6GVT
PRELIMINARY LOCAL CLIMATOLOGICAL DATA (WS FORM: F-6)

                                          STATION:   GREENVILLE
                                          MONTH:     APRIL
                                          YEAR:      2018
                                          LATITUDE:   33  4 N
                                          LONGITUDE:  96  4 W

  TEMPERATURE IN F:       :PCPN:    SNOW:  WIND      :SUNSHINE: SKY     :PK WND
================================================================================
1   2   3   4   5  6A  6B    7    8   9   10  11  12  13   14  15   16   17  18
                                     12Z  AVG MX 2MIN
DY MAX MIN AVG DEP HDD CDD  WTR  SNW DPTH SPD SPD DIR MIN PSBL S-S WX    SPD DR
================================================================================

 1  75  45  60  -1   5   0 0.00  0.0    0 10.5 16 340   M    M   9        20 200
 2  61  43  52  -9  13   0 0.00  0.0    0  2.5 12 340   M    M   7         M  M
 3  79  54  67   6   0   2 0.01  0.0    0 16.5 24 340   M    M   7        35 180
 4  63  41  52 -10  13   0 0.00  0.0    0  5.9 14  40   M    M   0        17  40
 5  72  43  58  -4   7   0 0.00  0.0    0  7.4 16 150   M    M   8        25 150
 6  84  52  68   6   0   3 0.06  0.0    0 11.0 18 360   M    M   9 13     31  20
 7  52  36  44 -18  21   0 0.01  0.0    0 12.6 22 350   M    M  10        32 360
 8  57  36  47 -16  18   0 0.00  0.0    0  2.5 10 110   M    M   8         M  M
 9  70  45  58  -5   7   0 0.00  0.0    0  3.8 10  10   M    M   3         M  M
10  72  45  59  -4   6   0 0.00  0.0    0  5.3 12  20   M    M   0        17  20
11  79  45  62  -1   3   0 0.00  0.0    0  9.3 18 180   M    M   0        28 180
12  84  61  73   9   0   8 0.00  0.0    0 17.7 25 190   M    M   4        36 170
13  82  63  73   9   0   8 0.14  0.0    0 14.0 23 180   M    M   9 3      31 180
14  64  46  55  -9  10   0 0.00  0.0    0 14.4 24 270   M    M   2        35 270
15  63  37  50 -14  15   0 0.00  0.0    0 11.1 18 290   M    M   0        27 320
16  79  36  58  -7   7   0 0.00  0.0    0  6.1 15 180   M    M   0        22 180
17  86  61  74   9   0   9 0.00  0.0    0 18.1 25 170   M    M   1        33 180
18  81  54  68   3   0   3 0.00  0.0    0 11.3 17 330   M    M   3        27 190
19  70  45  58  -8   7   0 0.00  0.0    0  5.4 13  10   M    M   0        18  10
20  70  46  58  -8   7   0 0.00  0.0    0  7.1 12 110   M    M   0        20 100
21  68  50  59  -7   6   0 0.62  0.0    0  5.6 17 300   M    M   8 13     23 140
================================================================================
SM 1511  984       145  33  0.84     0.0 198.1          M       88
================================================================================
AV 72.0 46.9                               9.4 FASTST   M    M   4    MAX(MPH)
                                 MISC ---->  # 25 190               # 36  170
================================================================================
NOTES:
# LAST OF SEVERAL OCCURRENCES

COLUMN 17 PEAK WIND IN M.P.H.

PRELIMINARY LOCAL CLIMATOLOGICAL DATA (WS FORM: F-6) , PAGE 2

                                          STATION:  GREENVILLE
                                          MONTH:    APRIL
                                          YEAR:     2018
                                          LATITUDE:   33  4 N
                                          LONGITUDE:  96  4 W

[TEMPERATURE DATA]      [PRECIPITATION DATA]       SYMBOLS USED IN COLUMN 16

AVERAGE MONTHLY: 59.4   TOTAL FOR MONTH:   0.84    1 = FOG OR MIST
DPTR FM NORMAL:  -4.0   DPTR FM NORMAL:   -1.59    2 = FOG REDUCING VISIBILITY
HIGHEST:    86 ON 17    GRTST 24HR  0.62 ON 21-21      TO 1/4 MILE OR LESS
LOWEST:     36 ON 16, 8                            3 = THUNDER
                        SNOW, ICE PELLETS, HAIL    4 = ICE PELLETS
                        TOTAL MONTH:   0.0 INCH    5 = HAIL
                        GRTST 24HR     0.0         6 = FREEZING RAIN OR DRIZZLE
                        GRTST DEPTH:   0           7 = DUSTSTORM OR SANDSTORM:
                                                       VSBY 1/2 MILE OR LESS
                                                   8 = SMOKE OR HAZE
[NO. OF DAYS WITH]      [WEATHER - DAYS WITH]      9 = BLOWING SNOW
                                                   X = TORNADO
MAX 32 OR BELOW:   0    0.01 INCH OR MORE:   5
MAX 90 OR ABOVE:   0    0.10 INCH OR MORE:   2
MIN 32 OR BELOW:   0    0.50 INCH OR MORE:   1
MIN  0 OR BELOW:   0    1.00 INCH OR MORE:   0

[HDD (BASE 65) ]
TOTAL THIS MO.   145    CLEAR  (SCALE 0-3)  11
DPTR FM NORMAL    60    PTCLDY (SCALE 4-7)   6
TOTAL FM JUL 1  2089    CLOUDY (SCALE 8-10)  4
DPTR FM NORMAL  -290

[CDD (BASE 65) ]
TOTAL THIS MO.    33
DPTR FM NORMAL   -19    [PRESSURE DATA]
TOTAL FM JAN 1   106    HIGHEST SLP M ON M
DPTR FM NORMAL    21    LOWEST  SLP M ON M

[REMARKS]
