000
CXUS55 KLBF 191200
CF6IML
PRELIMINARY LOCAL CLIMATOLOGICAL DATA (WS FORM: F-6)

                                          STATION:   IMPERIAL
                                          MONTH:     APRIL
                                          YEAR:      2018
                                          LATITUDE:   40 31 N
                                          LONGITUDE: 101 37 W

  TEMPERATURE IN F:       :PCPN:    SNOW:  WIND      :SUNSHINE: SKY     :PK WND
================================================================================
1   2   3   4   5  6A  6B    7    8   9   10  11  12  13   14  15   16   17  18
                                     12Z  AVG MX 2MIN
DY MAX MIN AVG DEP HDD CDD  WTR  SNW DPTH SPD SPD DIR MIN PSBL S-S WX    SPD DR
================================================================================

 1  42  22  32 -12  33   0 0.06    M    M 11.5 21 140   M    M   7 1      29 140
 2  63  21  42  -2  23   0 0.00    M    M 13.7 26 350   M    M   0        35 350
 3  46  18  32 -13  33   0 0.00    M    M 19.9 41 300   M    M   2        58 320
 4  69  14  42  -3  23   0 0.00    M    M 10.0 23 240   M    M   3        33 240
 5  66  24  45   0  20   0 0.00    M    M  9.2 20  40   M    M   1        32  20
 6  41   7  24 -22  41   0 0.04    M    M 13.2 26  30   M    M   9 1      33  20
 7  42   5  24 -22  41   0 0.00    M    M 11.9 24 140   M    M   1 1      34 150
 8  67  33  50   4  15   0    T    M    M 17.1 35 310   M    M   3        46 310
 9  60  36  48   2  17   0    T    M    M 11.8 30 320   M    M   4        40 320
10  72  31  52   5  13   0 0.00    M    M  9.2 20 290   M    M   1        27 260
11  84  38  61  14   4   0 0.00    M    M  8.5 21 230   M    M   0        30 270
12  65  39  52   5  13   0 0.00    M    M 12.9 24 100   M    M   0        30  70
13  48  22  35 -13  30   0    M    M    M 18.5 44 320   M    M   9 13     61 320
14  34  18  26 -22  39   0    M    M    M 24.7 41 320   M    M   6 1      53 320
15  48  16  32 -16  33   0 0.00    M    M  8.8 17 300   M    M   0        24 300
16  59  21  40  -8  25   0 0.00  0.0    0 14.3 25 120   M    M   0        33 130
17  69  29  49   0  16   0 0.02    M    M 19.5 38 300   M    M   2        52 310
18  61  30  46  -3  19   0 0.00    M    M 17.2 32 310   M    M   2        45 310
================================================================================
SM 1036  424       438   0  0.12     0.0 251.9          M       50
================================================================================
AV 57.6 23.6                              14.0 FASTST   M    M   3    MAX(MPH)
                                 MISC ---->  # 44 320               # 61  320
================================================================================
NOTES:
# LAST OF SEVERAL OCCURRENCES

COLUMN 17 PEAK WIND IN M.P.H.

PRELIMINARY LOCAL CLIMATOLOGICAL DATA (WS FORM: F-6) , PAGE 2

                                          STATION:  IMPERIAL
                                          MONTH:    APRIL
                                          YEAR:     2018
                                          LATITUDE:   40 31 N
                                          LONGITUDE: 101 37 W

[TEMPERATURE DATA]      [PRECIPITATION DATA]       SYMBOLS USED IN COLUMN 16

AVERAGE MONTHLY: 40.6   TOTAL FOR MONTH:   0.12    1 = FOG OR MIST
DPTR FM NORMAL:  -6.0   DPTR FM NORMAL:   -0.94    2 = FOG REDUCING VISIBILITY
HIGHEST:    84 ON 11    GRTST 24HR  0.06 ON  1- 1      TO 1/4 MILE OR LESS
LOWEST:      5 ON  7                               3 = THUNDER
                        SNOW, ICE PELLETS, HAIL    4 = ICE PELLETS
                        TOTAL MONTH:   0.0 INCH    5 = HAIL
                        GRTST 24HR     0.0         6 = FREEZING RAIN OR DRIZZLE
                        GRTST DEPTH:   0           7 = DUSTSTORM OR SANDSTORM:
                                                       VSBY 1/2 MILE OR LESS
                                                   8 = SMOKE OR HAZE
[NO. OF DAYS WITH]      [WEATHER - DAYS WITH]      9 = BLOWING SNOW
                                                   X = TORNADO
MAX 32 OR BELOW:   0    0.01 INCH OR MORE:   3
MAX 90 OR ABOVE:   0    0.10 INCH OR MORE:   0
MIN 32 OR BELOW:  14    0.50 INCH OR MORE:   0
MIN  0 OR BELOW:   0    1.00 INCH OR MORE:   0

[HDD (BASE 65) ]
TOTAL THIS MO.   438    CLEAR  (SCALE 0-3)  13
DPTR FM NORMAL   104    PTCLDY (SCALE 4-7)   3
TOTAL FM JUL 1  5753    CLOUDY (SCALE 8-10)  2
DPTR FM NORMAL    50

[CDD (BASE 65) ]
TOTAL THIS MO.     0
DPTR FM NORMAL     0    [PRESSURE DATA]
TOTAL FM JAN 1     0    HIGHEST SLP M ON M
DPTR FM NORMAL     0    LOWEST  SLP 29.34 ON 13

[REMARKS]
