000
CXUS54 KLZK 181130
CF6LLQ
PRELIMINARY LOCAL CLIMATOLOGICAL DATA (WS FORM: F-6)

                                          STATION:   Monticello
                                          MONTH:     APRIL
                                          YEAR:      2018
                                          LATITUDE:   33 37 N
                                          LONGITUDE:  91 45 W

  TEMPERATURE IN F:       :PCPN:    SNOW:  WIND      :SUNSHINE: SKY     :PK WND
================================================================================
1   2   3   4   5  6A  6B    7    8   9   10  11  12  13   14  15   16   17  18
                                     12Z  AVG MX 2MIN
DY MAX MIN AVG DEP HDD CDD  WTR  SNW DPTH SPD SPD DIR MIN PSBL S-S WX    SPD DR
================================================================================

 1  78  53  66   7   0   1 0.00  0.0    0  6.9 17 200   M    M   1        25 190
 2  77  47  62   2   3   0 0.00  0.0    0  6.3 16 200   M    M   5 1      27 210
 3  82  52  67   7   0   2 0.08  0.0    0 12.2 26 210   M    M   7 3      40 210
 4  58  41  50 -10  15   0 0.00  0.0    0  4.2 14 340   M    M   0        24 350
 5  65  36  51  -9  14   0    T  0.0    0  3.5 12 110   M    M   3 3      16 110
 6  60  54  57  -4   8   0 2.02  0.0    0  5.3 14  50   M    M  10 138    17  50
 7  56  32  44 -17  21   0 0.03    T    0  7.9 20  40   M    M   8 14     29 360
 8  57  30  44 -17  21   0 0.00  0.0    0  4.7 16  90   M    M   3        23  70
 9  63  43  53  -8  12   0 0.00  0.0    0  5.5 18  50   M    M   2        24  50
10  64  43  54  -8  11   0 0.00  0.0    0  4.4 14  50   M    M   0        21  60
11  75  40  58  -4   7   0 0.00  0.0    0  5.4 14 200   M    M   0        18 190
12  82  53  68   6   0   3 0.00  0.0    0 11.2 20 180   M    M   0        27 200
13  77  65  71   9   0   6 0.36  0.0    0 11.2 20 180   M    M   7 13     30 170
14  71  44  58  -5   7   0 0.99    M    0  8.1 24 300   M    M   4 138    44 270
15  55  37  46 -17  19   0 0.00  0.0    0  7.5 20 260   M    M   4        27 310
16  70  34  52 -11  13   0 0.00  0.0    0  4.8 15 320   M    M   0        20 330
17  84  46  65   1   0   0 0.00  0.0    0 11.2 24 200   M    M   0        35 220
================================================================================
SM 1174  750       151  12  3.48    T    120.3          M       54
================================================================================
AV 69.1 44.1                               7.1 FASTST   M    M   3    MAX(MPH)
                                 MISC ---->  # 26 210               # 44  270
================================================================================
NOTES:
# LAST OF SEVERAL OCCURRENCES

COLUMN 17 PEAK WIND IN M.P.H.

PRELIMINARY LOCAL CLIMATOLOGICAL DATA (WS FORM: F-6) , PAGE 2

                                          STATION:  Monticello
                                          MONTH:    APRIL
                                          YEAR:     2018
                                          LATITUDE:   33 37 N
                                          LONGITUDE:  91 45 W

[TEMPERATURE DATA]      [PRECIPITATION DATA]       SYMBOLS USED IN COLUMN 16

AVERAGE MONTHLY: 56.6   TOTAL FOR MONTH:   3.48    1 = FOG OR MIST
DPTR FM NORMAL:  -4.8   DPTR FM NORMAL:    0.80    2 = FOG REDUCING VISIBILITY
HIGHEST:    84 ON 17    GRTST 24HR  2.02 ON  6- 6      TO 1/4 MILE OR LESS
LOWEST:     30 ON  8                               3 = THUNDER
                        SNOW, ICE PELLETS, HAIL    4 = ICE PELLETS
                        TOTAL MONTH:    T          5 = HAIL
                        GRTST 24HR    T  ON  7- 7  6 = FREEZING RAIN OR DRIZZLE
                        GRTST DEPTH:   0           7 = DUSTSTORM OR SANDSTORM:
                                                       VSBY 1/2 MILE OR LESS
                                                   8 = SMOKE OR HAZE
[NO. OF DAYS WITH]      [WEATHER - DAYS WITH]      9 = BLOWING SNOW
                                                   X = TORNADO
MAX 32 OR BELOW:   0    0.01 INCH OR MORE:   5
MAX 90 OR ABOVE:   0    0.10 INCH OR MORE:   3
MIN 32 OR BELOW:   2    0.50 INCH OR MORE:   2
MIN  0 OR BELOW:   0    1.00 INCH OR MORE:   1

[HDD (BASE 65) ]
TOTAL THIS MO.   151    CLEAR  (SCALE 0-3)   8
DPTR FM NORMAL    56    PTCLDY (SCALE 4-7)   7
TOTAL FM JUL 1  2547    CLOUDY (SCALE 8-10)  2
DPTR FM NORMAL   -96

[CDD (BASE 65) ]
TOTAL THIS MO.    12
DPTR FM NORMAL   -24    [PRESSURE DATA]
TOTAL FM JAN 1    66    HIGHEST SLP M ON M
DPTR FM NORMAL     2    LOWEST  SLP 29.53 ON M

[REMARKS]
ALL SNOWFALL DATA IS FROM THE UNIVERSITY OF ARKANSAS AT MONTICELLO COOPERATIVE OBSERVER SITE
