000
CXUS53 KGID 220730
CF6LXN
PRELIMINARY LOCAL CLIMATOLOGICAL DATA (WS FORM: F-6)

                                          STATION:   LEXINGTON
                                          MONTH:     MAY
                                          YEAR:      2018
                                          LATITUDE:   40 47 N
                                          LONGITUDE:  99 46 W

  TEMPERATURE IN F:       :PCPN:    SNOW:  WIND      :SUNSHINE: SKY     :PK WND
================================================================================
1   2   3   4   5  6A  6B    7    8   9   10  11  12  13   14  15   16   17  18
                                     12Z  AVG MX 2MIN
DY MAX MIN AVG DEP HDD CDD  WTR  SNW DPTH SPD SPD DIR MIN PSBL S-S WX    SPD DR
================================================================================

 1  70  50  60   M   5   0 0.00    M    M 14.0 21  10   M    M   7        30  10
 2  64  46  55   M  10   0 0.00    M    M 10.7 21  70   M    M   7        28  70
 3  59  48  54   M  11   0 0.09    M    M 11.8 24  40   M    M   9 1      29  40
 4  78  38  58   M   7   0 0.00    M    M  7.4 14 300   M    M   2        16 330
 5  85  42  64   M   1   0 0.00    M    M  4.9 15 200   M    M   1         M  M
 6  80  46  63   M   2   0 0.00    M    M  7.2 13  60   M    M   1        20  50
 7  85  46  66   M   0   1 0.00    M    M 12.3 22 150   M    M   0        29 160
 8  82  53  68   M   0   3 0.00    M    M 10.9 22 340   M    M   1        30 340
 9  85  49  67   M   0   2 0.00    M    M 10.3 15 340   M    M   1        25 310
10  86  47  67   M   0   2 0.69    M    M 11.7 39  40   M    M   1 3      44  40
11  60  49  55   M  10   0 0.50    M    M 12.7 22  80   M    M  10 13     31  80
12  55  49  52   M  13   0 0.03    M    M 11.2 18  40   M    M  10 1      28  60
13  59  50  55   M  10   0 0.02    M    M  6.1 12 100   M    M  10 1       M  M
14  70  55  63   M   2   0 0.63    M    M  7.2 13 330   M    M   8 13      M  M
15  77  52  65   M   0   0 0.00    M    M  5.3 10 310   M    M   2         M  M
16  82  53  68   M   0   3 0.00    M    M  6.2 12 180   M    M   1 1      16 180
17  86  57  72   M   0   7 0.00    M    M 13.4 22 140   M    M   1        31 140
18  70  57  64   M   1   0 1.07    M    M 11.0 30  50   M    M   8 3      40 340
19  63  49  56   M   9   0 1.77    M    M 11.7 20  30   M    M  10 1      28  30
20  59  47  53   M  12   0 0.01    M    M  7.8 13  10   M    M   9 1      16  10
21  77  44  61   M   4   0 0.00    M    M  6.7 15 170   M    M   6 12     21 170
================================================================================
SM 1532 1027        97  18  4.81    M    200.5          M      105
================================================================================
AV 73.0 48.9                               9.5 FASTST   M    M   5    MAX(MPH)
                                 MISC ---->  # 39  40               # 44   40
================================================================================
NOTES:
# LAST OF SEVERAL OCCURRENCES

COLUMN 17 PEAK WIND IN M.P.H.

PRELIMINARY LOCAL CLIMATOLOGICAL DATA (WS FORM: F-6) , PAGE 2

                                          STATION:  LEXINGTON
                                          MONTH:    MAY
                                          YEAR:     2018
                                          LATITUDE:   40 47 N
                                          LONGITUDE:  99 46 W

[TEMPERATURE DATA]      [PRECIPITATION DATA]       SYMBOLS USED IN COLUMN 16

AVERAGE MONTHLY: 60.9   TOTAL FOR MONTH:   4.81    1 = FOG OR MIST
DPTR FM NORMAL:     M   DPTR FM NORMAL:       M    2 = FOG REDUCING VISIBILITY
HIGHEST:    86 ON 17,10 GRTST 24HR  1.77 ON 19-19      TO 1/4 MILE OR LESS
LOWEST:     38 ON  4                               3 = THUNDER
                        SNOW, ICE PELLETS, HAIL    4 = ICE PELLETS
                        TOTAL MONTH:    M          5 = HAIL
                        GRTST 24HR    M  ON   M    6 = FREEZING RAIN OR DRIZZLE
                        GRTST DEPTH:  M  ON   M    7 = DUSTSTORM OR SANDSTORM:
                                                       VSBY 1/2 MILE OR LESS
                                                   8 = SMOKE OR HAZE
[NO. OF DAYS WITH]      [WEATHER - DAYS WITH]      9 = BLOWING SNOW
                                                   X = TORNADO
MAX 32 OR BELOW:   0    0.01 INCH OR MORE:   9
MAX 90 OR ABOVE:   0    0.10 INCH OR MORE:   5
MIN 32 OR BELOW:   0    0.50 INCH OR MORE:   5
MIN  0 OR BELOW:   0    1.00 INCH OR MORE:   2

[HDD (BASE 65) ]
TOTAL THIS MO.    97    CLEAR  (SCALE 0-3)  10
DPTR FM NORMAL     M    PTCLDY (SCALE 4-7)   4
TOTAL FM JUL 1  6231    CLOUDY (SCALE 8-10)  7
DPTR FM NORMAL     M

[CDD (BASE 65) ]
TOTAL THIS MO.    18
DPTR FM NORMAL     M    [PRESSURE DATA]
TOTAL FM JAN 1    29    HIGHEST SLP M ON M
DPTR FM NORMAL     M    LOWEST  SLP M ON M

[REMARKS]
