000
CXUS52 KMLB 280622
CF6MCO
PRELIMINARY LOCAL CLIMATOLOGICAL DATA (WS FORM: F-6)
STATION: ORLANDO INTL
MONTH: MARCH
YEAR: 2024
LATITUDE: 28 25 N
LONGITUDE: 81 19 W
TEMPERATURE IN F: :PCPN: SNOW: WIND :SUNSHINE: SKY :PK WND
================================================================================
1 2 3 4 5 6A 6B 7 8 9 10 11 12 13 14 15 16 17 18
12Z AVG MX 2MIN
DY MAX MIN AVG DEP HDD CDD WTR SNW DPTH SPD SPD DIR MIN PSBL S-S WX SPD DR
================================================================================
1 83 64 74 8 0 9 0.00 0.0 0 8.6 20 160 M M 9 1 26 130
2 82 65 74 8 0 9 0.00 0.0 0 6.2 15 210 M M 10 1 20 180
3 81 63 72 6 0 7 0.33 0.0 0 5.4 18 140 M M 7 13 24 160
4 82 63 73 7 0 8 0.00 0.0 0 8.2 18 80 M M 6 1 21 80
5 80 66 73 7 0 8 T 0.0 0 8.3 12 120 M M 9 1 23 90
6 83 66 75 9 0 10 0.08 0.0 0 10.3 21 310 M M 7 13 28 300
7 84 64 74 8 0 9 0.00 0.0 0 5.6 16 110 M M 5 21 110
8 88 64 76 10 0 11 0.00 0.0 0 6.7 16 100 M M 8 12 23 120
9 90 72 81 15 0 16 0.00 0.0 0 13.1 26 230 M M 8 1 36 240
10 79 63 71 4 0 6 0.01 0.0 0 11.3 21 230 M M 8 1 27 330
11 75 53 64 -3 1 0 0.00 0.0 0 10.3 18 350 M M 7 27 350
12 80 54 67 0 0 2 0.00 0.0 0 5.6 13 130 M M 3 19 110
13 84 58 71 4 0 6 T 0.0 0 4.9 13 330 M M 6 17 290
14 87 63 75 8 0 10 0.00 0.0 0 4.5 14 110 M M 5 21 70
15 88 64 76 9 0 11 0.00 0.0 0 5.5 13 270 M M 3 1 23 120
16 86 65 76 9 0 11 0.00 0.0 0 6.9 16 240 M M 6 21 230
17 86 65 76 9 0 11 0.00 0.0 0 7.4 18 270 M M 6 1 24 270
18 87 69 78 10 0 13 T 0.0 0 11.9 25 270 M M 8 13 39 280
19 69 50 60 -8 5 0 0.00 0.0 0 13.2 28 340 M M 4 37 350
20 76 48 62 -6 3 0 0.00 0.0 0 4.0 10 130 M M 2 16 150
21 82 53 68 0 0 3 T 0.0 0 8.5 20 110 M M 5 25 110
22 74 63 69 1 0 4 0.94 0.0 0 12.0 24 130 M M 10 1 32 140
23 83 64 74 6 0 9 0.02 0.0 0 9.9 22 280 M M 7 1 29 270
24 78 62 70 2 0 5 0.01 0.0 0 14.8 28 30 M M 6 36 40
25 80 60 70 2 0 5 0.00 0.0 0 11.7 22 70 M M 6 30 110
26 86 65 76 7 0 11 0.00 0.0 M 11.4 25 130 M M 7 36 140
27 84 69 77 8 0 12 T 0.0 0 8.9 22 320 M M 9 30 290
================================================================================
SM 2217 1675 9 206 1.39 0.0 235.1 M 177
================================================================================
AV 82.1 62.0 8.7 FASTST M M 7 MAX(MPH)
MISC ----> # 28 340 39 280
================================================================================
NOTES:
# LAST OF SEVERAL OCCURRENCES
COLUMN 17 PEAK WIND IN M.P.H.
PRELIMINARY LOCAL CLIMATOLOGICAL DATA (WS FORM: F-6) , PAGE 2
STATION: ORLANDO INTL
MONTH: MARCH
YEAR: 2024
LATITUDE: 28 25 N
LONGITUDE: 81 19 W
[TEMPERATURE DATA] [PRECIPITATION DATA] SYMBOLS USED IN COLUMN 16
AVERAGE MONTHLY: 72.1 TOTAL FOR MONTH: 1.39 1 = FOG OR MIST
DPTR FM NORMAL: 5.0 DPTR FM NORMAL: -1.22 2 = FOG REDUCING VISIBILITY
HIGHEST: 90 ON 9 GRTST 24HR 0.94 ON 22-22 TO 1/4 MILE OR LESS
LOWEST: 48 ON 20 3 = THUNDER
SNOW, ICE PELLETS, HAIL 4 = ICE PELLETS
TOTAL MONTH: 0.0 INCH 5 = HAIL
GRTST 24HR 0.0 6 = FREEZING RAIN OR DRIZZLE
GRTST DEPTH: 0 7 = DUSTSTORM OR SANDSTORM:
VSBY 1/2 MILE OR LESS
8 = SMOKE OR HAZE
[NO. OF DAYS WITH] [WEATHER - DAYS WITH] 9 = BLOWING SNOW
X = TORNADO
MAX 32 OR BELOW: 0 0.01 INCH OR MORE: 6
MAX 90 OR ABOVE: 1 0.10 INCH OR MORE: 2
MIN 32 OR BELOW: 0 0.50 INCH OR MORE: 1
MIN 0 OR BELOW: 0 1.00 INCH OR MORE: 0
[HDD (BASE 65) ]
TOTAL THIS MO. 9 CLEAR (SCALE 0-3) 2
DPTR FM NORMAL -43 PTCLDY (SCALE 4-7) 17
TOTAL FM JUL 1 331 CLOUDY (SCALE 8-10) 8
DPTR FM NORMAL -182
[CDD (BASE 65) ]
TOTAL THIS MO. 206
DPTR FM NORMAL 99 [PRESSURE DATA]
TOTAL FM JAN 1 308 HIGHEST SLP M ON M
DPTR FM NORMAL 88 LOWEST SLP 29.66 ON 23
[REMARKS]