000
CXUS54 KEWX 230910
CF6PEZ
PRELIMINARY LOCAL CLIMATOLOGICAL DATA (WS FORM: F-6)

                                          STATION:   PLEASANTON MUNICIPAL AIRPORT
                                          MONTH:     APRIL
                                          YEAR:      2018
                                          LATITUDE:   28 57 N
                                          LONGITUDE:  98 31 W

  TEMPERATURE IN F:       :PCPN:    SNOW:  WIND      :SUNSHINE: SKY     :PK WND
================================================================================
1   2   3   4   5  6A  6B    7    8   9   10  11  12  13   14  15   16   17  18
                                     12Z  AVG MX 2MIN
DY MAX MIN AVG DEP HDD CDD  WTR  SNW DPTH SPD SPD DIR MIN PSBL S-S WX    SPD DR
================================================================================

 1  87  60  74   M   0   9 0.00    M    M  7.4 16 150   M    M   3 1      21 150
 2  87  69  78   M   0  13 0.00    M    M  9.3 16 170   M    M   5        24 140
 3  88  63  76   M   0  11 0.36    M    M  7.1 15 180   M    M   6 3      22 180
 4  72  55  64   M   1   0 0.00    M    M 11.9 20  60   M    M   7        28  60
 5  80  56  68   M   0   3 0.00    M    M  4.8 10 130   M    M   8        20 150
 6  89  70  80   M   0  15 0.00    M    M  7.0 12 200   M    M   6        17 150
 7  72  45  59   M   6   0 0.00    M    M 10.4 17  50   M    M   8 1      27  50
 8  73  44  59   M   6   0 0.00    M    M  4.7 10 180   M    M   4 8       M  M
 9  67  55  61   M   4   0 0.00    M    M  7.3 13  70   M    M  10 1      16  70
10  78  52  65   M   0   0 0.00    M    M  7.4 17  60   M    M   1        21  60
11  84  46  65   M   0   0 0.00    M    M  6.4 14 150   M    M   0        20 180
12  90  61  76   M   0  11 0.00    M    M  9.9 16 140   M    M   6        24 150
13  93  57  75   M   0  10 0.18    M    M  7.4 12 190   M    M   6 3      22 160
14  74  50  62   M   3   0 0.21    M    M  8.3 21 360   M    M   3 3      30 360
15  79  41  60   M   5   0 0.00    M    M  2.9  8 160   M    M   0         M  M
16  87  49  68   M   0   3 0.00    M    M  7.9 17 150   M    M   0        27 150
17  90  56  73   M   0   8 0.00    M    M  9.4 15 140   M    M   0        23 190
18  80  65  73   M   0   8 0.00    M    M  5.8 12  50   M    M   7        16  50
19  80  61  71   M   0   6 0.00    M    M  8.3 18  80   M    M   3        24  80
20  73  56  65   M   0   0 0.00    M    M  9.2 17 120   M    M   6        23 130
21  78  62  70   M   0   5 0.12    M    M  2.7 10 110   M    M   7 12      M  M
22  80  54  67   M   0   2 0.00  0.0    0  6.0 13  30   M    M   0        18  30
================================================================================
SM 1781 1227        25 104  0.87     0.0 161.5          M       96
================================================================================
AV 81.0 55.8                               7.3 FASTST   M    M   4    MAX(MPH)
                                 MISC ---->  # 21 360               # 30  360
================================================================================
NOTES:
# LAST OF SEVERAL OCCURRENCES

COLUMN 17 PEAK WIND IN M.P.H.

PRELIMINARY LOCAL CLIMATOLOGICAL DATA (WS FORM: F-6) , PAGE 2

                                          STATION:  PLEASANTON MUNICIPAL AIRPORT
                                          MONTH:    APRIL
                                          YEAR:     2018
                                          LATITUDE:   28 57 N
                                          LONGITUDE:  98 31 W

[TEMPERATURE DATA]      [PRECIPITATION DATA]       SYMBOLS USED IN COLUMN 16

AVERAGE MONTHLY: 68.4   TOTAL FOR MONTH:   0.87    1 = FOG OR MIST
DPTR FM NORMAL:     M   DPTR FM NORMAL:       M    2 = FOG REDUCING VISIBILITY
HIGHEST:    93 ON 13    GRTST 24HR  0.36 ON  3- 3      TO 1/4 MILE OR LESS
LOWEST:     41 ON 15                               3 = THUNDER
                        SNOW, ICE PELLETS, HAIL    4 = ICE PELLETS
                        TOTAL MONTH:   0.0 INCH    5 = HAIL
                        GRTST 24HR     0.0         6 = FREEZING RAIN OR DRIZZLE
                        GRTST DEPTH:   0           7 = DUSTSTORM OR SANDSTORM:
                                                       VSBY 1/2 MILE OR LESS
                                                   8 = SMOKE OR HAZE
[NO. OF DAYS WITH]      [WEATHER - DAYS WITH]      9 = BLOWING SNOW
                                                   X = TORNADO
MAX 32 OR BELOW:   0    0.01 INCH OR MORE:   4
MAX 90 OR ABOVE:   3    0.10 INCH OR MORE:   4
MIN 32 OR BELOW:   0    0.50 INCH OR MORE:   0
MIN  0 OR BELOW:   0    1.00 INCH OR MORE:   0

[HDD (BASE 65) ]
TOTAL THIS MO.    25    CLEAR  (SCALE 0-3)   8
DPTR FM NORMAL     M    PTCLDY (SCALE 4-7)  13
TOTAL FM JUL 1  1254    CLOUDY (SCALE 8-10)  1
DPTR FM NORMAL     M

[CDD (BASE 65) ]
TOTAL THIS MO.   104
DPTR FM NORMAL     M    [PRESSURE DATA]
TOTAL FM JAN 1   322    HIGHEST SLP M ON M
DPTR FM NORMAL     M    LOWEST  SLP M ON M

[REMARKS]
