000
CXUS55 KABR 231400
CF6PIR
PRELIMINARY LOCAL CLIMATOLOGICAL DATA (WS FORM: F-6)

                                          STATION:   PIERRE SD
                                          MONTH:     APRIL
                                          YEAR:      2018
                                          LATITUDE:   44 22 N
                                          LONGITUDE: 100 17 W

  TEMPERATURE IN F:       :PCPN:    SNOW:  WIND      :SUNSHINE: SKY     :PK WND
================================================================================
1   2   3   4   5  6A  6B    7    8   9   10  11  12  13   14  15   16   17  18
                                     12Z  AVG MX 2MIN
DY MAX MIN AVG DEP HDD CDD  WTR  SNW DPTH SPD SPD DIR MIN PSBL S-S WX    SPD DR
================================================================================

 1  43  10  27 -14  38   0 0.00  0.0    0  8.6 18 170   M    M   1        25 190
 2  43  22  33  -8  32   0 0.14  1.8    0 16.5 31  40   M    M   7 1      34  30
 3  22   5  14 -28  51   0 0.16  2.3    3 15.0 28 360   M    M   8 19     34 360
 4  40   0  20 -22  45   0 0.00  0.0    4  6.6 17 140   M    M   1        22 130
 5  43  22  33  -9  32   0 0.00  0.0    T  8.1 30 360   M    M   6        39 360
 6  29   9  19 -24  46   0    T    T    0 14.1 31 360   M    M   4        36 360
 7  41  11  26 -17  39   0 0.00  0.0    0  9.2 21 130   M    M   1        27 130
 8  34  27  31 -13  34   0 0.17  1.2    1 13.5 31 130   M    M  10 1      38 140
 9  38  20  29 -15  36   0    T    T    T  4.7  9 120   M    M   9 1      12  40
10  65  22  44  -1  21   0 0.00  0.0    0  6.7 16 320   M    M   1        21 340
11  60  37  49   4  16   0 0.01  0.0    0 10.5 20 120   M    M   2 8       M  M
12  53  29  41  -5  24   0 0.00  0.0    0 13.9 24  70   M    M   4 18     33  70
13  37  24  31 -15  34   0 0.75  8.0    0 25.4 40  20   M    M  10 12     47  20
14  34  17  26 -20  39   0 0.05  0.7    9 16.9 28 350   M    M   4 1      34 350
15  38  13  26 -21  39   0 0.00  0.0    2  8.1 15 340   M    M   0        17 350
16  40  12  26 -21  39   0 0.00  0.0    T 10.5 22 120   M    M   0 1      25 120
17  43  27  35 -13  30   0 0.00  0.0    0 15.6 30 120   M    M   6        35 120
18  48  31  40  -8  25   0 0.32  2.0    2 10.9 17 330   M    M   7 1      20 330
19  53  24  39  -9  26   0 0.00  0.0    0  8.2 21 160   M    M   0        25 140
20  53  33  43  -6  22   0 0.03  0.0    0 12.5 22 150   M    M   3 1      26 140
21  52  34  43  -6  22   0 0.01  0.0    0  9.3 22 160   M    M   5 1      25 150
22  64  29  47  -3  18   0 0.00  0.0    0 10.2 24 160   M    M   0        32 150
================================================================================
SM  973  458       708   0  1.64    16.0 255.0          M       89
================================================================================
AV 44.2 20.8                              11.6 FASTST   M    M   4    MAX(MPH)
                                 MISC ---->  # 40  20               # 47   20
================================================================================
NOTES:
# LAST OF SEVERAL OCCURRENCES

COLUMN 17 PEAK WIND IN M.P.H.

PRELIMINARY LOCAL CLIMATOLOGICAL DATA (WS FORM: F-6) , PAGE 2

                                          STATION:  PIERRE SD
                                          MONTH:    APRIL
                                          YEAR:     2018
                                          LATITUDE:   44 22 N
                                          LONGITUDE: 100 17 W

[TEMPERATURE DATA]      [PRECIPITATION DATA]       SYMBOLS USED IN COLUMN 16

AVERAGE MONTHLY: 32.5   TOTAL FOR MONTH:   1.64    1 = FOG OR MIST
DPTR FM NORMAL: -12.8   DPTR FM NORMAL:    0.43    2 = FOG REDUCING VISIBILITY
HIGHEST:    65 ON 10    GRTST 24HR  0.75 ON 13-13      TO 1/4 MILE OR LESS
LOWEST:      0 ON  4                               3 = THUNDER
                        SNOW, ICE PELLETS, HAIL    4 = ICE PELLETS
                        TOTAL MONTH:  16.0 INCHES  5 = HAIL
                        GRTST 24HR   8.0 ON 13-13  6 = FREEZING RAIN OR DRIZZLE
                        GRTST DEPTH:   9 ON 14     7 = DUSTSTORM OR SANDSTORM:
                                                       VSBY 1/2 MILE OR LESS
                                                   8 = SMOKE OR HAZE
[NO. OF DAYS WITH]      [WEATHER - DAYS WITH]      9 = BLOWING SNOW
                                                   X = TORNADO
MAX 32 OR BELOW:   2    0.01 INCH OR MORE:   9
MAX 90 OR ABOVE:   0    0.10 INCH OR MORE:   5
MIN 32 OR BELOW:  19    0.50 INCH OR MORE:   1
MIN  0 OR BELOW:   1    1.00 INCH OR MORE:   0

[HDD (BASE 65) ]
TOTAL THIS MO.   708    CLEAR  (SCALE 0-3)  10
DPTR FM NORMAL   273    PTCLDY (SCALE 4-7)   8
TOTAL FM JUL 1  7421    CLOUDY (SCALE 8-10)  4
DPTR FM NORMAL   541

[CDD (BASE 65) ]
TOTAL THIS MO.     0
DPTR FM NORMAL     0    [PRESSURE DATA]
TOTAL FM JAN 1     0    HIGHEST SLP M ON M
DPTR FM NORMAL     0    LOWEST  SLP 29.68 ON 12

[REMARKS]
