000
CXUS56 KPDT 261032
CF6PSC
PRELIMINARY LOCAL CLIMATOLOGICAL DATA (WS FORM: F-6)

                                          STATION:   PASCO WA
                                          MONTH:     APRIL
                                          YEAR:      2018
                                          LATITUDE:   46 16 N
                                          LONGITUDE: 119  7 W

  TEMPERATURE IN F:       :PCPN:    SNOW:  WIND      :SUNSHINE: SKY     :PK WND
================================================================================
1   2   3   4   5  6A  6B    7    8   9   10  11  12  13   14  15   16   17  18
                                     12Z  AVG MX 2MIN
DY MAX MIN AVG DEP HDD CDD  WTR  SNW DPTH SPD SPD DIR MIN PSBL S-S WX    SPD DR
================================================================================

 1  59  31  45  -5  20   0 0.00  0.0    0 13.0 28 220   M    M   5        35 220
 2  57  30  44  -7  21   0 0.00  0.0    0 10.3 23 240   M    M   3        26 240
 3  55  28  42  -9  23   0 0.00  0.0    0  3.2 12  10   M    M   4        13  10
 4  57  44  51   0  14   0 0.06  0.0    0  5.8 14 280   M    M   M        18 280
 5  54  46  50  -1  15   0 0.13  0.0    0  4.3 10 360   M    M  10 1      13 360
 6  68  47  58   7   7   0 0.00  0.0    0  7.0 21 300   M    M   7 1      25 300
 7  66  45  56   5   9   0 0.37  0.0    0  9.5 25 300   M    M   6 1      30 310
 8  64  46  55   3  10   0 0.00  0.0    0 16.8 31 230   M    M   6        41 230
 9  67  40  54   2  11   0 0.00  0.0    0  6.3 14 220   M    M   0        18 220
10  69  43  56   4   9   0    T  0.0    0  7.7 23 200   M    M   4        27 210
11  64  45  55   3  10   0 0.30  0.0    0  8.4 22 330   M    M   7 1      26 330
12  61  43  52   0  13   0 0.03  0.0    0 21.1 33 240   M    M   3        42 240
13  59  42  51  -1  14   0 0.03  0.0    0 13.0 25 230   M    M   6        31 220
14  67  51  59   7   6   0    T  0.0    0 12.0 21 210   M    M   5        29 210
15  64  49  57   4   8   0 0.13  0.0    0  7.5 21 290   M    M   7 1      25 290
16  59  44  52  -1  13   0    T  0.0    0 20.7 35 220   M    M   5        44 220
17  61  43  52  -1  13   0 0.00  0.0    0 17.8 30 220   M    M   5        36 230
18  65  33  49  -4  16   0 0.00  0.0    0  6.3 14  40   M    M   2        21 360
19  69  34  52  -1  13   0 0.00  0.0    0  7.0 15 360   M    M   0        19 360
20  72  36  54   0  11   0 0.00  0.0    0  5.4 13 220   M    M   1        16 210
21  68  41  55   1  10   0    T  0.0    0 12.2 24 320   M    M   3        29 240
22  65  31  48  -6  17   0 0.00  0.0    0  2.3 13 330   M    M   0        16 330
23  71  29  50  -4  15   0 0.00  0.0    0  4.4 13 340   M    M   0        16  10
24  77  33  55   1  10   0 0.00  0.0    0  5.0 10 330   M    M   0        12 320
25  80  40  60   5   5   0 0.00  0.0    0  3.1  9 340   M    M   0        11  30
================================================================================
SM 1618  994       313   0  1.05     0.0 230.1          M       89
================================================================================
AV 64.7 39.8                               9.2 FASTST   M    M   4    MAX(MPH)
                                 MISC ---->  # 35 220               # 44  220
================================================================================
NOTES:
# LAST OF SEVERAL OCCURRENCES

COLUMN 17 PEAK WIND IN M.P.H.

PRELIMINARY LOCAL CLIMATOLOGICAL DATA (WS FORM: F-6) , PAGE 2

                                          STATION:  PASCO WA
                                          MONTH:    APRIL
                                          YEAR:     2018
                                          LATITUDE:   46 16 N
                                          LONGITUDE: 119  7 W

[TEMPERATURE DATA]      [PRECIPITATION DATA]       SYMBOLS USED IN COLUMN 16

AVERAGE MONTHLY: 52.2   TOTAL FOR MONTH:   1.05    1 = FOG OR MIST
DPTR FM NORMAL:  -0.2   DPTR FM NORMAL:    0.50    2 = FOG REDUCING VISIBILITY
HIGHEST:    80 ON 25    GRTST 24HR  0.37 ON  7- 7      TO 1/4 MILE OR LESS
LOWEST:     28 ON  3                               3 = THUNDER
                        SNOW, ICE PELLETS, HAIL    4 = ICE PELLETS
                        TOTAL MONTH:   0.0 INCH    5 = HAIL
                        GRTST 24HR     0.0         6 = FREEZING RAIN OR DRIZZLE
                        GRTST DEPTH:   0           7 = DUSTSTORM OR SANDSTORM:
                                                       VSBY 1/2 MILE OR LESS
                                                   8 = SMOKE OR HAZE
[NO. OF DAYS WITH]      [WEATHER - DAYS WITH]      9 = BLOWING SNOW
                                                   X = TORNADO
MAX 32 OR BELOW:   0    0.01 INCH OR MORE:   7
MAX 90 OR ABOVE:   0    0.10 INCH OR MORE:   4
MIN 32 OR BELOW:   5    0.50 INCH OR MORE:   0
MIN  0 OR BELOW:   0    1.00 INCH OR MORE:   0

[HDD (BASE 65) ]
TOTAL THIS MO.   313    CLEAR  (SCALE 0-3)  10
DPTR FM NORMAL    -1    PTCLDY (SCALE 4-7)  13
TOTAL FM JUL 1  4650    CLOUDY (SCALE 8-10)  1
DPTR FM NORMAL  -125

[CDD (BASE 65) ]
TOTAL THIS MO.     0
DPTR FM NORMAL     0    [PRESSURE DATA]
TOTAL FM JAN 1     0    HIGHEST SLP 30.04 ON  1
DPTR FM NORMAL     0    LOWEST  SLP 29.40 ON  7

[REMARKS]
