944
CXUS56 KSGX 231445
CF6RIV
PRELIMINARY LOCAL CLIMATOLOGICAL DATA (WS FORM: F-6)

                                          STATION:   RIVERSIDE/MARCH FIELD CA
                                          MONTH:     APRIL
                                          YEAR:      2018
                                          LATITUDE:   33 54 N
                                          LONGITUDE: 117 15 W

  TEMPERATURE IN F:       :PCPN:    SNOW:  WIND      :SUNSHINE: SKY     :PK WND
================================================================================
1   2   3   4   5  6A  6B    7    8   9   10  11  12  13   14  15   16   17  18
                                     12Z  AVG MX 2MIN
DY MAX MIN AVG DEP HDD CDD  WTR  SNW DPTH SPD SPD DIR MIN PSBL S-S WX    SPD DR
================================================================================

 1  75  47  61   M   4   0 0.00    M    0  3.7 13 300   M    M   2         M  M
 2  67  46  57   M   8   0 0.00  0.0    0  4.6 13 350   M    M   6 1       M  M
 3  75  49  62   M   3   0 0.00  0.0    0  4.9 10 300   M    M   4         M  M
 4  76  44  60   M   5   0 0.00    M    0  3.7 12 300   M    M   1 1       M  M
 5  75  47  61   M   4   0 0.00  0.0    0  4.4 15 300   M    M   3 12     21 300
 6  74  50  62   M   3   0 0.00  0.0    0  4.5 12 310   M    M   0        18 310
 7  78  49  64   M   1   0 0.00  0.0    0  5.6 15 290   M    M   2        23 290
 8   M   M   M   M   M   M 0.00  0.0    0  2.3  7 330   M    M   6 1       M  M
 9  93  45  69   M   0   4 0.00  0.0    M  3.9  9  80   M    M   0         M  M
10  92  47  70   M   0   5    T    M    0  4.3 16 290   M    M   2        18 310
11  85  47  66   M   0   1 0.00  0.0    M  7.1 13 300   M    M   0        21 260
12  68  49  59   M   6   0 0.00  0.0    0  8.4 20 290   M    M   3        23 250
13  80  45  63   M   2   0 0.00  0.0    0 10.7 22 340   M    M   0        35 330
14  85  39  62   M   3   0 0.00    M    0  3.3 14 310   M    M   0        22 320
15  81  39  60   M   5   0 0.00  0.0    0  3.4 13 300   M    M   3         M  M
16  68  40  54   M  11   0 0.00  0.0    0  7.5 16 280   M    M   0        24 270
17  71  34  53   M  12   0 0.00  0.0    0  4.9 14 280   M    M   0         M  M
18  76  36  56   M   9   0 0.00    M    0  4.9 14 280   M    M   0        22 310
19  60  42  51   M  14   0    T    M    0  5.8 14 320   M    M   4         M  M
20  77  36  57   M   8   0 0.00  0.0    0  5.0 17 310   M    M   0        22 300
21  88  41  65   M   0   0    T    M    0  5.4 17 290   M    M   1         M  M
22  89  45  67   M   0   2 0.00  0.0    0  4.9 22 300   M    M   0        25 300
================================================================================
SM 1633  917        98  12    T      0.0 113.2          M       37
================================================================================
AV 77.8 43.7                               5.1 FASTST   M    M   2    MAX(MPH)
                                 MISC ---->  # 22 340               # 35  330
================================================================================
NOTES:
# LAST OF SEVERAL OCCURRENCES

COLUMN 17 PEAK WIND IN M.P.H.

PRELIMINARY LOCAL CLIMATOLOGICAL DATA (WS FORM: F-6) , PAGE 2

                                          STATION:  RIVERSIDE/MARCH FIELD CA
                                          MONTH:    APRIL
                                          YEAR:     2018
                                          LATITUDE:   33 54 N
                                          LONGITUDE: 117 15 W

[TEMPERATURE DATA]      [PRECIPITATION DATA]       SYMBOLS USED IN COLUMN 16

AVERAGE MONTHLY: 60.7   TOTAL FOR MONTH:      T    1 = FOG OR MIST
DPTR FM NORMAL:     M   DPTR FM NORMAL:       M    2 = FOG REDUCING VISIBILITY
HIGHEST:    93 ON  9    GRTST 24HR    T  ON 21-21      TO 1/4 MILE OR LESS
LOWEST:     34 ON 17                               3 = THUNDER
                        SNOW, ICE PELLETS, HAIL    4 = ICE PELLETS
                        TOTAL MONTH:   0.0 INCH    5 = HAIL
                        GRTST 24HR     0.0         6 = FREEZING RAIN OR DRIZZLE
                        GRTST DEPTH:   0           7 = DUSTSTORM OR SANDSTORM:
                                                       VSBY 1/2 MILE OR LESS
                                                   8 = SMOKE OR HAZE
[NO. OF DAYS WITH]      [WEATHER - DAYS WITH]      9 = BLOWING SNOW
                                                   X = TORNADO
MAX 32 OR BELOW:   0    0.01 INCH OR MORE:   0
MAX 90 OR ABOVE:   2    0.10 INCH OR MORE:   0
MIN 32 OR BELOW:   0    0.50 INCH OR MORE:   0
MIN  0 OR BELOW:   0    1.00 INCH OR MORE:   0

[HDD (BASE 65) ]
TOTAL THIS MO.    98    CLEAR  (SCALE 0-3)  18
DPTR FM NORMAL     M    PTCLDY (SCALE 4-7)   4
TOTAL FM JUL 1  1542    CLOUDY (SCALE 8-10)  0
DPTR FM NORMAL     M

[CDD (BASE 65) ]
TOTAL THIS MO.    12
DPTR FM NORMAL     M    [PRESSURE DATA]
TOTAL FM JAN 1    13    HIGHEST SLP M ON M
DPTR FM NORMAL     M    LOWEST  SLP M ON M

[REMARKS]
