000
CXUS55 KRIW 171010
CF6RKS
PRELIMINARY LOCAL CLIMATOLOGICAL DATA (WS FORM: F-6)
STATION: ROCK SPRINGS WY
MONTH: APRIL
YEAR: 2024
LATITUDE: 41 35 N
LONGITUDE: 109 4 W
TEMPERATURE IN F: :PCPN: SNOW: WIND :SUNSHINE: SKY :PK WND
================================================================================
1 2 3 4 5 6A 6B 7 8 9 10 11 12 13 14 15 16 17 18
12Z AVG MX 2MIN
DY MAX MIN AVG DEP HDD CDD WTR SNW DPTH SPD SPD DIR MIN PSBL S-S WX SPD DR
================================================================================
1 42 23 33 -5 32 0 0.01 M M 6.3 18 260 M M 6 18 27 270
2 54 26 40 2 25 0 0.00 M M 14.5 25 260 M M 1 33 260
3 62 33 48 9 17 0 0.00 M M 11.2 17 250 M M 0 25 260
4 62 37 50 11 15 0 0.00 M M 16.0 37 190 M M 0 49 190
5 61 27 44 5 21 0 0.02 M M 21.1 43 180 M M 3 18 57 180
6 36 24 30 -9 35 0 0.00 M M 27.3 40 270 M M 6 56 250
7 41 22 32 -7 33 0 0.00 M M 21.5 32 250 M M 3 42 260
8 45 21 33 -7 32 0 0.00 M M 11.9 20 250 M M 2 25 280
9 52 23 38 -2 27 0 0.00 M M 19.3 30 270 M M 2 40 280
10 55 31 43 3 22 0 0.00 M M 14.5 25 270 M M 1 34 290
11 61 29 45 5 20 0 0.00 M M 10.2 26 260 M M 0 33 260
12 71 28 50 10 15 0 0.00 M M 11.1 32 210 M M 0 45 190
13 69 42 56 16 9 0 0.00 M M 7.5 21 250 M M 3 32 240
14 66 41 54 13 11 0 0.00 M M 13.7 33 190 M M 0 44 170
15 56 35 46 5 19 0 0.07 M M 14.0 35 220 M M 3 1 46 230
16 58 36 47 6 18 0 0.00 M M 19.6 36 260 M M 4 48 260
================================================================================
SM 891 478 351 0 0.10 M 239.7 M 34
================================================================================
AV 55.7 29.9 15.0 FASTST M M 2 MAX(MPH)
MISC ----> 43 180 57 180
================================================================================
NOTES:
# LAST OF SEVERAL OCCURRENCES
COLUMN 17 PEAK WIND IN M.P.H.
PRELIMINARY LOCAL CLIMATOLOGICAL DATA (WS FORM: F-6) , PAGE 2
STATION: ROCK SPRINGS WY
MONTH: APRIL
YEAR: 2024
LATITUDE: 41 35 N
LONGITUDE: 109 4 W
[TEMPERATURE DATA] [PRECIPITATION DATA] SYMBOLS USED IN COLUMN 16
AVERAGE MONTHLY: 42.8 TOTAL FOR MONTH: 0.10 1 = FOG OR MIST
DPTR FM NORMAL: 3.2 DPTR FM NORMAL: -0.34 2 = FOG REDUCING VISIBILITY
HIGHEST: 71 ON 12 GRTST 24HR 0.07 ON 15-15 TO 1/4 MILE OR LESS
LOWEST: 21 ON 8 3 = THUNDER
SNOW, ICE PELLETS, HAIL 4 = ICE PELLETS
TOTAL MONTH: M 5 = HAIL
GRTST 24HR M ON M 6 = FREEZING RAIN OR DRIZZLE
GRTST DEPTH: M ON M 7 = DUSTSTORM OR SANDSTORM:
VSBY 1/2 MILE OR LESS
8 = SMOKE OR HAZE
[NO. OF DAYS WITH] [WEATHER - DAYS WITH] 9 = BLOWING SNOW
X = TORNADO
MAX 32 OR BELOW: 0 0.01 INCH OR MORE: 3
MAX 90 OR ABOVE: 0 0.10 INCH OR MORE: 0
MIN 32 OR BELOW: 10 0.50 INCH OR MORE: 0
MIN 0 OR BELOW: 0 1.00 INCH OR MORE: 0
[HDD (BASE 65) ]
TOTAL THIS MO. 351 CLEAR (SCALE 0-3) 12
DPTR FM NORMAL -53 PTCLDY (SCALE 4-7) 4
TOTAL FM JUL 1 6645 CLOUDY (SCALE 8-10) 0
DPTR FM NORMAL -510
[CDD (BASE 65) ]
TOTAL THIS MO. 0
DPTR FM NORMAL 0 [PRESSURE DATA]
TOTAL FM JAN 1 0 HIGHEST SLP M ON M
DPTR FM NORMAL 0 LOWEST SLP 29.34 ON 5
[REMARKS]