000
CXUS54 KBMX 231110
CF6TCL
PRELIMINARY LOCAL CLIMATOLOGICAL DATA (WS FORM: F-6)

                                          STATION:   TUSCALOOSA
                                          MONTH:     APRIL
                                          YEAR:      2018
                                          LATITUDE:   33 13 N
                                          LONGITUDE:  87 37 W

  TEMPERATURE IN F:       :PCPN:    SNOW:  WIND      :SUNSHINE: SKY     :PK WND
================================================================================
1   2   3   4   5  6A  6B    7    8   9   10  11  12  13   14  15   16   17  18
                                     12Z  AVG MX 2MIN
DY MAX MIN AVG DEP HDD CDD  WTR  SNW DPTH SPD SPD DIR MIN PSBL S-S WX    SPD DR
================================================================================

 1  81  44  63   3   2   0 0.00  0.0    0  3.3 13 170   M    M   0        17 180
 2  80  51  66   6   0   1 0.00  0.0    0  4.8 16 200   M    M   1        20 190
 3  86  57  72  12   0   7 0.30  0.0    0  9.1 24 290   M    M   5 13     35 270
 4  65  45  55  -5  10   0 0.01  0.0    0 10.8 28 350   M    M   1 1      35 360
 5  69  36  53  -7  12   0 0.00  0.0    0  3.1 13  60   M    M   0        17  60
 6  74  48  61   0   4   0 1.29  0.0    0  5.0 17  30   M    M   8 13     21  20
 7  59  40  50 -11  15   0    T  0.0    0 11.3 21 350   M    M   9 1      25  30
 8  66  34  50 -11  15   0 0.00  0.0    0  5.8 17  10   M    M   3        21 360
 9  73  54  64   3   1   0 0.00  0.0    0  4.5 14  30   M    M   5        17  30
10  74  49  62   0   3   0 0.00  0.0    0  7.0 18 310   M    M   1        23 300
11  76  41  59  -3   6   0 0.00  0.0    0  2.3  8 180   M    M   0 1      13 210
12  81  45  63   1   2   0 0.00  0.0    0  6.8 17 190   M    M   0 18     23 190
13  82  58  70   8   0   5 0.00  0.0    0 10.2 21 170   M    M   1        29 180
14  80  61  71   8   0   6 2.88  0.0    0  9.9 22 180   M    M  10 13     30 170
15  61  40  51 -12  14   0 0.14  0.0    0  9.6 20 300   M    M   8 18     28 300
16  62  35  49 -14  16   0 0.00  0.0    0  7.3 18 270   M    M   0        29 290
17  81  38  60  -3   5   0 0.00  0.0    0  6.0 20 200   M    M   1 12     24 200
18  82  54  68   4   0   3 0.00  0.0    0  8.9 22 200   M    M   4        29 190
19  67  48  58  -6   7   0 0.00  0.0    0  9.9 18  10   M    M   1        23 350
20  74  41  58  -6   7   0 0.00  0.0    0  6.8 14  40   M    M   0        19  80
21  78  44  61  -4   4   0 0.00  0.0    0  5.8 15  90   M    M   3        21 100
22  69  60  65   0   0   0 2.47  0.0    0  9.1 25 270   M    M   9 123    34 270
================================================================================
SM 1620 1023       123  22  7.09     0.0 157.3          M       70
================================================================================
AV 73.6 46.5                               7.2 FASTST   M    M   3    MAX(MPH)
                                 MISC ---->  # 28 350               # 35  270
================================================================================
NOTES:
# LAST OF SEVERAL OCCURRENCES

COLUMN 17 PEAK WIND IN M.P.H.

PRELIMINARY LOCAL CLIMATOLOGICAL DATA (WS FORM: F-6) , PAGE 2

                                          STATION:  TUSCALOOSA
                                          MONTH:    APRIL
                                          YEAR:     2018
                                          LATITUDE:   33 13 N
                                          LONGITUDE:  87 37 W

[TEMPERATURE DATA]      [PRECIPITATION DATA]       SYMBOLS USED IN COLUMN 16

AVERAGE MONTHLY: 60.1   TOTAL FOR MONTH:   7.09    1 = FOG OR MIST
DPTR FM NORMAL:  -2.0   DPTR FM NORMAL:    3.95    2 = FOG REDUCING VISIBILITY
HIGHEST:    86 ON  3    GRTST 24HR  2.88 ON 14-14      TO 1/4 MILE OR LESS
LOWEST:     34 ON  8                               3 = THUNDER
                        SNOW, ICE PELLETS, HAIL    4 = ICE PELLETS
                        TOTAL MONTH:   0.0 INCH    5 = HAIL
                        GRTST 24HR     0.0         6 = FREEZING RAIN OR DRIZZLE
                        GRTST DEPTH:   0           7 = DUSTSTORM OR SANDSTORM:
                                                       VSBY 1/2 MILE OR LESS
                                                   8 = SMOKE OR HAZE
[NO. OF DAYS WITH]      [WEATHER - DAYS WITH]      9 = BLOWING SNOW
                                                   X = TORNADO
MAX 32 OR BELOW:   0    0.01 INCH OR MORE:   6
MAX 90 OR ABOVE:   0    0.10 INCH OR MORE:   5
MIN 32 OR BELOW:   0    0.50 INCH OR MORE:   3
MIN  0 OR BELOW:   0    1.00 INCH OR MORE:   3

[HDD (BASE 65) ]
TOTAL THIS MO.   123    CLEAR  (SCALE 0-3)  14
DPTR FM NORMAL    20    PTCLDY (SCALE 4-7)   3
TOTAL FM JUL 1  2304    CLOUDY (SCALE 8-10)  5
DPTR FM NORMAL  -183

[CDD (BASE 65) ]
TOTAL THIS MO.    22
DPTR FM NORMAL   -17    [PRESSURE DATA]
TOTAL FM JAN 1   104    HIGHEST SLP M ON M
DPTR FM NORMAL    42    LOWEST  SLP 29.72 ON 15

[REMARKS]
