000
CXUS54 KBMX 251110
CF6TOI
PRELIMINARY LOCAL CLIMATOLOGICAL DATA (WS FORM: F-6)

                                          STATION:   TROY
                                          MONTH:     APRIL
                                          YEAR:      2018
                                          LATITUDE:   31 51 N
                                          LONGITUDE:  86  1 W

  TEMPERATURE IN F:       :PCPN:    SNOW:  WIND      :SUNSHINE: SKY     :PK WND
================================================================================
1   2   3   4   5  6A  6B    7    8   9   10  11  12  13   14  15   16   17  18
                                     12Z  AVG MX 2MIN
DY MAX MIN AVG DEP HDD CDD  WTR  SNW DPTH SPD SPD DIR MIN PSBL S-S WX    SPD DR
================================================================================

 1  80  41  61   1   4   0 0.00  0.0    0  1.8 10 200   M    M   0        14 200
 2  80  49  65   5   0   0 0.00  0.0    0  3.7 15 200   M    M   3 12     19 220
 3  84  65  75  15   0  10 0.00  0.0    0  9.0 21 210   M    M   6        27 220
 4  70  47  59  -1   6   0 0.10  0.0    0  8.9 20 340   M    M   4 1      29 250
 5  73  38  56  -5   9   0 0.00  0.0    0  3.3 13  30   M    M   0        15  30
 6  79  42  61   0   4   0 0.01  0.0    0  5.3 17 190   M    M   2        24 210
 7  69  45  57  -4   8   0 0.33  0.0    0  9.5 18 320   M    M   8 13     25 330
 8  65  41  53  -8  12   0 0.01  0.0    0  6.3 17 350   M    M   8        22 340
 9  70  54  62   0   3   0 0.02  0.0    0  4.2 10  20   M    M   9 1      18 350
10  74  47  61  -1   4   0 0.00  0.0    0  5.5 15  30   M    M   5        32 110
11  74  40  57  -5   8   0 0.00  0.0    0  3.2 14 360   M    M   0 1      20 340
12  79  41  60  -2   5   0 0.00  0.0    0  4.0 14 160   M    M   0        19 130
13  81  46  64   2   1   0 0.00  0.0    0  5.3 16 190   M    M   1        23 140
14  83  64  74  11   0   9 0.58  0.0    0 10.4 22 170   M    M   6 13     30 160
15  65  43  54  -9  11   0 0.93  0.0    0  9.6 30 300   M    M   9 13     36 320
16  63  37  50 -13  15   0 0.00  0.0    0  7.8 22 300   M    M   0        28 290
17  78  36  57  -7   8   0 0.00  0.0    0  4.7 14 240   M    M   0        19 240
18  84  51  68   4   0   3 0.00  0.0    0  8.4 18 210   M    M   0        25 190
19  75  49  62  -2   3   0 0.00  0.0    0  8.9 20 330   M    M   2        26 330
20  72  42  57  -7   8   0 0.00  0.0    0  6.3 16  70   M    M   0        21  50
21  77  44  61  -3   4   0    T    M    0  8.1 18 120   M    M   4        24 110
22  73  62  68   3   0   3 1.32  0.0    0 10.3 21 140   M    M  10 1      27 160
23  79  52  66   1   0   1 0.00  0.0    0  4.7 16 240   M    M   5 12     20 200
24  68  50  59  -6   6   0 0.00  0.0    0  4.2 18 300   M    M   4 1      24 280
================================================================================
SM 1795 1126       119  26  3.30     0.0 153.4          M       86
================================================================================
AV 74.8 46.9                               6.4 FASTST   M    M   4    MAX(MPH)
                                 MISC ---->  # 30 300               # 36  320
================================================================================
NOTES:
# LAST OF SEVERAL OCCURRENCES

COLUMN 17 PEAK WIND IN M.P.H.

PRELIMINARY LOCAL CLIMATOLOGICAL DATA (WS FORM: F-6) , PAGE 2

                                          STATION:  TROY
                                          MONTH:    APRIL
                                          YEAR:     2018
                                          LATITUDE:   31 51 N
                                          LONGITUDE:  86  1 W

[TEMPERATURE DATA]      [PRECIPITATION DATA]       SYMBOLS USED IN COLUMN 16

AVERAGE MONTHLY: 60.9   TOTAL FOR MONTH:   3.30    1 = FOG OR MIST
DPTR FM NORMAL:  -1.6   DPTR FM NORMAL:   -0.18    2 = FOG REDUCING VISIBILITY
HIGHEST:    84 ON 18, 3 GRTST 24HR  1.32 ON 22-22      TO 1/4 MILE OR LESS
LOWEST:     36 ON 17                               3 = THUNDER
                        SNOW, ICE PELLETS, HAIL    4 = ICE PELLETS
                        TOTAL MONTH:   0.0 INCH    5 = HAIL
                        GRTST 24HR     0.0         6 = FREEZING RAIN OR DRIZZLE
                        GRTST DEPTH:   0           7 = DUSTSTORM OR SANDSTORM:
                                                       VSBY 1/2 MILE OR LESS
                                                   8 = SMOKE OR HAZE
[NO. OF DAYS WITH]      [WEATHER - DAYS WITH]      9 = BLOWING SNOW
                                                   X = TORNADO
MAX 32 OR BELOW:   0    0.01 INCH OR MORE:   8
MAX 90 OR ABOVE:   0    0.10 INCH OR MORE:   5
MIN 32 OR BELOW:   0    0.50 INCH OR MORE:   3
MIN  0 OR BELOW:   0    1.00 INCH OR MORE:   1

[HDD (BASE 65) ]
TOTAL THIS MO.   119    CLEAR  (SCALE 0-3)  12
DPTR FM NORMAL    17    PTCLDY (SCALE 4-7)   7
TOTAL FM JUL 1  2067    CLOUDY (SCALE 8-10)  5
DPTR FM NORMAL  -236

[CDD (BASE 65) ]
TOTAL THIS MO.    26
DPTR FM NORMAL   -13    [PRESSURE DATA]
TOTAL FM JAN 1   112    HIGHEST SLP M ON M
DPTR FM NORMAL    54    LOWEST  SLP 29.72 ON 15

[REMARKS]
