000
CXUS54 KHGX 241415
CF6UTS
PRELIMINARY LOCAL CLIMATOLOGICAL DATA (WS FORM: F-6)

                                          STATION:   HUNTSVILLE_(ASOS)
                                          MONTH:     APRIL
                                          YEAR:      2018
                                          LATITUDE:   30 45 N
                                          LONGITUDE:  95 35 W

  TEMPERATURE IN F:       :PCPN:    SNOW:  WIND      :SUNSHINE: SKY     :PK WND
================================================================================
1   2   3   4   5  6A  6B    7    8   9   10  11  12  13   14  15   16   17  18
                                     12Z  AVG MX 2MIN
DY MAX MIN AVG DEP HDD CDD  WTR  SNW DPTH SPD SPD DIR MIN PSBL S-S WX    SPD DR
================================================================================

 1  82  60  71   7   0   6 0.00  0.0    0  6.8 16 190   M    M   2        22 190
 2  85  67  76  12   0  11 0.00  0.0    0  8.1 22 190   M    M   5 1      29 190
 3  83  61  72   7   0   7 0.48  0.0    0  8.3 21 200   M    M   9 13     28 200
 4  70  47  59  -6   6   0 0.00  0.0    0  5.8 17  60   M    M   0        25  40
 5  75  51  63  -2   2   0    T  0.0    0  5.8 14 180   M    M   6 1      20 170
 6  83  68  76  10   0  11    T  0.0    0  9.9 21 180   M    M   8 13     28 180
 7  73  42  58  -8   7   0 0.05  0.0    0  8.1 20 330   M    M   9 13     29 340
 8  58  41  50 -16  15   0 0.00  0.0    0  2.8  9 180   M    M  10        13 180
 9  71  52  62  -4   3   0 0.00  0.0    0  3.7  8  10   M    M   9 1      15 350
10  75  48  62  -4   3   0 0.00  0.0    0  2.7 13 330   M    M   0        18 330
11  79  45  62  -5   3   0 0.00  0.0    0  5.8 16 180   M    M   0        22 190
12  85  59  72   5   0   7 0.00  0.0    0  9.1 21 180   M    M   2        27 190
13  84  61  73   6   0   8    T  0.0    0 11.5 25 330   M    M   9 13     37 310
14  64  48  56 -12   9   0 1.33  0.0    0  9.7 23 310   M    M   4 13     33 320
15  66  43  55 -13  10   0 0.00  0.0    0  8.0 21 330   M    M   0        29 300
16  79  42  61  -7   4   0 0.00  0.0    0  6.5 15 200   M    M   0 8      21 180
17  83  59  71   3   0   6 0.00  0.0    0 12.6 21 190   M    M   0        29 190
18  81  63  72   3   0   7 0.00  0.0    0  7.2 21 180   M    M   8        29 190
19  75  52  64  -5   1   0 0.00  0.0    0  3.4 16  10   M    M   1        26  10
20  67  50  59 -10   6   0 0.00  0.0    0  3.9  8 110   M    M   0        14  80
21  73  53  63  -6   2   0 0.47  0.0    0  5.6 12 170   M    M   8 138    21 120
22  71  54  63  -7   2   0 0.17  0.0    0  8.0 16 290   M    M   5 1      24 340
23  77  51  64  -6   1   0 0.00  0.0    0  5.6 16 290   M    M   0        23 320
================================================================================
SM 1739 1217        74  63  2.50     0.0 158.9          M       95
================================================================================
AV 75.6 52.9                               6.9 FASTST   M    M   4    MAX(MPH)
                                 MISC ---->  # 25 330               # 37  310
================================================================================
NOTES:
# LAST OF SEVERAL OCCURRENCES

COLUMN 17 PEAK WIND IN M.P.H.

PRELIMINARY LOCAL CLIMATOLOGICAL DATA (WS FORM: F-6) , PAGE 2

                                          STATION:  HUNTSVILLE_(ASOS)
                                          MONTH:    APRIL
                                          YEAR:     2018
                                          LATITUDE:   30 45 N
                                          LONGITUDE:  95 35 W

[TEMPERATURE DATA]      [PRECIPITATION DATA]       SYMBOLS USED IN COLUMN 16

AVERAGE MONTHLY: 64.3   TOTAL FOR MONTH:   2.50    1 = FOG OR MIST
DPTR FM NORMAL:  -2.8   DPTR FM NORMAL:    0.16    2 = FOG REDUCING VISIBILITY
HIGHEST:    85 ON 12, 2 GRTST 24HR  1.33 ON 14-14      TO 1/4 MILE OR LESS
LOWEST:     41 ON  8                               3 = THUNDER
                        SNOW, ICE PELLETS, HAIL    4 = ICE PELLETS
                        TOTAL MONTH:   0.0 INCH    5 = HAIL
                        GRTST 24HR     0.0         6 = FREEZING RAIN OR DRIZZLE
                        GRTST DEPTH:   0           7 = DUSTSTORM OR SANDSTORM:
                                                       VSBY 1/2 MILE OR LESS
                                                   8 = SMOKE OR HAZE
[NO. OF DAYS WITH]      [WEATHER - DAYS WITH]      9 = BLOWING SNOW
                                                   X = TORNADO
MAX 32 OR BELOW:   0    0.01 INCH OR MORE:   5
MAX 90 OR ABOVE:   0    0.10 INCH OR MORE:   4
MIN 32 OR BELOW:   0    0.50 INCH OR MORE:   1
MIN  0 OR BELOW:   0    1.00 INCH OR MORE:   1

[HDD (BASE 65) ]
TOTAL THIS MO.    74    CLEAR  (SCALE 0-3)  11
DPTR FM NORMAL    25    PTCLDY (SCALE 4-7)   7
TOTAL FM JUL 1  1586    CLOUDY (SCALE 8-10)  5
DPTR FM NORMAL  -105

[CDD (BASE 65) ]
TOTAL THIS MO.    63
DPTR FM NORMAL   -35    [PRESSURE DATA]
TOTAL FM JAN 1   216    HIGHEST SLP M ON M
DPTR FM NORMAL    41    LOWEST  SLP 29.59 ON 13

[REMARKS]
