000
CXUS55 KLBF 251200
CF6VTN
PRELIMINARY LOCAL CLIMATOLOGICAL DATA (WS FORM: F-6)

                                          STATION:   VALENTINE
                                          MONTH:     APRIL
                                          YEAR:      2018
                                          LATITUDE:   42 52 N
                                          LONGITUDE: 100 33 W

  TEMPERATURE IN F:       :PCPN:    SNOW:  WIND      :SUNSHINE: SKY     :PK WND
================================================================================
1   2   3   4   5  6A  6B    7    8   9   10  11  12  13   14  15   16   17  18
                                     12Z  AVG MX 2MIN
DY MAX MIN AVG DEP HDD CDD  WTR  SNW DPTH SPD SPD DIR MIN PSBL S-S WX    SPD DR
================================================================================

 1  38  21  30 -11  35   0 0.00  0.0    0 10.6 22 190   M    M   9        28 180
 2  58  28  43   1  22   0 0.11  0.3    0 14.2 25 190   M    M   5 1      34  10
 3  29   6  18 -24  47   0 0.15  2.7    3 15.2 28 340   M    M   7 18     40 330
 4  55   5  30 -12  35   0 0.00  0.0    1  5.9 22 190   M    M   1        28 190
 5  49  26  38  -5  27   0    T  0.0    1  9.5 21 360   M    M   9 1      27 360
 6  31  13  22 -21  43   0 0.10  1.0    T 11.7 23  30   M    M   6 18     31 360
 7  38   9  24 -19  41   0    T    T    1 10.2 20 150   M    M   3        28 180
 8  48  26  37  -7  28   0 0.04    T    0 16.1 32 330   M    M   5        46 320
 9  50  25  38  -6  27   0 0.02  0.3    T  7.2 15 210   M    M   7 1      21 260
10  69  30  50   6  15   0 0.00  0.0    0  8.1 21 270   M    M   2        30 290
11  85  38  62  17   3   0 0.00  0.0    0  7.4 37 280   M    M   1        53 270
12  65  35  50   5  15   0 0.00  0.0    0 14.1 26  60   M    M   2 1      36 130
13  44  24  34 -12  31   0 0.76  6.9    0 28.4 45 350   M    M  10 1239   64 350
14  29  11  20 -26  45   0 0.17  1.8    9 20.4 38 350   M    M   6 1289   54 350
15  32   9  21 -25  44   0 0.00  0.0    7  9.4 16 330   M    M   0        21 330
16  40   9  25 -22  40   0 0.00  0.0    4  9.3 21 120   M    M   0        26 130
17  47  28  38  -9  27   0 0.18  1.7    4 14.5 25 120   M    M   3 1      31 130
18  49  29  39  -9  26   0 0.07  1.0    3 10.7 18  10   M    M   6 1      26  10
19  57  22  40  -8  25   0 0.00  0.0    0  8.7 22 120   M    M   0        28 110
20  50  33  42  -6  23   0 0.10  0.0    0 10.0 24 160   M    M   5 1      30 160
21  51  38  45  -4  20   0 0.05  0.0    0  7.2 16 130   M    M   9 1      26 110
22  63  37  50   1  15   0 0.00  0.0    0  9.3 21 180   M    M   3 1      26 170
23  71  35  53   3  12   0 0.01  0.0    0 10.4 23 290   M    M   3 12     33 180
24  50  37  44  -6  21   0 0.06  0.0    0 16.3 29 330   M    M  10 1      40 350
================================================================================
SM 1198  574       667   0  1.82    15.7 284.8          M      112
================================================================================
AV 49.9 23.9                              11.9 FASTST   M    M   5    MAX(MPH)
                                 MISC ---->  # 45 350               # 64  350
================================================================================
NOTES:
# LAST OF SEVERAL OCCURRENCES

COLUMN 17 PEAK WIND IN M.P.H.

PRELIMINARY LOCAL CLIMATOLOGICAL DATA (WS FORM: F-6) , PAGE 2

                                          STATION:  VALENTINE
                                          MONTH:    APRIL
                                          YEAR:     2018
                                          LATITUDE:   42 52 N
                                          LONGITUDE: 100 33 W

[TEMPERATURE DATA]      [PRECIPITATION DATA]       SYMBOLS USED IN COLUMN 16

AVERAGE MONTHLY: 36.9   TOTAL FOR MONTH:   1.82    1 = FOG OR MIST
DPTR FM NORMAL:  -8.6   DPTR FM NORMAL:    0.14    2 = FOG REDUCING VISIBILITY
HIGHEST:    85 ON 11    GRTST 24HR  0.76 ON 13-13      TO 1/4 MILE OR LESS
LOWEST:      5 ON  4                               3 = THUNDER
                        SNOW, ICE PELLETS, HAIL    4 = ICE PELLETS
                        TOTAL MONTH:  15.7 INCHES  5 = HAIL
                        GRTST 24HR   6.9 ON 13-13  6 = FREEZING RAIN OR DRIZZLE
                        GRTST DEPTH:   9 ON 14     7 = DUSTSTORM OR SANDSTORM:
                                                       VSBY 1/2 MILE OR LESS
                                                   8 = SMOKE OR HAZE
[NO. OF DAYS WITH]      [WEATHER - DAYS WITH]      9 = BLOWING SNOW
                                                   X = TORNADO
MAX 32 OR BELOW:   4    0.01 INCH OR MORE:  13
MAX 90 OR ABOVE:   0    0.10 INCH OR MORE:   7
MIN 32 OR BELOW:  17    0.50 INCH OR MORE:   1
MIN  0 OR BELOW:   0    1.00 INCH OR MORE:   0

[HDD (BASE 65) ]
TOTAL THIS MO.   667    CLEAR  (SCALE 0-3)  11
DPTR FM NORMAL   197    PTCLDY (SCALE 4-7)   8
TOTAL FM JUL 1  6639    CLOUDY (SCALE 8-10)  5
DPTR FM NORMAL    40

[CDD (BASE 65) ]
TOTAL THIS MO.     0
DPTR FM NORMAL     0    [PRESSURE DATA]
TOTAL FM JAN 1     0    HIGHEST SLP M ON M
DPTR FM NORMAL     0    LOWEST  SLP 29.34 ON 13

[REMARKS]
