000
CDUS41 KBTV 210530
CLI1V4


CLIMATE REPORT
NATIONAL WEATHER SERVICE BURLINGTON VT
129 AM EDT SAT APR 21 2018


...................................

...THE ST. JOHNSBURY VT CLIMATE SUMMARY FOR APRIL 20 2018...

CLIMATE NORMAL PERIOD 1981 TO 2010
CLIMATE RECORD PERIOD 1894 TO 2018


WEATHER ITEM   OBSERVED TIME   RECORD YEAR NORMAL DEPARTURE LAST
                VALUE   (LST)  VALUE       VALUE  FROM      YEAR
                                                  NORMAL
..................................................................
TEMPERATURE (F)
 YESTERDAY
  MAXIMUM         41        MM  89    1941  59    -18       53
  MINIMUM         32        MM  12    1897  34     -2       41
  AVERAGE         37                        46     -9       47

PRECIPITATION (IN)
  YESTERDAY        0.00          1.08 1950   0.10  -0.10     0.00
  MONTH TO DATE    2.80                      1.87   0.93     2.26
  SINCE MAR 1      4.71                      4.38   0.33     5.71
  SINCE JAN 1     10.29                      9.06   1.23    11.45

DEGREE DAYS
 HEATING
  YESTERDAY       28                        19      9       18
  MONTH TO DATE  621                       456    165      413
  SINCE MAR 1   1700                      1532    168     1659
  SINCE JUL 1   7217                      7256    -39     6672

 COOLING
  YESTERDAY        0                         0      0        0
  MONTH TO DATE    0                         0      0        0
  SINCE MAR 1      0                         0      0        0
  SINCE JAN 1      0                         0      0        0
..................................................................


WIND (MPH)
  HIGHEST WIND SPEED    MM   HIGHEST WIND DIRECTION    MM
  HIGHEST GUST SPEED    MM   HIGHEST GUST DIRECTION    MM
  AVERAGE WIND SPEED    MM


SKY COVER
  AVERAGE SKY COVER 0.0


WEATHER CONDITIONS
 THE FOLLOWING WEATHER WAS RECORDED YESTERDAY.
  NO SIGNIFICANT WEATHER WAS OBSERVED.


RELATIVE HUMIDITY (PERCENT)
 HIGHEST    89          1200 AM
 LOWEST     64          1000 AM
 AVERAGE    77

..........................................................


THE ST. JOHNSBURY VT CLIMATE NORMALS FOR TODAY
                         NORMAL    RECORD    YEAR
 MAXIMUM TEMPERATURE (F)   59        88      1941
 MINIMUM TEMPERATURE (F)   35         8      1908


SUNRISE AND SUNSET
APRIL 21 2018.........SUNRISE   554 AM EDT   SUNSET   740 PM EDT
APRIL 22 2018.........SUNRISE   553 AM EDT   SUNSET   741 PM EDT


-  INDICATES NEGATIVE NUMBERS.
R  INDICATES RECORD WAS SET OR TIED.
MM INDICATES DATA IS MISSING.
T  INDICATES TRACE AMOUNT.




$$
