000
CDUS43 KUNR 190834
CLI2WX


CLIMATE REPORT
NATIONAL WEATHER SERVICE RAPID CITY SD
233 AM MDT THU APR 19 2018


...................................

...THE BUFFALO SD CLIMATE SUMMARY FOR APRIL 18 2018...

CLIMATE NORMAL PERIOD 1981 TO 2010
CLIMATE RECORD PERIOD 9999 TO 9999


WEATHER ITEM   OBSERVED TIME   NORMAL DEPARTURE LAST
                VALUE   (LST)  VALUE  FROM      YEAR
                                      NORMAL
......................................................
TEMPERATURE (F)
 YESTERDAY
  MAXIMUM         58   1235 PM  56      2       62
  MINIMUM         31    556 AM  32     -1       39
  AVERAGE         45            44      1       51

PRECIPITATION (IN)
  YESTERDAY        0.00          0.05  -0.05     0.00
  MONTH TO DATE    1.18          0.79   0.39     1.90
  SINCE MAR 1      2.36          1.56   0.80     3.41
  SINCE JAN 1      3.84          2.13   1.71     3.71

DEGREE DAYS
 HEATING
  YESTERDAY       20            21     -1       14
  MONTH TO DATE  630           429    201      317
  SINCE MAR 1   1786          1435    351     1157
  SINCE JUL 1   7721          7232    489     6508

 COOLING
  YESTERDAY        0             0      0        0
  MONTH TO DATE    0             0      0        0
  SINCE MAR 1      0             0      0        0
  SINCE JAN 1      0             0      0        0
......................................................


WIND (MPH)
  HIGHEST WIND SPEED    29   HIGHEST WIND DIRECTION    NW (320)
  HIGHEST GUST SPEED    36   HIGHEST GUST DIRECTION    NW (310)
  AVERAGE WIND SPEED    14.0




RELATIVE HUMIDITY (PERCENT)
 HIGHEST    85           600 AM
 LOWEST     32           200 PM
 AVERAGE    59

..........................................................




SUNRISE AND SUNSET
APRIL 19 2018.........SUNRISE   602 AM MDT   SUNSET   746 PM MDT
APRIL 20 2018.........SUNRISE   600 AM MDT   SUNSET   747 PM MDT


-  INDICATES NEGATIVE NUMBERS.
R  INDICATES RECORD WAS SET OR TIED.
MM INDICATES DATA IS MISSING.
T  INDICATES TRACE AMOUNT.




$$
