000
CDUS44 KLCH 221245
CLIAEX


CLIMATE REPORT
NATIONAL WEATHER SERVICE LAKE CHARLES, LA
745 AM CDT TUE MAY 22 2018


...................................

...THE ALEXANDRIA CLIMATE SUMMARY FOR MAY 21 2018...

CLIMATE NORMAL PERIOD 1981 TO 2010
CLIMATE RECORD PERIOD 1892 TO 2018


WEATHER ITEM   OBSERVED TIME   RECORD YEAR NORMAL DEPARTURE LAST
                VALUE   (LST)  VALUE       VALUE  FROM      YEAR
                                                  NORMAL
..................................................................
TEMPERATURE (F)
 YESTERDAY
  MAXIMUM         92    447 PM  94    2012  86      6       84
                                      2005
                                      1957
  MINIMUM         68    442 AM  45    1894  65      3       66
  AVERAGE         80                        76      4       75

PRECIPITATION (IN)
  YESTERDAY        T             2.27 1911   0.18  -0.18     0.03
  MONTH TO DATE    0.32                      3.07  -2.75     1.58
  SINCE MAR 1     13.32                     12.67   0.65    14.63
  SINCE JAN 1     29.81                     22.35   7.46    22.34

DEGREE DAYS
 COOLING
  YESTERDAY       15                        11      4       10
  MONTH TO DATE  276                       176    100      145
  SINCE MAR 1    402                       318     84      407
  SINCE JAN 1    461                       335    126      489
..................................................................


WIND (MPH)
  HIGHEST WIND SPEED    12   HIGHEST WIND DIRECTION    SW (230)
  HIGHEST GUST SPEED    15   HIGHEST GUST DIRECTION    SW (230)
  AVERAGE WIND SPEED     2.3


SKY COVER
  POSSIBLE SUNSHINE  MM
  AVERAGE SKY COVER 0.3


WEATHER CONDITIONS
 THE FOLLOWING WEATHER WAS RECORDED YESTERDAY.
  LIGHT RAIN
  FOG
  HAZE


RELATIVE HUMIDITY (PERCENT)
 HIGHEST    97           300 AM
 LOWEST     43           600 PM
 AVERAGE    70

..........................................................


THE ALEXANDRIA CLIMATE NORMALS FOR TODAY
                         NORMAL    RECORD    YEAR
 MAXIMUM TEMPERATURE (F)   87        96      2005
 MINIMUM TEMPERATURE (F)   65        52      1919
                                             1894


SUNRISE AND SUNSET
MAY 22 2018...........SUNRISE   610 AM CDT   SUNSET   804 PM CDT
MAY 23 2018...........SUNRISE   610 AM CDT   SUNSET   804 PM CDT


-  INDICATES NEGATIVE NUMBERS.
R  INDICATES RECORD WAS SET OR TIED.
MM INDICATES DATA IS MISSING.
T  INDICATES TRACE AMOUNT.




$$
