000
CDUS45 KPUB 251050
CLIALS


CLIMATE REPORT
NATIONAL WEATHER SERVICE PUEBLO
450 AM MDT WED APR 25 2018


...................................

...THE ALAMOSA CO CLIMATE SUMMARY FOR APRIL 24 2018...

CLIMATE NORMAL PERIOD 1981 TO 2010
CLIMATE RECORD PERIOD 1932 TO 2018


WEATHER ITEM   OBSERVED TIME   RECORD YEAR NORMAL DEPARTURE LAST
                VALUE   (LST)  VALUE       VALUE  FROM      YEAR
                                                  NORMAL
..................................................................
TEMPERATURE (F)
 YESTERDAY
  MAXIMUM         69    151 PM  79    2012  62      7       67
  MINIMUM         33    552 AM  12    1970  27      6       39
  AVERAGE         51                        44      7       53

PRECIPITATION (IN)
  YESTERDAY        0.00          0.70 1942   0.02  -0.02     0.00
  MONTH TO DATE    0.20                      0.47  -0.27     0.36
  SINCE MAR 1      0.35                      1.00  -0.65     1.09
  SINCE JAN 1      0.66                      1.52  -0.86     2.74

SNOWFALL (IN)
  YESTERDAY        0.0           4.8  1980   0.1   -0.1      0.0
  MONTH TO DATE    0.3                       3.1   -2.8      3.2
  SINCE MAR 1      2.1                       8.1   -6.0      3.9
  SINCE JUL 1      9.1                      26.2  -17.1     39.4
  SNOW DEPTH       0

DEGREE DAYS
 HEATING
  YESTERDAY       14                        21     -7       12
  MONTH TO DATE  504                       578    -74      473
  SINCE MAR 1   1440                      1555   -115     1212
  SINCE JUL 1   6715                      7884  -1169     7001

 COOLING
  YESTERDAY        0                         0      0        0
  MONTH TO DATE    0                         0      0        0
  SINCE MAR 1      0                         0      0        0
  SINCE JAN 1      0                         0      0        0
..................................................................


WIND (MPH)
  HIGHEST WIND SPEED    26   HIGHEST WIND DIRECTION    NE (40)
  HIGHEST GUST SPEED    35   HIGHEST GUST DIRECTION    NE (40)
  AVERAGE WIND SPEED     7.3


SKY COVER
  POSSIBLE SUNSHINE  MM
  AVERAGE SKY COVER 0.3


WEATHER CONDITIONS
 THE FOLLOWING WEATHER WAS RECORDED YESTERDAY.
  HAZE


RELATIVE HUMIDITY (PERCENT)
 HIGHEST    64           400 AM
 LOWEST     19           200 PM
 AVERAGE    42

..........................................................


THE ALAMOSA CO CLIMATE NORMALS FOR TODAY
                         NORMAL    RECORD    YEAR
 MAXIMUM TEMPERATURE (F)   62        77      2012
                                             1949
 MINIMUM TEMPERATURE (F)   27        11      1950


SUNRISE AND SUNSET
APRIL 25 2018.........SUNRISE   615 AM MDT   SUNSET   748 PM MDT
APRIL 26 2018.........SUNRISE   614 AM MDT   SUNSET   749 PM MDT


-  INDICATES NEGATIVE NUMBERS.
R  INDICATES RECORD WAS SET OR TIED.
MM INDICATES DATA IS MISSING.
T  INDICATES TRACE AMOUNT.




$$
