000
CDUS44 KAMA 252128
CLIAMA


CLIMATE REPORT
NATIONAL WEATHER SERVICE AMARILLO TX
427 PM CDT WED APR 25 2018


...................................

...THE AMARILLO CLIMATE SUMMARY FOR APRIL 25 2018...
VALID TODAY AS OF 0400 PM LOCAL TIME.

CLIMATE NORMAL PERIOD 1981 TO 2010
CLIMATE RECORD PERIOD 1892 TO 2018


WEATHER ITEM   OBSERVED TIME   RECORD YEAR NORMAL DEPARTURE LAST
                VALUE   (LST)  VALUE       VALUE  FROM      YEAR
                                                  NORMAL
..................................................................
TEMPERATURE (F)
 TODAY
  MAXIMUM         62    258 PM  99    2012  74    -12       76
  MINIMUM         36    646 AM  32    1997  45     -9       49
                                      1907
  AVERAGE         49                        59    -10       63

PRECIPITATION (IN)
  TODAY            0.11          1.56 1997   0.05   0.06     0.04
  MONTH TO DATE    0.60                      1.14  -0.54     0.36
  SINCE MAR 1      0.84                      2.53  -1.69     2.34
  SINCE JAN 1      0.85                      3.81  -2.96     6.02

SNOWFALL (IN)
  TODAY            T             6.5  1997   0.0    0.0      0.0
  MONTH TO DATE    T                         0.6   -0.6      0.0
  SINCE MAR 1      T                         3.5   -3.5      0.0
  SINCE JUL 1      T                        17.5  -17.5      8.0
  SNOW DEPTH       0

DEGREE DAYS
 HEATING
  TODAY           16                         7      9        2
  MONTH TO DATE  299                       250     49      167
  SINCE MAR 1    685                       782    -97      514
  SINCE JUL 1   3591                      4059   -468     3072

 COOLING
  TODAY            0                         1     -1        0
  MONTH TO DATE   17                        11      6       37
  SINCE MAR 1     26                        13     13       49
  SINCE JAN 1     26                        13     13       54
..................................................................


WIND (MPH)
  RESULTANT WIND SPEED  21   RESULTANT WIND DIRECTION   N (360)
  HIGHEST WIND SPEED    33   HIGHEST WIND DIRECTION     N (10)
  HIGHEST GUST SPEED    39   HIGHEST GUST DIRECTION     N (360)
  AVERAGE WIND SPEED    20.9


SKY COVER
  AVERAGE SKY COVER 0.7


WEATHER CONDITIONS
 THE FOLLOWING WEATHER WAS RECORDED TODAY.
  THUNDERSTORM
  LIGHT RAIN
  LIGHT SNOW
  FOG


RELATIVE HUMIDITY (PERCENT)
 HIGHEST   100           500 AM
 LOWEST     32           300 PM
 AVERAGE    66

..........................................................


THE AMARILLO CLIMATE NORMALS FOR TOMORROW
                         NORMAL    RECORD    YEAR
 MAXIMUM TEMPERATURE (F)   74        92      1927
 MINIMUM TEMPERATURE (F)   45        29      1924


SUNRISE AND SUNSET
APRIL 25 2018.........SUNRISE   702 AM CDT   SUNSET   828 PM CDT
APRIL 26 2018.........SUNRISE   701 AM CDT   SUNSET   829 PM CDT


-  INDICATES NEGATIVE NUMBERS.
R  INDICATES RECORD WAS SET OR TIED.
MM INDICATES DATA IS MISSING.
T  INDICATES TRACE AMOUNT.




$$
