000
CDUS44 KLCH 261420
CLIARA


CLIMATE REPORT
NATIONAL WEATHER SERVICE LAKE CHARLES, LA
920 AM CDT SAT MAY 26 2018


...................................

...THE NEW IBERIA CLIMATE SUMMARY FOR MAY 25 2018...

CLIMATE NORMAL PERIOD 1981 TO 2010
CLIMATE RECORD PERIOD 1948 TO 2018


WEATHER ITEM   OBSERVED TIME   RECORD YEAR NORMAL DEPARTURE LAST
                VALUE   (LST)  VALUE       VALUE  FROM      YEAR
                                                  NORMAL
..................................................................
TEMPERATURE (F)
 YESTERDAY
  MAXIMUM         88   1123 AM  94    2010  88      0       84
                                      2005
  MINIMUM         70    444 AM  55    2017  69      1       55
  AVERAGE         79                        78      1       70

PRECIPITATION (IN)
  YESTERDAY        1.26          5.85 1961   0.23   1.03     0.00
  MONTH TO DATE    4.32                      3.51   0.81     6.93
  SINCE MAR 1     10.18                     11.35  -1.17    12.72
  SINCE JAN 1     19.69                     20.76  -1.07    15.52

SNOWFALL (IN)
  YESTERDAY        0.0           0.0    MM  MM               0.0
  MONTH TO DATE    0.0                      MM               0.0
  SINCE MAR 1      0.0                      MM               0.0
  SINCE JUL 1      2.4                      MM               0.0

DEGREE DAYS
 HEATING
  YESTERDAY        0                         0      0        0
  MONTH TO DATE    0                         0      0        4
  SINCE MAR 1    175                       192    -17       87
  SINCE JUL 1   1358                      1408    -50      716

 COOLING
  YESTERDAY       14                        13      1        5
  MONTH TO DATE  341                       266     75      200
  SINCE MAR 1    499                       455     44      532
  SINCE JAN 1    622                       486    136      667
..................................................................


WIND (MPH)
  RESULTANT WIND SPEED   2   RESULTANT WIND DIRECTION   S (170)
  HIGHEST WIND SPEED    21   HIGHEST WIND DIRECTION     S (170)
  HIGHEST GUST SPEED    36   HIGHEST GUST DIRECTION     S (160)
  AVERAGE WIND SPEED     5.1


SKY COVER
  POSSIBLE SUNSHINE  MM
  AVERAGE SKY COVER 0.1


WEATHER CONDITIONS
 THE FOLLOWING WEATHER WAS RECORDED YESTERDAY.
  THUNDERSTORM
  HEAVY RAIN
  RAIN
  LIGHT RAIN
  FOG


RELATIVE HUMIDITY (PERCENT)
 HIGHEST    93           300 AM
 LOWEST     61          1100 AM
 AVERAGE    77

..........................................................


THE NEW IBERIA CLIMATE NORMALS FOR TODAY
                         NORMAL    RECORD    YEAR
 MAXIMUM TEMPERATURE (F)   88        93      2012
                                             2011
                                             1996
 MINIMUM TEMPERATURE (F)   69        53      1979


SUNRISE AND SUNSET
MAY 26 2018...........SUNRISE   609 AM CDT   SUNSET   801 PM CDT
MAY 27 2018...........SUNRISE   608 AM CDT   SUNSET   801 PM CDT


-  INDICATES NEGATIVE NUMBERS.
R  INDICATES RECORD WAS SET OR TIED.
MM INDICATES DATA IS MISSING.
T  INDICATES TRACE AMOUNT.




$$
