000
CDUS44 KEWX 202231
CLIATT


CLIMATE REPORT
NATIONAL WEATHER SERVICE AUSTIN/SAN ANTONIO, TX
531 PM CDT FRI APR 20 2018


...................................

...THE AUSTIN CAMP MABRY CLIMATE SUMMARY FOR APRIL 20 2018...
VALID TODAY AS OF 0500 PM LOCAL TIME.

CLIMATE NORMAL PERIOD 1981 TO 2010
CLIMATE RECORD PERIOD 1897 TO 2018


WEATHER ITEM   OBSERVED TIME   RECORD YEAR NORMAL DEPARTURE LAST
                VALUE   (LST)  VALUE       VALUE  FROM      YEAR
                                                  NORMAL
..................................................................
TEMPERATURE (F)
 TODAY
  MAXIMUM         72    119 PM  97    1925  81     -9       88
  MINIMUM         57    740 AM  39    1924  60     -3       70
  AVERAGE         65                        70     -5       79

PRECIPITATION (IN)
  TODAY            0.00          1.85 1927   0.07  -0.07     0.00
  MONTH TO DATE    0.15                      1.27  -1.12     1.15
  SINCE MAR 1      3.89                      4.03  -0.14     3.63
  SINCE JAN 1      5.88                      8.27  -2.39     9.85

SNOWFALL (IN)
  TODAY            0.0
  MONTH TO DATE    0.0
  SINCE MAR 1      0.0
  SINCE JUL 1      0.4
  SNOW DEPTH       0

DEGREE DAYS
 HEATING
  TODAY            0                         1     -1        0
  MONTH TO DATE   38                        34      4        2
  SINCE MAR 1     94                       196   -102       55
  SINCE JUL 1   1362                      1533   -171      833

 COOLING
  TODAY            0                         6     -6       14
  MONTH TO DATE   76                        94    -18      139
  SINCE MAR 1    202                       155     47      311
  SINCE JAN 1    244                       182     62      428
..................................................................


WIND (MPH)
  HIGHEST WIND SPEED    14   HIGHEST WIND DIRECTION     E (100)
  HIGHEST GUST SPEED    21   HIGHEST GUST DIRECTION     E (110)
  AVERAGE WIND SPEED     6.5


SKY COVER
  AVERAGE SKY COVER 0.1


WEATHER CONDITIONS
 THE FOLLOWING WEATHER WAS RECORDED TODAY.
  HAZE


RELATIVE HUMIDITY (PERCENT)
 HIGHEST    62           800 AM
 LOWEST     42          1200 AM
 AVERAGE    52

..........................................................


THE AUSTIN CAMP MABRY CLIMATE NORMALS FOR TOMORROW
                         NORMAL    RECORD    YEAR
 MAXIMUM TEMPERATURE (F)   81        95      1925
 MINIMUM TEMPERATURE (F)   60        43      1953
                                             1907


SUNRISE AND SUNSET
APRIL 20 2018.........SUNRISE   658 AM CDT   SUNSET   802 PM CDT
APRIL 21 2018.........SUNRISE   657 AM CDT   SUNSET   802 PM CDT


-  INDICATES NEGATIVE NUMBERS.
R  INDICATES RECORD WAS SET OR TIED.
MM INDICATES DATA IS MISSING.
T  INDICATES TRACE AMOUNT.




$$
