000
CDUS41 KGYX 200811
CLIAUG


CLIMATE REPORT
NATIONAL WEATHER SERVICE GRAY ME
410 AM EDT FRI APR 20 2018


...................................

...THE AUGUSTA CLIMATE SUMMARY FOR APRIL 19 2018...

CLIMATE NORMAL PERIOD 1981 TO 2010
CLIMATE RECORD PERIOD 1948 TO 2018


WEATHER ITEM   OBSERVED TIME   RECORD YEAR NORMAL DEPARTURE LAST
                VALUE   (LST)  VALUE       VALUE  FROM      YEAR
                                                  NORMAL
..................................................................
TEMPERATURE (F)
 YESTERDAY
  MAXIMUM         47    301 PM  75    1987  55     -8       47
  MINIMUM         37   1159 PM  26    1962  36      1       31
  AVERAGE         42                        45     -3       39

PRECIPITATION (IN)
  YESTERDAY        T             0.75 1949   0.13  -0.13     0.22
  MONTH TO DATE    2.30                      2.40  -0.10     2.08
  SINCE MAR 1      4.85                      5.77  -0.92     5.57
  SINCE JAN 1     11.84                     10.81   1.03    12.05

DEGREE DAYS
 HEATING
  YESTERDAY       23                        20      3       26
  MONTH TO DATE  535                       445     90      379
  SINCE MAR 1   1533                      1471     62     1571
  SINCE JUL 1   6519                      6814   -295     6383

 COOLING
  YESTERDAY        0                         0      0        0
  MONTH TO DATE    0                         0      0        0
  SINCE MAR 1      0                         0      0        0
  SINCE JAN 1      0                         0      0        0
..................................................................


WIND (MPH)
  HIGHEST WIND SPEED    18   HIGHEST WIND DIRECTION     N (360)
  HIGHEST GUST SPEED    23   HIGHEST GUST DIRECTION     N (10)
  AVERAGE WIND SPEED     5.2


SKY COVER
  AVERAGE SKY COVER 1.0


WEATHER CONDITIONS
 THE FOLLOWING WEATHER WAS RECORDED YESTERDAY.
  LIGHT RAIN


RELATIVE HUMIDITY (PERCENT)
 HIGHEST    79           800 PM
 LOWEST     45           300 PM
 AVERAGE    62

..........................................................


THE AUGUSTA CLIMATE NORMALS FOR TODAY
                         NORMAL    RECORD    YEAR
 MAXIMUM TEMPERATURE (F)   55        79      2005
 MINIMUM TEMPERATURE (F)   36        25      1969


SUNRISE AND SUNSET
APRIL 20 2018.........SUNRISE   547 AM EDT   SUNSET   730 PM EDT
APRIL 21 2018.........SUNRISE   546 AM EDT   SUNSET   731 PM EDT


-  INDICATES NEGATIVE NUMBERS.
R  INDICATES RECORD WAS SET OR TIED.
MM INDICATES DATA IS MISSING.
T  INDICATES TRACE AMOUNT.




$$
