000
CDUS43 KGRB 250750
CLIAUW


CLIMATE REPORT
NATIONAL WEATHER SERVICE GREEN BAY
250 AM CDT WED APR 25 2018


...................................

...THE WAUSAU WI CLIMATE SUMMARY FOR APRIL 24 2018...

CLIMATE NORMAL PERIOD 1981 TO 2010
CLIMATE RECORD PERIOD 1896 TO 2018


WEATHER ITEM   OBSERVED TIME   RECORD YEAR NORMAL DEPARTURE LAST
                VALUE   (LST)  VALUE       VALUE  FROM      YEAR
                                                  NORMAL
..................................................................
TEMPERATURE (F)
 YESTERDAY
  MAXIMUM         70   1252 PM  84    1990  59     11       66
  MINIMUM         33    528 AM  20    1956  37     -4       31
  AVERAGE         52                        48      4

PRECIPITATION (IN)
  YESTERDAY        0.02          1.83 1994   0.10  -0.08     0.00
  MONTH TO DATE    3.13                      2.09   1.04     4.54
  SINCE MAR 1      4.76                      3.85   0.91     6.72
  SINCE JAN 1      7.23                      5.79   1.44    10.66

SNOWFALL (IN)
  YESTERDAY        0.0           1.0  1909   0.1   -0.1      0.0
                                      1907
  MONTH TO DATE   34.5                       3.6   30.9      0.4
  SINCE JUL 1     89.2                      58.9   30.3     59.2
  SNOW DEPTH       0

DEGREE DAYS
 HEATING
  YESTERDAY       13                        17     -4       16
  MONTH TO DATE  831                       536    295      436
  SINCE MAR 1   1957                      1621    336     1521
  SINCE JUL 1   8045                      7757    288     6747

 COOLING
  YESTERDAY        0                         0      0        0
  MONTH TO DATE    0                         0      0        0
  SINCE MAR 1      0                         0      0        0
  SINCE JAN 1      0                         0      0        0
..................................................................


WIND (MPH)
  HIGHEST WIND SPEED    23   HIGHEST WIND DIRECTION     N (10)
  HIGHEST GUST SPEED    35   HIGHEST GUST DIRECTION    NE (40)
  AVERAGE WIND SPEED     6.1


SKY COVER
  POSSIBLE SUNSHINE  MM
  AVERAGE SKY COVER 0.4


WEATHER CONDITIONS
 THE FOLLOWING WEATHER WAS RECORDED YESTERDAY.
  LIGHT RAIN


RELATIVE HUMIDITY (PERCENT)
 HIGHEST    92          1100 PM
 LOWEST     24          1200 PM
 AVERAGE    58

..........................................................


THE WAUSAU WI CLIMATE NORMALS FOR TODAY
                         NORMAL    RECORD    YEAR
 MAXIMUM TEMPERATURE (F)   60        85      1990
 MINIMUM TEMPERATURE (F)   37        23      1934


SUNRISE AND SUNSET
APRIL 25 2018.........SUNRISE   557 AM CDT   SUNSET   756 PM CDT
APRIL 26 2018.........SUNRISE   556 AM CDT   SUNSET   758 PM CDT


-  INDICATES NEGATIVE NUMBERS.
R  INDICATES RECORD WAS SET OR TIED.
MM INDICATES DATA IS MISSING.
T  INDICATES TRACE AMOUNT.




$$
