000
CDUS41 KBGM 230228
CLIAVP


CLIMATE REPORT
NATIONAL WEATHER SERVICE BINGHAMTON NY
1027 PM EDT TUE MAY 22 2018


...................................

...THE AVOCA PA CLIMATE SUMMARY FOR MAY 22 2018...
VALID AS OF 1000 PM LOCAL TIME.

CLIMATE NORMAL PERIOD 1981 TO 2010
CLIMATE RECORD PERIOD 1901 TO 2018


WEATHER ITEM   OBSERVED TIME   RECORD YEAR NORMAL DEPARTURE LAST
                VALUE   (LST)  VALUE       VALUE  FROM      YEAR
                                                  NORMAL
..................................................................
TEMPERATURE (F)
 TODAY
  MAXIMUM         63    458 PM  93    1911  71     -8       64
  MINIMUM         56    600 AM  31    2002  49      7       56
  AVERAGE         60                        60      0       60

PRECIPITATION (IN)
  TODAY            0.84          2.67 1942   0.12   0.72     0.00
  MONTH TO DATE    4.72                      2.43   2.29     2.62
  SINCE MAR 1     11.21                      8.31   2.90    11.06
  SINCE JAN 1     18.22                     12.71   5.51    17.29

SNOWFALL (IN)
  TODAY            0.0           0.0    MM   0.0    0.0      0.0
  MONTH TO DATE    0.0                       0.3   -0.3      0.0
  SINCE MAR 1     24.8                      12.6   12.2     30.7
  SINCE JUL 1     51.9                      46.5    5.4     55.5

DEGREE DAYS
 HEATING
  TODAY            5                         6     -1        5
  MONTH TO DATE   82                       184   -102      192
  SINCE MAR 1   1641                      1551     90     1416
  SINCE JUL 1   5832                      6157   -325     5171

 COOLING
  TODAY            0                         1     -1        0
  MONTH TO DATE   35                        15     20       26
  SINCE MAR 1     39                        21     18       48
  SINCE JAN 1     39                        21     18       48
..................................................................


WIND (MPH)
  HIGHEST WIND SPEED    12   HIGHEST WIND DIRECTION     S (190)
  HIGHEST GUST SPEED    18   HIGHEST GUST DIRECTION     S (180)
  AVERAGE WIND SPEED     3.8


SKY COVER
  AVERAGE SKY COVER 0.9


WEATHER CONDITIONS
 THE FOLLOWING WEATHER WAS RECORDED TODAY.
  HEAVY RAIN
  RAIN
  LIGHT RAIN
  FOG


RELATIVE HUMIDITY (PERCENT)
 HIGHEST   100           600 AM
 LOWEST     72          1200 AM
 AVERAGE    86

..........................................................


THE AVOCA PA CLIMATE NORMALS FOR TOMORROW
                         NORMAL    RECORD    YEAR
 MAXIMUM TEMPERATURE (F)   72        93      1911
 MINIMUM TEMPERATURE (F)   50        36      1998
                                             1967
                                             1929


SUNRISE AND SUNSET
MAY 22 2018...........SUNRISE   538 AM EDT   SUNSET   822 PM EDT
MAY 23 2018...........SUNRISE   537 AM EDT   SUNSET   822 PM EDT


-  INDICATES NEGATIVE NUMBERS.
R  INDICATES RECORD WAS SET OR TIED.
MM INDICATES DATA IS MISSING.
T  INDICATES TRACE AMOUNT.




$$
