000
CDUS41 KOKX 250621
CLIBDR


CLIMATE REPORT
NATIONAL WEATHER SERVICE NEW YORK NY
221 AM EDT FRI MAY 25 2018


...................................

...THE BRIDGEPORT CT CLIMATE SUMMARY FOR MAY 24 2018...

CLIMATE NORMAL PERIOD 1981 TO 2010
CLIMATE RECORD PERIOD 1948 TO 2018


WEATHER ITEM   OBSERVED TIME   RECORD YEAR NORMAL DEPARTURE LAST
                VALUE   (LST)  VALUE       VALUE  FROM      YEAR
                                                  NORMAL
..................................................................
TEMPERATURE (F)
 YESTERDAY
  MAXIMUM         83    310 PM  87    1975  70     13       67
  MINIMUM         57   1115 PM  38    1963  53      4       58
  AVERAGE         70                        62      8       63

PRECIPITATION (IN)
  YESTERDAY        0.00          1.83 1978   0.14  -0.14     0.07
  MONTH TO DATE    3.17                      2.85   0.32     3.51
  SINCE MAR 1     11.97                     11.03   0.94    12.67
  SINCE JAN 1     20.90                     16.92   3.98    17.86

SNOWFALL (IN)
  YESTERDAY        0.0           0.0  2002   0.0    0.0      0.0
                                      2001
  MONTH TO DATE    0.0                       0.0    0.0      0.0
  SINCE OCT 1     45.9                      27.6   18.3     40.9
  SINCE JUL 1     45.9                      27.6   18.3     40.9
  SNOW DEPTH       0

DEGREE DAYS
 HEATING
  YESTERDAY        0                         5     -5        2
  MONTH TO DATE  104                       180    -76      169
  SINCE MAR 1   1458                      1448     10     1348
  SINCE JUL 1   5057                      5335   -278     4515

 COOLING
  YESTERDAY        5                         1      4        0
  MONTH TO DATE   27                        10     17       35
  SINCE MAR 1     27                        12     15       43
  SINCE JAN 1     27                        12     15       43
..................................................................


WIND (MPH)
  HIGHEST WIND SPEED    18   HIGHEST WIND DIRECTION     N (350)
  HIGHEST GUST SPEED    26   HIGHEST GUST DIRECTION     N (350)
  AVERAGE WIND SPEED     7.0


SKY COVER
  AVERAGE SKY COVER 0.0


WEATHER CONDITIONS
 THE FOLLOWING WEATHER WAS RECORDED YESTERDAY.
  NO SIGNIFICANT WEATHER WAS OBSERVED.


RELATIVE HUMIDITY (PERCENT)
 HIGHEST    86           800 PM
 LOWEST     19          1100 AM
 AVERAGE    53

..........................................................


THE BRIDGEPORT CT CLIMATE NORMALS FOR TODAY
                         NORMAL    RECORD    YEAR
 MAXIMUM TEMPERATURE (F)   70        91      1991
 MINIMUM TEMPERATURE (F)   54        38      1963


SUNRISE AND SUNSET
MAY 25 2018...........SUNRISE   526 AM EDT   SUNSET   813 PM EDT
MAY 26 2018...........SUNRISE   525 AM EDT   SUNSET   814 PM EDT


-  INDICATES NEGATIVE NUMBERS.
R  INDICATES RECORD WAS SET OR TIED.
MM INDICATES DATA IS MISSING.
T  INDICATES TRACE AMOUNT.




$$
