000
CDUS41 KCTP 250619
CLIBFD


CLIMATE REPORT
NATIONAL WEATHER SERVICE STATE COLLEGE PA
218 AM EDT FRI MAY 25 2018


...................................

...THE BRADFORD CLIMATE SUMMARY FOR MAY 24 2018...

CLIMATE NORMAL PERIOD 1981 TO 2010
CLIMATE RECORD PERIOD 1957 TO 2018


WEATHER ITEM   OBSERVED TIME   RECORD YEAR NORMAL DEPARTURE LAST
                VALUE   (LST)  VALUE       VALUE  FROM      YEAR
                                                  NORMAL
..................................................................
TEMPERATURE (F)
 YESTERDAY
  MAXIMUM         79    420 PM  85    1972  68     11       69
  MINIMUM         41    504 AM  22    1963  43     -2       49
  AVERAGE         60                        55      5       59

PRECIPITATION (IN)
  YESTERDAY        0.00          1.75 1975   0.14  -0.14     0.13
  MONTH TO DATE    4.18                      3.18   0.00     3.59
  SINCE MAR 1      9.73                     10.10  -0.37    12.14
  SINCE JAN 1     16.74                     15.74   1.00    19.22

DEGREE DAYS
 HEATING
  YESTERDAY        5                         6     -1        6
  MONTH TO DATE  127                       206    -79      317
  SINCE MAR 1   2056                      1887    169     1802
  SINCE JUL 1   7152                      7457   -305     6385

 COOLING
  YESTERDAY        0                         0      0        0
  MONTH TO DATE   20                         0     20       18
  SINCE MAR 1     20                         2     18       19
  SINCE JAN 1     20                         2     18       19
..................................................................


WIND (MPH)
  HIGHEST WIND SPEED    13   HIGHEST WIND DIRECTION    NW (330)
  HIGHEST GUST SPEED    18   HIGHEST GUST DIRECTION    NW (330)
  AVERAGE WIND SPEED     3.9


SKY COVER
  POSSIBLE SUNSHINE  MM
  AVERAGE SKY COVER 0.0


WEATHER CONDITIONS
 THE FOLLOWING WEATHER WAS RECORDED YESTERDAY.
  FOG


RELATIVE HUMIDITY (PERCENT)
 HIGHEST    96           500 AM
 LOWEST     23           200 PM
 AVERAGE    60

..........................................................


THE BRADFORD CLIMATE NORMALS FOR TODAY
                         NORMAL    RECORD    YEAR
 MAXIMUM TEMPERATURE (F)   68        84      2012
 MINIMUM TEMPERATURE (F)   43        30      1992


SUNRISE AND SUNSET
MAY 25 2018...........SUNRISE   546 AM EDT   SUNSET   837 PM EDT
MAY 26 2018...........SUNRISE   546 AM EDT   SUNSET   838 PM EDT


-  INDICATES NEGATIVE NUMBERS.
R  INDICATES RECORD WAS SET OR TIED.
MM INDICATES DATA IS MISSING.
T  INDICATES TRACE AMOUNT.




$$
