822
CDUS41 KCAR 210546
CLIBGR


CLIMATE REPORT
NATIONAL WEATHER SERVICE CARIBOU, ME
146 AM EDT SAT APR 21 2018


...................................

...THE BANGOR ME CLIMATE SUMMARY FOR APRIL 20 2018...

CLIMATE NORMAL PERIOD 1981 TO 2010
CLIMATE RECORD PERIOD 1925 TO 2018


WEATHER ITEM   OBSERVED TIME   RECORD YEAR NORMAL DEPARTURE LAST
                VALUE   (LST)  VALUE       VALUE  FROM      YEAR
                                                  NORMAL
..................................................................
TEMPERATURE (F)
 YESTERDAY
  MAXIMUM         51    242 PM  89    1927  55     -4       46
  MINIMUM         36    625 AM  21    1947  34      2       36
                                      1926
  AVERAGE         44                        44      0       41

PRECIPITATION (IN)
  YESTERDAY        0.05          0.91 1934   0.11  -0.06      T
  MONTH TO DATE    2.47                      2.44   0.03     2.40
  SINCE MAR 1      4.65                      5.82  -1.17     4.47
  SINCE JAN 1     13.17                     11.23   1.94    10.36

SNOWFALL (IN)
  YESTERDAY        0.0           0.4  1953   0.1              T
  MONTH TO DATE    2.3                       3.4             2.3
  SINCE MAR 1     35.3                      15.1            19.3
  SINCE JUL 1    111.3                      65.8            82.6
  SNOW DEPTH       0

DEGREE DAYS
 HEATING
  YESTERDAY       21                        21      0       24
  MONTH TO DATE  568                       491     77      414
  SINCE MAR 1   1606                      1568     38     1628
  SINCE JUL 1   6824                      7214   -390     6756

 COOLING
  YESTERDAY        0                         0      0        0
  MONTH TO DATE    0                         0      0        0
  SINCE MAR 1      0                         0      0        0
  SINCE JAN 1      0                         0      0        0
..................................................................


WIND (MPH)
  RESULTANT WIND SPEED   9   RESULTANT WIND DIRECTION  NW (310)
  HIGHEST WIND SPEED    24   HIGHEST WIND DIRECTION    NW (330)
  HIGHEST GUST SPEED    30   HIGHEST GUST DIRECTION    NW (330)


SKY COVER
  POSSIBLE SUNSHINE  MM
  AVERAGE SKY COVER 1.0


WEATHER CONDITIONS
 THE FOLLOWING WEATHER WAS RECORDED YESTERDAY.
  LIGHT RAIN
  FOG


RELATIVE HUMIDITY (PERCENT)
 HIGHEST    92
 LOWEST     46
 AVERAGE    69

..........................................................


THE BANGOR ME CLIMATE NORMALS FOR TODAY
                         NORMAL    RECORD    YEAR
 MAXIMUM TEMPERATURE (F)   55        79      1957
                                             1927
 MINIMUM TEMPERATURE (F)   34        22      1944


SUNRISE AND SUNSET
APRIL 21 2018.........SUNRISE   541 AM EDT   SUNSET   728 PM EDT
APRIL 22 2018.........SUNRISE   539 AM EDT   SUNSET   729 PM EDT


-  INDICATES NEGATIVE NUMBERS.
R  INDICATES RECORD WAS SET OR TIED.
MM INDICATES DATA IS MISSING.
T  INDICATES TRACE AMOUNT.




$$
