000
CDUS44 KBMX 200735
CLIBHM


CLIMATE REPORT
NATIONAL WEATHER SERVICE BIRMINGHAM, AL
235 AM CDT FRI APR 20 2018


...................................

...THE BIRMINGHAM CLIMATE SUMMARY FOR APRIL 19 2018...

CLIMATE NORMAL PERIOD 1981 TO 2010
CLIMATE RECORD PERIOD 1895 TO 2018


WEATHER ITEM   OBSERVED TIME   RECORD YEAR NORMAL DEPARTURE LAST
                VALUE   (LST)  VALUE       VALUE  FROM      YEAR
                                                  NORMAL
..................................................................
TEMPERATURE (F)
 YESTERDAY
  MAXIMUM         68   1222 AM  91    2006  75     -7       86
  MINIMUM         44   1159 PM  27    1983  51     -7       65
  AVERAGE         56                        63     -7       76

PRECIPITATION (IN)
  YESTERDAY        0.00          1.96 1951   0.14  -0.14     0.00
  MONTH TO DATE    5.02                      2.83   2.19     4.42
  SINCE MAR 1      9.15                      8.06   1.09     9.66
  SINCE JAN 1     18.64                     17.43   1.21    19.32

SNOWFALL (IN)
  YESTERDAY        0.0                       0.0    0.0      0.0
  MONTH TO DATE    0.0                       0.2   -0.2      0.0
  SINCE MAR 1      0.0                       0.8   -0.8      0.0
  SINCE JUL 1      4.0                       1.6    2.4      0.3
  SNOW DEPTH       0

DEGREE DAYS
 HEATING
  YESTERDAY        9                         4      5        0
  MONTH TO DATE  128                       108     20       29
  SINCE MAR 1    440                       430     10      280
  SINCE JUL 1   2441                      2620   -179     1652

 COOLING
  YESTERDAY        0                         2     -2       11
  MONTH TO DATE   24                        31     -7       88
  SINCE MAR 1     44                        49     -5      142
  SINCE JAN 1     90                        53     37      157
..................................................................


WIND (MPH)
  HIGHEST WIND SPEED    21   HIGHEST WIND DIRECTION    NW (330)
  HIGHEST GUST SPEED    31   HIGHEST GUST DIRECTION     N (10)
  AVERAGE WIND SPEED    12.0


SKY COVER
  AVERAGE SKY COVER 0.1


WEATHER CONDITIONS
 THE FOLLOWING WEATHER WAS RECORDED YESTERDAY.
  NO SIGNIFICANT WEATHER WAS OBSERVED.


RELATIVE HUMIDITY (PERCENT)
 HIGHEST    81           100 AM
 LOWEST     37           500 PM
 AVERAGE    59

..........................................................


THE BIRMINGHAM CLIMATE NORMALS FOR TODAY
                         NORMAL    RECORD    YEAR
 MAXIMUM TEMPERATURE (F)   76        88      2017
                                             2002
                                             1987
 MINIMUM TEMPERATURE (F)   52        28      1983


SUNRISE AND SUNSET
APRIL 20 2018.........SUNRISE   611 AM CDT   SUNSET   722 PM CDT
APRIL 21 2018.........SUNRISE   609 AM CDT   SUNSET   722 PM CDT


-  INDICATES NEGATIVE NUMBERS.
R  INDICATES RECORD WAS SET OR TIED.
MM INDICATES DATA IS MISSING.
T  INDICATES TRACE AMOUNT.




$$
