981
CDUS43 KBIS 270804
CLIBIS


CLIMATE REPORT
NATIONAL WEATHER SERVICE BISMARCK ND
304 AM CDT FRI APR 27 2018


...................................

...THE BISMARCK ND CLIMATE SUMMARY FOR APRIL 26 2018...

CLIMATE NORMAL PERIOD 1981 TO 2010
CLIMATE RECORD PERIOD 1875 TO 2018


WEATHER ITEM   OBSERVED TIME   RECORD YEAR NORMAL DEPARTURE LAST
                VALUE   (LST)  VALUE       VALUE  FROM      YEAR
                                                  NORMAL
..................................................................
TEMPERATURE (F)
 YESTERDAY
  MAXIMUM         69    530 PM  92    1952  62      7       47
  MINIMUM         39    546 AM  19    2002  35      4       31
                                      1920
  AVERAGE         54                        48      6       39

PRECIPITATION (IN)
  YESTERDAY        0.00          1.16 1964   0.06  -0.06     0.00
  MONTH TO DATE    0.53                      1.04  -0.51     0.96
  SINCE MAR 1      2.10                      1.91   0.19     1.48
  SINCE JAN 1      2.85                      2.85   0.00     2.88

SNOWFALL (IN)
  YESTERDAY        0.0           4.2  1924   0.1   -0.1      0.0
  MONTH TO DATE    5.3                       4.0    1.3      0.0
  SINCE MAR 1     26.3                      13.1   13.2      8.7
  SINCE JUL 1     44.1                      50.6   -6.5     71.6
  SNOW DEPTH       0

DEGREE DAYS
 HEATING
  YESTERDAY       11                        17     -6       26
  MONTH TO DATE  814                       574    240      500
  SINCE MAR 1   2001                      1662    339     1543
  SINCE JUL 1   8317                      8093    224     7545

 COOLING
  YESTERDAY        0                         0      0        0
  MONTH TO DATE    0                         0      0        0
  SINCE MAR 1      0                         0      0        0
  SINCE JAN 1      0                         0      0        0
..................................................................


WIND (MPH)
  HIGHEST WIND SPEED    24   HIGHEST WIND DIRECTION     W (290)
  HIGHEST GUST SPEED    30   HIGHEST GUST DIRECTION     W (280)
  AVERAGE WIND SPEED    12.1


SKY COVER
  POSSIBLE SUNSHINE  MM
  AVERAGE SKY COVER 0.0


WEATHER CONDITIONS
 THE FOLLOWING WEATHER WAS RECORDED YESTERDAY.
  NO SIGNIFICANT WEATHER WAS OBSERVED.


RELATIVE HUMIDITY (PERCENT)
 HIGHEST    70           500 AM
 LOWEST     19           200 PM
 AVERAGE    45

..........................................................


THE BISMARCK ND CLIMATE NORMALS FOR TODAY
                         NORMAL    RECORD    YEAR
 MAXIMUM TEMPERATURE (F)   62        92      1952
 MINIMUM TEMPERATURE (F)   35        18      1994
                                             1909


SUNRISE AND SUNSET
APRIL 27 2018.........SUNRISE   634 AM CDT   SUNSET   848 PM CDT
APRIL 28 2018.........SUNRISE   633 AM CDT   SUNSET   849 PM CDT


-  INDICATES NEGATIVE NUMBERS.
R  INDICATES RECORD WAS SET OR TIED.
MM INDICATES DATA IS MISSING.
T  INDICATES TRACE AMOUNT.




$$
