511
CDUS43 KGRR 270516
CLIBIV


CLIMATE REPORT
NATIONAL WEATHER SERVICE GRAND RAPIDS, MI
116 AM EDT FRI APR 27 2018


...................................

...THE HOLLAND/TULIP CITY MI CLIMATE SUMMARY FOR APRIL 26 2018...

CLIMATE NORMAL PERIOD 1981 TO 2010
CLIMATE RECORD PERIOD 1996 TO 2018


WEATHER ITEM   OBSERVED TIME   NORMAL DEPARTURE LAST
                VALUE   (LST)  VALUE  FROM      YEAR
                                      NORMAL
......................................................
TEMPERATURE (F)
 YESTERDAY
  MAXIMUM         58   1245 PM  62     -4       81
  MINIMUM         33    623 AM  42     -9       60
  AVERAGE         46            52     -6       71

PRECIPITATION (IN)
  YESTERDAY        0.00          0.13  -0.13     0.07
  MONTH TO DATE    2.75          2.64   0.11     4.26
  SINCE MAR 1      3.58          4.91  -1.33     7.37
  SINCE JAN 1      9.20          8.80   0.40    12.03

DEGREE DAYS
 HEATING
  YESTERDAY       19            13      6        0
  MONTH TO DATE  679           456    223      351
  SINCE MAR 1   1610          1330    280     1234
  SINCE JUL 1   6117          5830    287     5096

 COOLING
  YESTERDAY        0             0      0        6
  MONTH TO DATE    0             0      0        8
  SINCE MAR 1      0             0      0        8
  SINCE JAN 1      0             0      0        8
......................................................


WIND (MPH)
  RESULTANT WIND SPEED   3   RESULTANT WIND DIRECTION   W (250)
  HIGHEST WIND SPEED    15   HIGHEST WIND DIRECTION     W (280)
  HIGHEST GUST SPEED    19   HIGHEST GUST DIRECTION     W (270)
  AVERAGE WIND SPEED     4.5


SKY COVER
  AVERAGE SKY COVER 0.0


WEATHER CONDITIONS
 THE FOLLOWING WEATHER WAS RECORDED YESTERDAY.
  NO SIGNIFICANT WEATHER WAS OBSERVED.


RELATIVE HUMIDITY (PERCENT)
 HIGHEST    89           300 AM
 LOWEST     30           600 PM
 AVERAGE    60

..........................................................


THE HOLLAND/TULIP CITY MI CLIMATE NORMALS FOR TODAY
                         NORMAL
 MAXIMUM TEMPERATURE (F)   63
 MINIMUM TEMPERATURE (F)   43


SUNRISE AND SUNSET
APRIL 27 2018.........SUNRISE   645 AM EDT   SUNSET   841 PM EDT
APRIL 28 2018.........SUNRISE   643 AM EDT   SUNSET   842 PM EDT


-  INDICATES NEGATIVE NUMBERS.
R  INDICATES RECORD WAS SET OR TIED.
MM INDICATES DATA IS MISSING.
T  INDICATES TRACE AMOUNT.




$$
