000
CDUS46 KBOI 220933
CLIBKE


CLIMATE REPORT
NATIONAL WEATHER SERVICE BOISE ID
332 AM MDT TUE MAY 22 2018


...................................

...THE BAKER OR CLIMATE SUMMARY FOR MAY 21 2018...

CLIMATE NORMAL PERIOD 1981 TO 2010
CLIMATE RECORD PERIOD 1928 TO 2018


WEATHER ITEM   OBSERVED TIME   RECORD YEAR NORMAL DEPARTURE LAST
                VALUE   (LST)  VALUE       VALUE  FROM      YEAR
                                                  NORMAL
..................................................................
TEMPERATURE (F)
 YESTERDAY
  MAXIMUM         77    154 PM  89    2000  67     10       74
                                      1967
  MINIMUM         51   1153 PM  26    2009  38     13       36
  AVERAGE         64                        52     12       55

PRECIPITATION (IN)
  YESTERDAY        0.00          0.69 1998   0.05  -0.05     0.00
  MONTH TO DATE    0.66                      0.95  -0.29     0.33
  SINCE OCT 1      4.81                      6.51  -1.70     6.48
  SINCE JAN 1      3.55                      4.00  -0.45     3.74

DEGREE DAYS
 HEATING
  YESTERDAY        1                        13    -12       10
  MONTH TO DATE  156                       320   -164      356
  SINCE MAR 1   1481                      1813   -332     1776
  SINCE JUL 1   6240                      7333  -1093     7604

 COOLING
  YESTERDAY        0                         0      0        0
  MONTH TO DATE    0                         0      0        0
  SINCE MAR 1      0                         0      0        0
  SINCE JAN 1      0                         0      0        0
..................................................................


WIND (MPH)
  RESULTANT WIND SPEED   6   RESULTANT WIND DIRECTION  NW (300)
  HIGHEST WIND SPEED    21   HIGHEST WIND DIRECTION    NW (320)
  HIGHEST GUST SPEED    27   HIGHEST GUST DIRECTION    NW (310)
  AVERAGE WIND SPEED     6.6


SKY COVER
  AVERAGE SKY COVER 0.7


WEATHER CONDITIONS
 THE FOLLOWING WEATHER WAS RECORDED YESTERDAY.
  NO SIGNIFICANT WEATHER WAS OBSERVED.


RELATIVE HUMIDITY (PERCENT)
 HIGHEST    83           300 AM
 LOWEST     36           200 PM
 AVERAGE    60

..........................................................


THE BAKER OR CLIMATE NORMALS FOR TODAY
                         NORMAL    RECORD    YEAR
 MAXIMUM TEMPERATURE (F)   68        89      2001
                                             1958
                                             1956
 MINIMUM TEMPERATURE (F)   38        30      2013
                                             1966


SUNRISE AND SUNSET
MAY 22 2018...........SUNRISE   516 AM PDT   SUNSET   821 PM PDT
MAY 23 2018...........SUNRISE   515 AM PDT   SUNSET   822 PM PDT


-  INDICATES NEGATIVE NUMBERS.
R  INDICATES RECORD WAS SET OR TIED.
MM INDICATES DATA IS MISSING.
T  INDICATES TRACE AMOUNT.




$$
