222
CDUS41 KRNK 231003
CLIBLF


CLIMATE REPORT
NATIONAL WEATHER SERVICE BLACKSBURG VA
601 AM EDT MON APR 23 2018


...................................

...THE BLUEFIELD WV CLIMATE SUMMARY FOR APRIL 22 2018...

CLIMATE NORMAL PERIOD 1981 TO 2010
CLIMATE RECORD PERIOD 1959 TO 2018


WEATHER ITEM   OBSERVED TIME   RECORD YEAR NORMAL DEPARTURE LAST
                VALUE   (LST)  VALUE       VALUE  FROM      YEAR
                                                  NORMAL
..................................................................
TEMPERATURE (F)
 YESTERDAY
  MAXIMUM         67    125 PM  83    1987  67      0       58
  MINIMUM         50    639 AM  26    1986  47      3       46
  AVERAGE         59                        57      2       52

PRECIPITATION (IN)
  YESTERDAY        0.00          0.85 2017   0.12  -0.12     0.85
  MONTH TO DATE    2.91                      2.40   0.51     2.90
  SINCE MAR 1      7.60                      5.91   1.69     6.52
  SINCE JAN 1     14.28                     11.57   2.71    12.33

SNOWFALL (IN)
  YESTERDAY        0.0                                       0.0
  MONTH TO DATE    1.5                                       0.1
  SINCE MAR 1     33.8                                       3.3
  SINCE JUL 1     48.5                                      20.5
  SNOW DEPTH       0

DEGREE DAYS
 HEATING
  YESTERDAY        6                         9     -3       13
  MONTH TO DATE  385                       259    126      184
  SINCE MAR 1   1238                       875    363      890
  SINCE JUL 1   4968                      4368    600     4022

 COOLING
  YESTERDAY        0                         1     -1        0
  MONTH TO DATE    4                        20    -16        2
  SINCE MAR 1      4                        24    -20        2
  SINCE JAN 1      6                        24    -18        2
..................................................................


WIND (MPH)
  HIGHEST WIND SPEED    20   HIGHEST WIND DIRECTION    SE (140)
  HIGHEST GUST SPEED    34   HIGHEST GUST DIRECTION    SE (150)
  AVERAGE WIND SPEED     7.4


SKY COVER
  AVERAGE SKY COVER 0.0


WEATHER CONDITIONS
 THE FOLLOWING WEATHER WAS RECORDED YESTERDAY.
  NO SIGNIFICANT WEATHER WAS OBSERVED.


RELATIVE HUMIDITY (PERCENT)
 HIGHEST    64           800 PM
 LOWEST     24           200 PM
 AVERAGE    44

..........................................................


THE BLUEFIELD WV CLIMATE NORMALS FOR TODAY
                         NORMAL    RECORD    YEAR
 MAXIMUM TEMPERATURE (F)   67        83      2001
 MINIMUM TEMPERATURE (F)   48        24      1986


SUNRISE AND SUNSET
APRIL 23 2018.........SUNRISE   640 AM EDT   SUNSET   807 PM EDT
APRIL 24 2018.........SUNRISE   638 AM EDT   SUNSET   808 PM EDT


-  INDICATES NEGATIVE NUMBERS.
R  INDICATES RECORD WAS SET OR TIED.
MM INDICATES DATA IS MISSING.
T  INDICATES TRACE AMOUNT.




$$
