000
CDUS46 KSEW 210842
CLIBLI


CLIMATE REPORT
NATIONAL WEATHER SERVICE SEATTLE WA
141 AM PDT MON MAY 21 2018


...................................

...THE BELLINGHAM WA AIRPORT CLIMATE SUMMARY FOR MAY 20 2018...

CLIMATE NORMAL PERIOD 1981 TO 2010
CLIMATE RECORD PERIOD 1949 TO 2018


WEATHER ITEM   OBSERVED TIME   RECORD YEAR NORMAL DEPARTURE LAST
                VALUE   (LST)  VALUE       VALUE  FROM      YEAR
                                                  NORMAL
..................................................................
TEMPERATURE (F)
 YESTERDAY
  MAXIMUM         63    357 PM  83    1963  63      0       70
  MINIMUM         52   1159 PM  34    1975  46      6       48
  AVERAGE         58                        55      3       59

PRECIPITATION (IN)
  YESTERDAY        0.00          0.85 1952   0.08  -0.08     0.00
  MONTH TO DATE    0.17                      1.59  -1.42     0.88
  SINCE OCT 1     33.47                     28.89   4.58    34.58
  SINCE JAN 1     15.85                     15.19   0.66    15.46

DEGREE DAYS
 HEATING
  YESTERDAY        7                        10     -3        6
  MONTH TO DATE  135                       242   -107      233
  SINCE MAR 1   1260                      1383   -123     1261

 COOLING
  YESTERDAY        0                         0      0        0
  MONTH TO DATE    1                         0      1        0
  SINCE MAR 1      1                         0      1        0
  SINCE JAN 1      1                         0      1        0
..................................................................


WIND (MPH)
  RESULTANT WIND SPEED   9   RESULTANT WIND DIRECTION   S (170)
  HIGHEST WIND SPEED    15   HIGHEST WIND DIRECTION     S (160)
  HIGHEST GUST SPEED    20   HIGHEST GUST DIRECTION     S (170)
  AVERAGE WIND SPEED     8.6


SKY COVER
  AVERAGE SKY COVER 0.6


WEATHER CONDITIONS
 THE FOLLOWING WEATHER WAS RECORDED YESTERDAY.
  NO SIGNIFICANT WEATHER WAS OBSERVED.


RELATIVE HUMIDITY (PERCENT)
 HIGHEST    83           500 AM
 LOWEST     60           100 PM
 AVERAGE    72

..........................................................


THE BELLINGHAM WA AIRPORT CLIMATE NORMALS FOR TODAY
                         NORMAL    RECORD    YEAR
 MAXIMUM TEMPERATURE (F)   63        87      1963
 MINIMUM TEMPERATURE (F)   47        35      1971


SUNRISE AND SUNSET
MAY 21 2018...........SUNRISE   521 AM PDT   SUNSET   853 PM PDT
MAY 22 2018...........SUNRISE   520 AM PDT   SUNSET   854 PM PDT


-  INDICATES NEGATIVE NUMBERS.
R  INDICATES RECORD WAS SET OR TIED.
MM INDICATES DATA IS MISSING.
T  INDICATES TRACE AMOUNT.




$$
