103
CDUS43 KIND 240534
CLIBMG


CLIMATE REPORT
NATIONAL WEATHER SERVICE INDIANAPOLIS IN
134 AM EDT TUE APR 24 2018


...................................

...THE BLOOMINGTON IN CLIMATE SUMMARY FOR APRIL 23 2018...

CLIMATE NORMAL PERIOD 1981 TO 2010
CLIMATE RECORD PERIOD 9999 TO 9999


WEATHER ITEM   OBSERVED TIME   NORMAL DEPARTURE LAST
                VALUE   (LST)  VALUE  FROM      YEAR
                                      NORMAL
......................................................
TEMPERATURE (F)
 YESTERDAY
  MAXIMUM         61   1231 AM  67     -6       72
  MINIMUM         49    821 AM  45      4       42
  AVERAGE         55            56     -1       57

PRECIPITATION (IN)
  YESTERDAY        0.89          0.17   0.72     0.00
  MONTH TO DATE    3.84          3.53   0.31     2.07
  SINCE MAR 1      9.12          7.41   1.71     6.50
  SINCE JAN 1     17.29         13.48   3.81    11.54

DEGREE DAYS
 HEATING
  YESTERDAY       10            10      0        8
  MONTH TO DATE  427           298    129      162
  SINCE MAR 1   1180           986    194      766
  SINCE JUL 1   5033          5054    -21     3953

 COOLING
  YESTERDAY        0             1     -1        0
  MONTH TO DATE    7            15     -8       28
  SINCE MAR 1      7            18    -11       31
  SINCE JAN 1     13            18     -5       31
......................................................


WIND (MPH)
  HIGHEST WIND SPEED    16   HIGHEST WIND DIRECTION     E (90)
  HIGHEST GUST SPEED    22   HIGHEST GUST DIRECTION    NE (50)
  AVERAGE WIND SPEED    10.5


SKY COVER
  AVERAGE SKY COVER 1.0


WEATHER CONDITIONS
 THE FOLLOWING WEATHER WAS RECORDED YESTERDAY.
  RAIN
  LIGHT RAIN
  FOG


RELATIVE HUMIDITY (PERCENT)
 HIGHEST    93           800 AM
 LOWEST     29          1200 AM
 AVERAGE    61

..........................................................


THE BLOOMINGTON IN CLIMATE NORMALS FOR TODAY
                         NORMAL
 MAXIMUM TEMPERATURE (F)   67
 MINIMUM TEMPERATURE (F)   45


SUNRISE AND SUNSET
APRIL 24 2018.........SUNRISE   657 AM EDT   SUNSET   833 PM EDT
APRIL 25 2018.........SUNRISE   656 AM EDT   SUNSET   834 PM EDT


-  INDICATES NEGATIVE NUMBERS.
R  INDICATES RECORD WAS SET OR TIED.
MM INDICATES DATA IS MISSING.
T  INDICATES TRACE AMOUNT.




$$
