000
CDUS45 KRIW 200734
CLIBPI


CLIMATE REPORT
NATIONAL WEATHER SERVICE RIVERTON WY
133 AM MDT SUN MAY 20 2018


...................................

...THE BIG PINEY WY CLIMATE SUMMARY FOR MAY 19 2018...

CLIMATE NORMAL PERIOD 1981 TO 2010
CLIMATE RECORD PERIOD 1976 TO 2018


WEATHER ITEM   OBSERVED TIME   RECORD YEAR NORMAL DEPARTURE LAST
                VALUE   (LST)  VALUE       VALUE  FROM      YEAR
                                                  NORMAL
..................................................................
TEMPERATURE (F)
 YESTERDAY
  MAXIMUM         58    414 PM  80    2009  63     -5       45
  MINIMUM         35    159 AM  17    2003  31      4       29
  AVERAGE         47                        47      0       37

PRECIPITATION (IN)
  YESTERDAY        T             0.34 2016   0.03  -0.03      T
  MONTH TO DATE    1.32                      0.50   0.82     0.93
  SINCE MAR 1      1.96                      1.47   0.49     3.55
  SINCE JAN 1      2.01                      2.13  -0.12     5.29

DEGREE DAYS
 HEATING
  YESTERDAY       18                        18      0       28
  MONTH TO DATE  332                       399    -67      367
  SINCE MAR 1   2289                      2407   -118     2330
  SINCE JUL 1   8786                      9930  -1144     9760

 COOLING
  YESTERDAY        0                         0      0        0
  MONTH TO DATE    0                         0      0        0
  SINCE MAR 1      0                         0      0        0
  SINCE JAN 1      0                         0      0        0
..................................................................


WIND (MPH)
  HIGHEST WIND SPEED    18   HIGHEST WIND DIRECTION     S (160)
  HIGHEST GUST SPEED    24   HIGHEST GUST DIRECTION    SE (150)
  AVERAGE WIND SPEED     7.7


SKY COVER
  POSSIBLE SUNSHINE  MM
  AVERAGE SKY COVER 0.8


WEATHER CONDITIONS
 THE FOLLOWING WEATHER WAS RECORDED YESTERDAY.
  LIGHT RAIN


RELATIVE HUMIDITY (PERCENT)
 HIGHEST   100           100 AM
 LOWEST     47           400 PM
 AVERAGE    74

..........................................................


THE BIG PINEY WY CLIMATE NORMALS FOR TODAY
                         NORMAL    RECORD    YEAR
 MAXIMUM TEMPERATURE (F)   63        78      2008
                                             2006
 MINIMUM TEMPERATURE (F)   31        18      1977


SUNRISE AND SUNSET
MAY 20 2018...........SUNRISE   554 AM MDT   SUNSET   841 PM MDT
MAY 21 2018...........SUNRISE   553 AM MDT   SUNSET   842 PM MDT


-  INDICATES NEGATIVE NUMBERS.
R  INDICATES RECORD WAS SET OR TIED.
MM INDICATES DATA IS MISSING.
T  INDICATES TRACE AMOUNT.




$$
