022
CDAK49 PAFG 210941
CLIBRW

CLIMATE REPORT
NATIONAL WEATHER SERVICE FAIRBANKS AK
141 AM AKDT SAT APR 21 2018


...................................

...THE BARROW AK CLIMATE SUMMARY FOR APRIL 20 2018...

CLIMATE NORMAL PERIOD 1981 TO 2010
CLIMATE RECORD PERIOD 1920 TO 2018


WEATHER ITEM   OBSERVED TIME   RECORD YEAR NORMAL DEPARTURE LAST
                VALUE   (LST)  VALUE       VALUE  FROM      YEAR
                                                  NORMAL
..................................................................
TEMPERATURE (F)
 YESTERDAY
  MAXIMUM          1        MM  34    1931  12    -11       13
  MINIMUM         -8    800 AM -28    1994  -2     -6      -10
  AVERAGE         -3                         5     -8        2

PRECIPITATION (IN)
  YESTERDAY        T             0.18 1926   0.01  -0.01     0.00
  MONTH TO DATE    0.02                      0.11  -0.09      T
  SINCE MAR 1      0.60                      0.20   0.40     0.30
  SINCE JAN 1      1.00                      0.47   0.53     1.17

SNOWFALL (IN)
  YESTERDAY        T             3.0  1926   0.1   -0.1      0.0
  MONTH TO DATE    T                         2.1   -2.1      0.2
  SINCE MAR 1      5.9                       4.2    1.7      2.6
  SINCE JUL 1     33.1                      33.2   -0.1     29.5
  SNOW DEPTH      11

DEGREE DAYS
 HEATING
  YESTERDAY       68                        60      8       63
  MONTH TO DATE 1165                      1332   -167     1159
  SINCE MAR 1   3192                      3739   -547     3396
  SINCE JUL 1  13795                     16596  -2801    14358

 COOLING
  YESTERDAY        0                         0      0        0
  MONTH TO DATE    0                         0      0        0
  SINCE MAR 1      0                         0      0        0
  SINCE JAN 1      0                         0      0        0
..................................................................


WIND (MPH)
  HIGHEST GUST SPEED    MM   HIGHEST GUST DIRECTION    MM


SKY COVER
  AVERAGE SKY COVER 0.0


WEATHER CONDITIONS
 THE FOLLOWING WEATHER WAS RECORDED YESTERDAY.
  NO SIGNIFICANT WEATHER WAS OBSERVED.


RELATIVE HUMIDITY (PERCENT)
 HIGHEST    87
 LOWEST     69
 AVERAGE    78

..........................................................


THE BARROW AK CLIMATE NORMALS FOR TODAY
                         NORMAL    RECORD    YEAR
 MAXIMUM TEMPERATURE (F)   12        35      1931
 MINIMUM TEMPERATURE (F)   -1       -25      1969
                                             1961


SUNRISE AND SUNSET
APRIL 21 2018.........SUNRISE   537 AM AKDT  SUNSET  1119 PM AKDT
APRIL 22 2018.........SUNRISE   532 AM AKDT  SUNSET  1125 PM AKDT

-  INDICATES NEGATIVE NUMBERS.
R  INDICATES RECORD WAS SET OR TIED.
MM INDICATES DATA IS MISSING.
T  INDICATES TRACE AMOUNT.

&&

SNOW DEPTH IS MEASURED AT 3AM AKST/4AM AKDT.

----------------------------
AVAILABLE DAYLIGHT

AMOUNT OF DAYLIGHT TODAY  (HOUR:MIN)........17:42
GAIN/LOSS SINCE YESTERDAY (HOUR:MIN:SEC)....+0:11:17

$$
SDB APR 18
