000
CDUS46 KLOX 230915
CLIBUR


CLIMATE REPORT
NATIONAL WEATHER SERVICE LOS ANGELES/OXNARD CA
215 AM PDT WED MAY 23 2018


...................................

...THE BOB HOPE AIRPORT (BURBANK) CA CLIMATE SUMMARY FOR MAY 22 2018...

CLIMATE NORMAL PERIOD 1981 TO 2010
CLIMATE RECORD PERIOD 1939 TO 2018


WEATHER ITEM   OBSERVED TIME   RECORD YEAR NORMAL DEPARTURE LAST
                VALUE   (LST)  VALUE       VALUE  FROM      YEAR
                                                  NORMAL
..................................................................
TEMPERATURE (F)
 YESTERDAY
  MAXIMUM         68    211 PM  94    1967  77     -9       88
  MINIMUM         57    731 AM  45    1945  55      2       62
  AVERAGE         63                        66     -3       75

PRECIPITATION (IN)
  YESTERDAY        0.00          0.47 2006   0.00   0.00     0.00
  MONTH TO DATE    0.07                      0.28  -0.21     0.13
  SINCE OCT 1      6.30                     16.81 -10.51    13.83
  SINCE JAN 1      6.22                     12.37  -6.15     9.57

SNOWFALL (IN)
  YESTERDAY        0.0
  MONTH TO DATE    0.0
  SINCE MAR 1      0.0
  SINCE JUL 1      0.0

DEGREE DAYS
 HEATING
  YESTERDAY        2                         1      1        0
  MONTH TO DATE   48                        48      0       55
  SINCE MAR 1    309                       404    -95      181
  SINCE JUL 1    815                      1545   -730     1174

 COOLING
  YESTERDAY        0                         2     -2       10
  MONTH TO DATE   47                        44      3       75
  SINCE MAR 1    107                        89     18      222
  SINCE JAN 1    141                        95     46      223
..................................................................


WIND (MPH)
  HIGHEST WIND SPEED    13   HIGHEST WIND DIRECTION     S (180)
  HIGHEST GUST SPEED    16   HIGHEST GUST DIRECTION     S (180)
  AVERAGE WIND SPEED     5.7


SKY COVER
  POSSIBLE SUNSHINE  MM
  AVERAGE SKY COVER 0.8


WEATHER CONDITIONS
 THE FOLLOWING WEATHER WAS RECORDED YESTERDAY.
  NO SIGNIFICANT WEATHER WAS OBSERVED.


RELATIVE HUMIDITY (PERCENT)
 HIGHEST    86           300 AM
 LOWEST     63           100 PM
 AVERAGE    75

..........................................................


THE BOB HOPE AIRPORT (BURBANK) CA CLIMATE NORMALS FOR TODAY
                         NORMAL    RECORD    YEAR
 MAXIMUM TEMPERATURE (F)   77        96      1949
 MINIMUM TEMPERATURE (F)   56        46      1960


SUNRISE AND SUNSET
MAY 23 2018...........SUNRISE   546 AM PDT   SUNSET   754 PM PDT
MAY 24 2018...........SUNRISE   546 AM PDT   SUNSET   755 PM PDT


-  INDICATES NEGATIVE NUMBERS.
R  INDICATES RECORD WAS SET OR TIED.
MM INDICATES DATA IS MISSING.
T  INDICATES TRACE AMOUNT.




$$
