000
CDUS45 KRIW 240741
CLIBYG


CLIMATE REPORT
NATIONAL WEATHER SERVICE RIVERTON WY
140 AM MDT TUE APR 24 2018


...................................

...THE BUFFALO WY CLIMATE SUMMARY FOR APRIL 23 2018...

CLIMATE NORMAL PERIOD 1981 TO 2010
CLIMATE RECORD PERIOD 1998 TO 2018


WEATHER ITEM   OBSERVED TIME   RECORD YEAR NORMAL DEPARTURE LAST
                VALUE   (LST)  VALUE       VALUE  FROM      YEAR
                                                  NORMAL
..................................................................
TEMPERATURE (F)
 YESTERDAY
  MAXIMUM         49    201 AM  82    2012  56     -7       71
  MINIMUM         32   1159 PM   8    2013  35     -3       39
  AVERAGE         41                        46     -5       55

PRECIPITATION (IN)
  YESTERDAY        0.06          0.53 2010   0.05   0.01     0.00
  MONTH TO DATE    0.47                      0.79  -0.32     1.50
  SINCE MAR 1      1.40                      1.71  -0.31     3.52
  SINCE JAN 1      1.74                      2.48  -0.74     3.95

DEGREE DAYS
 HEATING
  YESTERDAY       24                        19      5       10
  MONTH TO DATE  585                       527     58      398
  SINCE MAR 1   1511                      1477     34     1088
  SINCE JUL 1   6655                      6717    -62     5930

 COOLING
  YESTERDAY        0                         0      0        0
  MONTH TO DATE    0                         0      0        0
  SINCE MAR 1      0                         0      0        0
  SINCE JAN 1      0                         0      0        0
..................................................................


WIND (MPH)
  HIGHEST WIND SPEED    39   HIGHEST WIND DIRECTION     N (340)
  HIGHEST GUST SPEED    48   HIGHEST GUST DIRECTION     N (350)
  AVERAGE WIND SPEED    20.8


SKY COVER
  POSSIBLE SUNSHINE  MM
  AVERAGE SKY COVER 0.6


WEATHER CONDITIONS
 THE FOLLOWING WEATHER WAS RECORDED YESTERDAY.
  LIGHT RAIN
  SNOW
  LIGHT SNOW
  FOG


RELATIVE HUMIDITY (PERCENT)
 HIGHEST   100           300 PM
 LOWEST     53           900 AM
 AVERAGE    77

..........................................................


THE BUFFALO WY CLIMATE NORMALS FOR TODAY
                         NORMAL    RECORD    YEAR
 MAXIMUM TEMPERATURE (F)   57        80      2012
 MINIMUM TEMPERATURE (F)   35        23      2002


SUNRISE AND SUNSET
APRIL 24 2018.........SUNRISE   608 AM MDT   SUNSET   803 PM MDT
APRIL 25 2018.........SUNRISE   607 AM MDT   SUNSET   804 PM MDT


-  INDICATES NEGATIVE NUMBERS.
R  INDICATES RECORD WAS SET OR TIED.
MM INDICATES DATA IS MISSING.
T  INDICATES TRACE AMOUNT.




$$
