000
CDUS45 KPIH 200730
CLIBYI


CLIMATE REPORT
NATIONAL WEATHER SERVICE POCATELLO ID
130 AM MDT SUN MAY 20 2018


...................................

...THE BURLEY ID CLIMATE SUMMARY FOR MAY 19 2018...

CLIMATE NORMAL PERIOD 1981 TO 2010
CLIMATE RECORD PERIOD 1948 TO 2018


WEATHER ITEM   OBSERVED TIME   RECORD YEAR NORMAL DEPARTURE LAST
                VALUE   (LST)  VALUE       VALUE  FROM      YEAR
                                                  NORMAL
..................................................................
TEMPERATURE (F)
 YESTERDAY
  MAXIMUM         76    529 PM  97    1954  68      8       64
  MINIMUM         49    540 AM  28    2003  42      7       45
  AVERAGE         63                        55      8       55

PRECIPITATION (IN)
  YESTERDAY        0.00          0.54 1953   0.05  -0.05     0.01
  MONTH TO DATE    0.83                      0.89  -0.06     0.44
  SINCE OCT 1      6.35                      7.52  -1.17    11.56
  SINCE JAN 1      4.73                      4.69   0.04     6.77

SNOWFALL (IN)
  YESTERDAY       MM
  MONTH TO DATE   MM
  SINCE MAR 1     MM
  SINCE JUL 1     MM
  SNOW DEPTH      MM

DEGREE DAYS
 HEATING
  YESTERDAY        2                        10     -8       10
  MONTH TO DATE  144                       239    -95      225
  SINCE MAR 1   1428                      1605   -177     1369
  SINCE JUL 1   5779                      6627   -848     6175

 COOLING
  YESTERDAY        0                         0      0        0
  MONTH TO DATE    4                         0      4        0
  SINCE MAR 1      4                         0      4        0
  SINCE JAN 1      4                         0      4        0
..................................................................


WIND (MPH)
  HIGHEST WIND SPEED    13   HIGHEST WIND DIRECTION    NE (50)
  HIGHEST GUST SPEED    16   HIGHEST GUST DIRECTION    NE (50)
  AVERAGE WIND SPEED     4.0


SKY COVER
  POSSIBLE SUNSHINE  MM
  AVERAGE SKY COVER 0.0


WEATHER CONDITIONS
 THE FOLLOWING WEATHER WAS RECORDED YESTERDAY.
  NO SIGNIFICANT WEATHER WAS OBSERVED.


RELATIVE HUMIDITY (PERCENT)
 HIGHEST    80           500 AM
 LOWEST     19           500 PM
 AVERAGE    50

..........................................................


THE BURLEY ID CLIMATE NORMALS FOR TODAY
                         NORMAL    RECORD    YEAR
 MAXIMUM TEMPERATURE (F)   68        91      1958
 MINIMUM TEMPERATURE (F)   42        28      1975


SUNRISE AND SUNSET
MAY 20 2018...........SUNRISE   608 AM MDT   SUNSET   855 PM MDT
MAY 21 2018...........SUNRISE   607 AM MDT   SUNSET   856 PM MDT


-  INDICATES NEGATIVE NUMBERS.
R  INDICATES RECORD WAS SET OR TIED.
MM INDICATES DATA IS MISSING.
T  INDICATES TRACE AMOUNT.




$$
